{"id":292,"date":"2021-10-25T13:14:06","date_gmt":"2021-10-25T16:14:06","guid":{"rendered":"https:\/\/www.ufmg.br\/novembronegro\/?page_id=292"},"modified":"2025-09-18T15:57:43","modified_gmt":"2025-09-18T18:57:43","slug":"edicoes-anteriores","status":"publish","type":"page","link":"https:\/\/www.ufmg.br\/novembronegro\/edicoes-anteriores\/","title":{"rendered":"Edi\u00e7\u00f5es Anteriores"},"content":{"rendered":"\r\n<h3>Novembro Negro &#8211; Edi\u00e7\u00e3o 2024<\/h3>\r\n<p>\r\n\r\n<\/p>\r\n<p><strong>Tema:\u00a0<\/strong><em>A luta antirracista na UFMG<\/em><\/p>\r\n<p><a href=\"https:\/\/www.ufmg.br\/novembronegro\/edicoes-anteriores\/novembro-negro-edicao-2024\/\">Resumo<\/a><\/p>\r\n<p><img loading=\"lazy\" class=\"alignnone size-large wp-image-2406\" src=\"https:\/\/www.ufmg.br\/novembronegro\/wp-content\/uploads\/2025\/09\/Banner_site_2024-2-1024x211.png\" alt=\"\" width=\"1024\" height=\"211\" srcset=\"https:\/\/www.ufmg.br\/novembronegro\/wp-content\/uploads\/2025\/09\/Banner_site_2024-2-1024x211.png 1024w, https:\/\/www.ufmg.br\/novembronegro\/wp-content\/uploads\/2025\/09\/Banner_site_2024-2-300x62.png 300w, https:\/\/www.ufmg.br\/novembronegro\/wp-content\/uploads\/2025\/09\/Banner_site_2024-2-768x158.png 768w, https:\/\/www.ufmg.br\/novembronegro\/wp-content\/uploads\/2025\/09\/Banner_site_2024-2-1536x317.png 1536w, https:\/\/www.ufmg.br\/novembronegro\/wp-content\/uploads\/2025\/09\/Banner_site_2024-2.png 1920w\" sizes=\"(max-width: 1024px) 100vw, 1024px\" \/><\/p>\r\n<hr \/>\r\n<h3>Novembro Negro &#8211; Edi\u00e7\u00e3o 2023<\/h3>\r\n\r\n\r\n\r\n<p><strong>Tema: <\/strong><em>Ancestralidade e coletividade: Aquilombar para permanecer.<\/em><\/p>\r\n\r\n\r\n\r\n<p><a href=\"https:\/\/www.ufmg.br\/novembronegro\/novembro-negro-edicao-2023\/\" data-type=\"page\" data-id=\"1700\">Resumo<\/a><\/p>\r\n<p><img loading=\"lazy\" class=\"alignnone size-full wp-image-1724\" src=\"https:\/\/www.ufmg.br\/novembronegro\/wp-content\/uploads\/2024\/09\/arte-edicoes-anteriores-2023.jpg\" alt=\"\" width=\"478\" height=\"242\" srcset=\"https:\/\/www.ufmg.br\/novembronegro\/wp-content\/uploads\/2024\/09\/arte-edicoes-anteriores-2023.jpg 478w, https:\/\/www.ufmg.br\/novembronegro\/wp-content\/uploads\/2024\/09\/arte-edicoes-anteriores-2023-300x152.jpg 300w\" sizes=\"(max-width: 478px) 100vw, 478px\" \/><\/p>\r\n\r\n\r\n\r\n<figure class=\"wp-block-image\"><img alt=\"\" \/><\/figure>\r\n\r\n\r\n<hr class=\"wp-block-separator\" \/>\r\n\r\n\r\n<h3>Novembro Negro &#8211; Edi\u00e7\u00e3o 2022<\/h3>\r\n\r\n\r\n\r\n<p><strong>Tema: <\/strong><em>Permanecer para avan\u00e7ar: O que vem, j\u00e1 est\u00e1 aqui!<\/em><\/p>\r\n\r\n\r\n\r\n<figure class=\"wp-block-image size-full\"><img loading=\"lazy\" width=\"530\" height=\"267\" class=\"wp-image-1269\" src=\"https:\/\/www.ufmg.br\/novembronegro\/wp-content\/uploads\/2023\/10\/novembro-negro-2022.jpg\" alt=\"Banner Novembro Negro 2022\" srcset=\"https:\/\/www.ufmg.br\/novembronegro\/wp-content\/uploads\/2023\/10\/novembro-negro-2022.jpg 530w, https:\/\/www.ufmg.br\/novembronegro\/wp-content\/uploads\/2023\/10\/novembro-negro-2022-300x151.jpg 300w\" sizes=\"(max-width: 530px) 100vw, 530px\" \/><\/figure>\r\n\r\n\r\n<hr class=\"wp-block-separator\" \/>\r\n\r\n\r\n<h3>Novembro Negro &#8211; Edi\u00e7\u00e3o 2021<\/h3>\r\n\r\n\r\n\r\n<p><strong>Tema: <\/strong><em>Vozes e corpos que se afirmam<\/em><br \/><a href=\"https:\/\/www.ufmg.br\/novembronegro\/2020\/\" target=\"_blank\" rel=\"noreferrer noopener\" data-type=\"URL\">Site da edi\u00e7\u00e3o 2<\/a><a href=\"https:\/\/www.ufmg.br\/novembronegro\/2021\/\" target=\"_blank\" rel=\"noreferrer noopener\" data-type=\"URL\">0<\/a><a href=\"https:\/\/www.ufmg.br\/novembronegro\/o-novembro-negro\/2020\" target=\"_blank\" rel=\"noreferrer noopener\" data-type=\"URL\" data-id=\"https:\/\/www.ufmg.br\/novembronegro\/o-novembro-negro\/2020\">21<\/a><\/p>\r\n\r\n\r\n\r\n<figure class=\"wp-block-image size-full\"><img loading=\"lazy\" width=\"530\" height=\"267\" class=\"wp-image-1268\" src=\"https:\/\/www.ufmg.br\/novembronegro\/wp-content\/uploads\/2023\/10\/novembro-negro-2021.jpg\" alt=\"Banner Novembro Negro 2021 \" srcset=\"https:\/\/www.ufmg.br\/novembronegro\/wp-content\/uploads\/2023\/10\/novembro-negro-2021.jpg 530w, https:\/\/www.ufmg.br\/novembronegro\/wp-content\/uploads\/2023\/10\/novembro-negro-2021-300x151.jpg 300w\" sizes=\"(max-width: 530px) 100vw, 530px\" \/><\/figure>\r\n\r\n\r\n<hr class=\"wp-block-separator\" \/>\r\n\r\n\r\n<h3>Novembro Negro &#8211; Edi\u00e7\u00e3o 2020<\/h3>\r\n\r\n\r\n\r\n<p><strong>Tema: <\/strong><em>Orgulho de Ser<\/em><br \/><a href=\"https:\/\/www.ufmg.br\/novembronegro\/2020\/\" target=\"_blank\" rel=\"noreferrer noopener\" data-type=\"URL\">Site da edi\u00e7\u00e3o 2<\/a><a href=\"https:\/\/www.ufmg.br\/novembronegro\/2020\" target=\"_blank\" rel=\"noreferrer noopener\" data-type=\"URL\">0<\/a><a href=\"https:\/\/www.ufmg.br\/novembronegro\/o-novembro-negro\/2020\" target=\"_blank\" rel=\"noreferrer noopener\" data-type=\"URL\" data-id=\"https:\/\/www.ufmg.br\/novembronegro\/o-novembro-negro\/2020\">20<\/a><\/p>\r\n\r\n\r\n\r\n<figure class=\"wp-block-image size-full\"><img loading=\"lazy\" width=\"530\" height=\"267\" class=\"wp-image-553\" src=\"https:\/\/www.ufmg.br\/novembronegro\/wp-content\/uploads\/2021\/11\/edicao-anterior.jpg\" alt=\"Edi\u00e7\u00f5es anteriores - Novembro Negro 2021\" srcset=\"https:\/\/www.ufmg.br\/novembronegro\/wp-content\/uploads\/2021\/11\/edicao-anterior.jpg 530w, https:\/\/www.ufmg.br\/novembronegro\/wp-content\/uploads\/2021\/11\/edicao-anterior-300x151.jpg 300w\" sizes=\"(max-width: 530px) 100vw, 530px\" \/><\/figure>\r\n\r\n\r\n<hr class=\"wp-block-separator has-text-color has-background has-cyan-bluish-gray-background-color has-cyan-bluish-gray-color\" \/>\r\n\r\n\r\n<h3>Novembro Negro &#8211; Edi\u00e7\u00e3o 2019<\/h3>\r\n\r\n\r\n\r\n<p><strong>Tema: <\/strong><em>Aquilombar-se em Tempos de Luta<\/em><br \/><a href=\"https:\/\/www.ufmg.br\/novembronegro\/o-novembro-negro\/edicoes-anteriores\/fotos-da-edicao-2019\/\" data-type=\"URL\" data-id=\"https:\/\/www.ufmg.br\/novembronegro\/o-novembro-negro\/edicoes-anteriores\/fotos-da-edicao-2019\/\">Galeria de Fotos<\/a><\/p>\r\n\r\n\r\n\r\n<figure class=\"wp-block-image size-full\"><img loading=\"lazy\" width=\"530\" height=\"267\" class=\"wp-image-554\" src=\"https:\/\/www.ufmg.br\/novembronegro\/wp-content\/uploads\/2021\/11\/edicao-anterior-2019.jpg\" alt=\"Edi\u00e7\u00f5es anteriores - Novembro Negro 2019\" srcset=\"https:\/\/www.ufmg.br\/novembronegro\/wp-content\/uploads\/2021\/11\/edicao-anterior-2019.jpg 530w, https:\/\/www.ufmg.br\/novembronegro\/wp-content\/uploads\/2021\/11\/edicao-anterior-2019-300x151.jpg 300w\" sizes=\"(max-width: 530px) 100vw, 530px\" \/>\r\n<figcaption>Edi\u00e7\u00f5es anteriores &#8211; Novembro Negro 2019<\/figcaption>\r\n<\/figure>\r\n\r\n\r\n<hr class=\"wp-block-separator has-text-color has-background has-cyan-bluish-gray-background-color has-cyan-bluish-gray-color\" \/>\r\n\r\n\r\n<h3>Novembro Negro &#8211; Edi\u00e7\u00e3o 2018<\/h3>\r\n\r\n\r\n\r\n<p><strong>Tema: <\/strong><em>Reflex\u00f5es e Pr\u00e1ticas sobre ser Negro<\/em><br \/><a href=\"https:\/\/www.ufmg.br\/novembronegro\/o-novembro-negro\/edicoes-anteriores\/fotos-da-edicao-2018\/\" data-type=\"URL\" data-id=\"https:\/\/www.ufmg.br\/novembronegro\/o-novembro-negro\/edicoes-anteriores\/fotos-da-edicao-2018\/\">Galeria de Fotos<\/a><\/p>\r\n\r\n\r\n\r\n<figure class=\"wp-block-image size-full\"><img loading=\"lazy\" width=\"530\" height=\"267\" class=\"wp-image-545\" src=\"https:\/\/www.ufmg.br\/novembronegro\/wp-content\/uploads\/2021\/11\/edicao-anterior-2018.jpg\" alt=\"Edi\u00e7\u00f5es anteriores - Novembro Negro 2018\" srcset=\"https:\/\/www.ufmg.br\/novembronegro\/wp-content\/uploads\/2021\/11\/edicao-anterior-2018.jpg 530w, https:\/\/www.ufmg.br\/novembronegro\/wp-content\/uploads\/2021\/11\/edicao-anterior-2018-300x151.jpg 300w\" sizes=\"(max-width: 530px) 100vw, 530px\" \/>\r\n<figcaption>Edi\u00e7\u00f5es anteriores &#8211; Novembro Negro 2018<\/figcaption>\r\n<\/figure>\r\n\r\n\r\n<hr class=\"wp-block-separator has-text-color has-background has-cyan-bluish-gray-background-color has-cyan-bluish-gray-color\" \/>\r\n\r\n\r\n<p>&nbsp;<\/p>\r\n","protected":false},"excerpt":{"rendered":"<p>Novembro Negro &#8211; Edi\u00e7\u00e3o 2024 Tema:\u00a0A luta antirracista na UFMG [&hellip;]<\/p>\n","protected":false},"author":1,"featured_media":0,"parent":0,"menu_order":4,"comment_status":"closed","ping_status":"closed","template":"","meta":[],"_links":{"self":[{"href":"https:\/\/www.ufmg.br\/novembronegro\/wp-json\/wp\/v2\/pages\/292"}],"collection":[{"href":"https:\/\/www.ufmg.br\/novembronegro\/wp-json\/wp\/v2\/pages"}],"about":[{"href":"https:\/\/www.ufmg.br\/novembronegro\/wp-json\/wp\/v2\/types\/page"}],"author":[{"embeddable":true,"href":"https:\/\/www.ufmg.br\/novembronegro\/wp-json\/wp\/v2\/users\/1"}],"replies":[{"embeddable":true,"href":"https:\/\/www.ufmg.br\/novembronegro\/wp-json\/wp\/v2\/comments?post=292"}],"version-history":[{"count":28,"href":"https:\/\/www.ufmg.br\/novembronegro\/wp-json\/wp\/v2\/pages\/292\/revisions"}],"predecessor-version":[{"id":2420,"href":"https:\/\/www.ufmg.br\/novembronegro\/wp-json\/wp\/v2\/pages\/292\/revisions\/2420"}],"wp:attachment":[{"href":"https:\/\/www.ufmg.br\/novembronegro\/wp-json\/wp\/v2\/media?parent=292"}],"curies":[{"name":"wp","href":"https:\/\/api.w.org\/{rel}","templated":true}]}}