{"id":306,"date":"2021-11-05T13:23:58","date_gmt":"2021-11-05T16:23:58","guid":{"rendered":"https:\/\/www.ufmg.br\/novembronegro\/?page_id=306"},"modified":"2021-11-05T13:23:58","modified_gmt":"2021-11-05T16:23:58","slug":"edicao-2021","status":"publish","type":"page","link":"https:\/\/www.ufmg.br\/novembronegro\/edicao-2021\/","title":{"rendered":"Edi\u00e7\u00e3o 2021"},"content":{"rendered":"\n<p>O <strong>Novembro Negro UFMG 2021 <\/strong>chega colocando o \u201ccorpo no mundo\u201d.\u00a0<\/p>\n\n\n\n<p>Em um momento de articula\u00e7\u00f5es pol\u00edticas pela reafirma\u00e7\u00e3o, consolida\u00e7\u00e3o, e amplia\u00e7\u00e3o de pol\u00edticas de A\u00e7\u00f5es Afirmativas, a valoriza\u00e7\u00e3o de epistemologias negras se torna essencial&nbsp; nas universidades e demais espa\u00e7os da vida social.<\/p>\n\n\n\n<p>Neste ano, rememoramos os 20 anos da III Confer\u00eancia Mundial contra o racismo, promovida pela Organiza\u00e7\u00e3o das Na\u00e7\u00f5es Unidas (ONU) em Durban &#8211; \u00c1frica do Sul, quando pa\u00edses de todos os continentes reconheceram internacionalmente a exist\u00eancia e o impacto do racismo nas sociedades. Como resultado direto dessa participa\u00e7\u00e3o internacional, surge o compromisso de adotar medidas para repara\u00e7\u00e3o e supera\u00e7\u00e3o do racismo, sendo as pol\u00edticas de a\u00e7\u00f5es afirmativas de cunho racial fruto direto dessa nova perspectiva de mundo a ser constru\u00eddo. &nbsp;<\/p>\n\n\n\n<p>Nesse aspecto, outro importante marco foi a promulga\u00e7\u00e3o, em 2012, da Lei 12.711, conhecida como lei de cotas. Uma pol\u00edtica p\u00fablica de a\u00e7\u00e3o afirmativa que tem promovido a progressiva democratiza\u00e7\u00e3o do acesso ao ensino superior e garante a inclus\u00e3o de pessoas negras, ind\u00edgenas e com defici\u00eancia entre o corpo discente. Essa importante pol\u00edtica tem previs\u00e3o de ser reavaliada em 2022, quando se completam dez anos da publica\u00e7\u00e3o da Lei.&nbsp;<\/p>\n\n\n\n<p>As atividades do <strong>Novembro Negro UFMG 2021 <\/strong>s\u00e3o oportunidades para construirmos reflex\u00f5es sobre a import\u00e2ncia das A\u00e7\u00f5es Afirmativas: consolidar as pol\u00edticas j\u00e1 existentes e ampliar para outros grupos destinat\u00e1rios. Afinal, diferentes saberes e pr\u00e1ticas determinam diferentes formas de ser e produzir de conhecimento.<\/p>\n","protected":false},"excerpt":{"rendered":"<p>O Novembro Negro UFMG 2021 chega colocando o \u201ccorpo no [&hellip;]<\/p>\n","protected":false},"author":1,"featured_media":0,"parent":0,"menu_order":0,"comment_status":"closed","ping_status":"closed","template":"","meta":[],"_links":{"self":[{"href":"https:\/\/www.ufmg.br\/novembronegro\/wp-json\/wp\/v2\/pages\/306"}],"collection":[{"href":"https:\/\/www.ufmg.br\/novembronegro\/wp-json\/wp\/v2\/pages"}],"about":[{"href":"https:\/\/www.ufmg.br\/novembronegro\/wp-json\/wp\/v2\/types\/page"}],"author":[{"embeddable":true,"href":"https:\/\/www.ufmg.br\/novembronegro\/wp-json\/wp\/v2\/users\/1"}],"replies":[{"embeddable":true,"href":"https:\/\/www.ufmg.br\/novembronegro\/wp-json\/wp\/v2\/comments?post=306"}],"version-history":[{"count":1,"href":"https:\/\/www.ufmg.br\/novembronegro\/wp-json\/wp\/v2\/pages\/306\/revisions"}],"predecessor-version":[{"id":307,"href":"https:\/\/www.ufmg.br\/novembronegro\/wp-json\/wp\/v2\/pages\/306\/revisions\/307"}],"wp:attachment":[{"href":"https:\/\/www.ufmg.br\/novembronegro\/wp-json\/wp\/v2\/media?parent=306"}],"curies":[{"name":"wp","href":"https:\/\/api.w.org\/{rel}","templated":true}]}}