{"id":164,"date":"2023-04-10T11:26:05","date_gmt":"2023-04-10T14:26:05","guid":{"rendered":"https:\/\/www.ufmg.br\/pdi\/2024-2029\/?page_id=164"},"modified":"2023-09-13T13:46:48","modified_gmt":"2023-09-13T16:46:48","slug":"comissao","status":"publish","type":"page","link":"https:\/\/www.ufmg.br\/pdi\/2024-2029\/comissao\/","title":{"rendered":"Comiss\u00e3o"},"content":{"rendered":"<p>Conhe\u00e7a os integrantes da Comiss\u00e3o respons\u00e1vel por sistematizar o processo de elabora\u00e7\u00e3o do Plano de Desenvolvimento Institucional da UFMG 2024-2029, conforme a <a href=\"https:\/\/ufmg.br\/storage\/e\/a\/c\/7\/eac79204be89c903cad332348caa7e44_16946111871697_930392856.pdf\" target=\"_blank\" rel=\"noopener\">Portaria n\u00ba 8214<\/a>.<\/p>\n<p>&nbsp;<\/p>\n<p>I &#8211; BENIGNA MARIA DE OLIVEIRA (Presidente), Professora Titular, Inscri\u00e7\u00e3o UFMG no 130273, lotada na Faculdade de Medicina, atualmente no exerc\u00edcio do cargo de Assessora Especial da Reitora;<\/p>\n<p>II &#8211; VIVIANE SANTOS BIRCHAL, Professora Associada, Inscri\u00e7\u00e3o UFMG no 22166x, lotada na Escola de Engenharia, atualmente no exerc\u00edcio do cargo de Diretora de Avalia\u00e7\u00e3o Institucional;<\/p>\n<p>III &#8211; MICHELINE SANCHES DE SOUZA, Pedagoga, Inscri\u00e7\u00e3o UFMG no 215430, lotada na Diretoria de Avalia\u00e7\u00e3o Institucional (DAI), atualmente no exerc\u00edcio do cargo de Diretora Adjunta de Avalia\u00e7\u00e3o Institucional;<\/p>\n<p>IV &#8211; DANIELE CL\u00c1UDIA MATTA FAGUNDES Z\u00c1RATE, Auxiliar em Administra\u00e7\u00e3o, Inscri\u00e7\u00e3o UFMG no 112488, lotada na Coordenadoria de Sistema Acad\u00eamico, Membro da Comiss\u00e3o Pr\u00f3pria de Avalia\u00e7\u00e3o (CPA);<\/p>\n<p>V &#8211; CRISTIANO DOS SANTOS RODRIGUES, Professor Adjunto, Inscri\u00e7\u00e3o UFMG no 305979, lotado na Faculdade de Filosofia e Ci\u00eancias Humanas, Representante da C\u00e2mara de Gradua\u00e7\u00e3o do Conselho de Ensino, Pesquisa e Extens\u00e3o (CEPE);<\/p>\n<p>VI &#8211; LEIDIVAN DE ALMEIDA FRAZ\u00c3O, Professora Associada, Inscri\u00e7\u00e3o UFMG no 252301, lotada no Instituto de Ci\u00eancias Agr\u00e1rias, Representante da C\u00e2mara de P\u00f3s-Gradua\u00e7\u00e3o do CEPE;<\/p>\n<p>VII &#8211; RAQUEL CONCEI\u00c7\u00c3O FERREIRA, Professora Associada, Inscri\u00e7\u00e3o UFMG no 242330, lotada na Faculdade de Odontologia, Representante da C\u00e2mara de Pesquisa do CEPE;<\/p>\n<p>VIII &#8211; MAR\u00cdLIA DE ABREU MARTINS DE PAIVA, Professora Adjunta, Inscri\u00e7\u00e3o UFMG no 213683, lotada na Escola de Ci\u00eancia da Informa\u00e7\u00e3o, Representante da C\u00e2mara de Extens\u00e3o do CEPE;<\/p>\n<p>IX &#8211; HUGO EDUARDO ARAUJO DA GAMA CERQUEIRA, Professor Associado, Inscri\u00e7\u00e3o UFMG no 189707, lotado na Faculdade de Ci\u00eancias Econ\u00f4micas;<\/p>\n<p>X &#8211; CARLOS MAGNO CAMARGOS MENDON\u00c7A, Professor Associado, Inscri\u00e7\u00e3o UFMG no 159867, lotado na Faculdade de Filosofia e Ci\u00eancias Humanas, atualmente no exerc\u00edcio do cargo de Assessor Especial da Reitora;<\/p>\n<p>XI &#8211; ANA MARIA DA SILVA SOUZA, matr\u00edcula n\u00ba 2021038518, curso de Qu\u00edmica;<\/p>\n<p>XII &#8211; SARA SOARES DE BARCELOS, matr\u00edcula n\u00ba 2020425089, curso de Rela\u00e7\u00f5es Econ\u00f4micas Internacionais.<\/p>\n","protected":false},"excerpt":{"rendered":"<p>Conhe\u00e7a os integrantes da Comiss\u00e3o respons\u00e1vel por sistematizar o processo [&hellip;]<\/p>\n","protected":false},"author":1,"featured_media":0,"parent":0,"menu_order":0,"comment_status":"closed","ping_status":"closed","template":"","meta":[],"acf":[],"_links":{"self":[{"href":"https:\/\/www.ufmg.br\/pdi\/2024-2029\/wp-json\/wp\/v2\/pages\/164"}],"collection":[{"href":"https:\/\/www.ufmg.br\/pdi\/2024-2029\/wp-json\/wp\/v2\/pages"}],"about":[{"href":"https:\/\/www.ufmg.br\/pdi\/2024-2029\/wp-json\/wp\/v2\/types\/page"}],"author":[{"embeddable":true,"href":"https:\/\/www.ufmg.br\/pdi\/2024-2029\/wp-json\/wp\/v2\/users\/1"}],"replies":[{"embeddable":true,"href":"https:\/\/www.ufmg.br\/pdi\/2024-2029\/wp-json\/wp\/v2\/comments?post=164"}],"version-history":[{"count":13,"href":"https:\/\/www.ufmg.br\/pdi\/2024-2029\/wp-json\/wp\/v2\/pages\/164\/revisions"}],"predecessor-version":[{"id":346,"href":"https:\/\/www.ufmg.br\/pdi\/2024-2029\/wp-json\/wp\/v2\/pages\/164\/revisions\/346"}],"wp:attachment":[{"href":"https:\/\/www.ufmg.br\/pdi\/2024-2029\/wp-json\/wp\/v2\/media?parent=164"}],"curies":[{"name":"wp","href":"https:\/\/api.w.org\/{rel}","templated":true}]}}