{"id":62,"date":"2020-06-10T13:29:15","date_gmt":"2020-06-10T16:29:15","guid":{"rendered":"https:\/\/www.ufmg.br\/pdi\/2024-2029\/\/?page_id=62"},"modified":"2023-08-17T11:41:23","modified_gmt":"2023-08-17T14:41:23","slug":"comoparticipar","status":"publish","type":"page","link":"https:\/\/www.ufmg.br\/pdi\/2024-2029\/comoparticipar\/","title":{"rendered":"Como participar"},"content":{"rendered":"<p>Est\u00e3o previstas tr\u00eas formas de participa\u00e7\u00e3o dos membros da Comunidade Universit\u00e1ria no processo de elabora\u00e7\u00e3o do PDI 2024-2029:<\/p>\n<p><strong>1. Contribui\u00e7\u00f5es individuais<\/strong><\/p>\n<p>Cada membro da comunidade \u00e9 convidado a fazer a leitura dos documentos preliminares, podendo enviar sua opini\u00e3o, cr\u00edtica ou sugest\u00e3o para <strong>pdi2024-2029@ufmg.br<\/strong>.<\/p>\n<p>Estimula-se fortemente que, al\u00e9m de contribui\u00e7\u00f5es de car\u00e1ter estritamente individual, tamb\u00e9m sejam feitas discuss\u00f5es coletivas pelos grupos dos mais diversos recortes que comp\u00f5em nossa comunidade, assim viabilizando que toda a diversidade de sujeitos, de culturas, de pontos de vista e de opini\u00f5es presentes na UFMG se fa\u00e7a representar no texto do PDI.<\/p>\n<p><strong>2. Discuss\u00e3o nas Unidades Acad\u00eamicas<\/strong><\/p>\n<p>Cada Unidade dever\u00e1 encaminhar uma discuss\u00e3o interna sobre o PDI da UFMG, de forma a contribuir com a presen\u00e7a de sua perspectiva na formula\u00e7\u00e3o do documento final. \u00c9 recomend\u00e1vel que a estrutura formal pela qual se organiza a UFMG, incluindo cursos, departamentos, Congrega\u00e7\u00f5es, seja mobilizada na discuss\u00e3o. Espera-se assim garantir que o PDI venha a contemplar toda a diversidade de \u00e1reas abrigadas na UFMG.<\/p>\n<p><strong>3. Audi\u00eancias P\u00fablicas<\/strong><\/p>\n<p>Nessas audi\u00eancias, a Comiss\u00e3o de Sistematiza\u00e7\u00e3o do PDI, indicada pelo CEPE, ir\u00e1 debater com a comunidade as bases conceituais subjacentes ao texto e acolher as sugest\u00f5es da comunidade. Espera-se, nessas audi\u00eancias, a coleta de subs\u00eddios inclusive para a sele\u00e7\u00e3o de um conjunto coerente de a\u00e7\u00f5es a serem indicadas como priorit\u00e1rias para os pr\u00f3ximos cinco anos.<\/p>\n<p>Ap\u00f3s o recebimento de contribui\u00e7\u00f5es por esses tr\u00eas canais, a Comiss\u00e3o de Sistematiza\u00e7\u00e3o ir\u00e1 preparar o texto final do PDI, a ser encaminhado para discuss\u00e3o no CEPE e no Conselho Universit\u00e1rio.<\/p>\n<p>Confira a <a href=\"https:\/\/www.ufmg.br\/pdi\/2024-2029\/audiencias-publicas\/\" target=\"_blank\" rel=\"noopener\">programa\u00e7\u00e3o<\/a>.<\/p>\n","protected":false},"excerpt":{"rendered":"<p>Est\u00e3o previstas tr\u00eas formas de participa\u00e7\u00e3o dos membros da Comunidade [&hellip;]<\/p>\n","protected":false},"author":1,"featured_media":0,"parent":0,"menu_order":0,"comment_status":"closed","ping_status":"closed","template":"","meta":[],"acf":[],"_links":{"self":[{"href":"https:\/\/www.ufmg.br\/pdi\/2024-2029\/wp-json\/wp\/v2\/pages\/62"}],"collection":[{"href":"https:\/\/www.ufmg.br\/pdi\/2024-2029\/wp-json\/wp\/v2\/pages"}],"about":[{"href":"https:\/\/www.ufmg.br\/pdi\/2024-2029\/wp-json\/wp\/v2\/types\/page"}],"author":[{"embeddable":true,"href":"https:\/\/www.ufmg.br\/pdi\/2024-2029\/wp-json\/wp\/v2\/users\/1"}],"replies":[{"embeddable":true,"href":"https:\/\/www.ufmg.br\/pdi\/2024-2029\/wp-json\/wp\/v2\/comments?post=62"}],"version-history":[{"count":8,"href":"https:\/\/www.ufmg.br\/pdi\/2024-2029\/wp-json\/wp\/v2\/pages\/62\/revisions"}],"predecessor-version":[{"id":332,"href":"https:\/\/www.ufmg.br\/pdi\/2024-2029\/wp-json\/wp\/v2\/pages\/62\/revisions\/332"}],"wp:attachment":[{"href":"https:\/\/www.ufmg.br\/pdi\/2024-2029\/wp-json\/wp\/v2\/media?parent=62"}],"curies":[{"name":"wp","href":"https:\/\/api.w.org\/{rel}","templated":true}]}}