{"id":2038,"date":"2017-05-16T15:36:56","date_gmt":"2017-05-16T18:36:56","guid":{"rendered":"https:\/\/www.ufmg.br\/periodicos\/?page_id=2038"},"modified":"2025-05-30T09:56:28","modified_gmt":"2025-05-30T12:56:28","slug":"diretrizes","status":"publish","type":"page","link":"https:\/\/www.ufmg.br\/periodicos\/documentos\/","title":{"rendered":"Documentos"},"content":{"rendered":"<p><strong>Resolu\u00e7\u00f5es<\/strong><\/p>\n<p><a href=\"https:\/\/drive.google.com\/file\/d\/1RJr7PUvF1P3Mh2L3s8x1_LPpsIKyrfbJ\/view?usp=sharing\">Resolu\u00e7\u00e3o 08\/2019, de 19 de setembro 2019 <\/a>&#8211; Estabelece a Pol\u00edtica de Peri\u00f3dicos Cient\u00edficos da Universidade Federal de Minas Gerais (UFMG).<\/p>\n<p><a href=\"https:\/\/drive.google.com\/file\/d\/1oBTA6bJNnpt-7KNeLABf1iBhG1B3DZ-v\/view?usp=sharing\">Resolu\u00e7\u00e3o 09\/2019, de 19 de setembro 2019\u00a0<\/a>&#8211; Institui o Comit\u00ea Gestor do Portal de Peri\u00f3dicos (COGEPPE) da Universidade Federal de Minas Gerais (UFMG) e estabelece sua estrutura.<\/p>\n<p>&nbsp;<\/p>\n<p><strong>Regimento<\/strong><\/p>\n<p><a href=\"https:\/\/drive.google.com\/drive\/u\/0\/folders\/1ajFBqz1JiKZK4lIgiARlLfR4aJ8DqqW2\">Regimento do Portal de Peri\u00f3dicos da Universidade Federal de Minas Gerais<\/a><\/p>\n<p>&nbsp;<\/p>\n<p><strong>Editais<\/strong><\/p>\n<p><a href=\"https:\/\/www.ufmg.br\/prpq\/wp-content\/uploads\/2024\/01\/Chamada-02-Periodicos-DOI.docx.pdf\">Chamada PRPq &#8211;\u00a002\/2024<\/a> &#8211; Programa Institucional de Atribui\u00e7\u00e3o de DOI a Peri\u00f3dicos Cient\u00edficos da UFMG<\/p>\n<p><a href=\"https:\/\/www.ufmg.br\/prpq\/wp-content\/uploads\/2023\/02\/3.5-Chamada-03-2023-Periodicos-DOI.docx.pdf\">Chamada PRPq &#8211; 03\/2023<\/a> &#8211; Programa Institucional de Atribui\u00e7\u00e3o de DOI\u00a0a Peri\u00f3dicos Cient\u00edficos da UFMG<\/p>\n<p><a href=\"https:\/\/www.ufmg.br\/prpq\/wp-content\/uploads\/2021\/12\/Edital-11_2021-Atribuicao_DOI.pdf\">Edital PRPq &#8211; 11\/2021<\/a> &#8211; Programa Institucional de Apoio aos Peri\u00f3dicos Cient\u00edficos da UFMG<\/p>\n<p><a href=\"https:\/\/www.ufmg.br\/prpq\/wp-content\/uploads\/2020\/12\/Edital-06_2020.pdf\">Edital PRPq &#8211; 06\/2020<\/a> &#8211; Programa Institucional de Apoio aos Peri\u00f3dicos Cient\u00edficos da UFMG<\/p>\n<p><a href=\"https:\/\/www.ufmg.br\/prpq\/wp-content\/uploads\/2019\/12\/edital_08_2019.pdf\">Edital PRPq &#8211; 08\/2019<\/a> &#8211; Programa Institucional de Apoio aos Peri\u00f3dicos Cient\u00edficos da UFMG<\/p>\n<p>&nbsp;<\/p>\n<p><strong>Portarias<\/strong><\/p>\n<p><a href=\"https:\/\/drive.google.com\/file\/d\/1mKDvULePu1o020F2zknDgpwN0LHV8Kq_\/view?usp=sharing\">Portaria n.3748, de 24 de Abril de 2024<\/a>\u00a0 &#8211; Designa o coordenador e subcoordenador do COGEPPE por 2 anos.<\/p>\n<p><a href=\"https:\/\/www.ufmg.br\/periodicos\/wp-content\/files\/2020\/03\/Nomea-COGEPPE-Coord-SEI_UFMG-0080569-Portaria-N\u00ba-1740-Nomea-coordenadores.pdf\">Portaria n\u00b0 1740, de 16 de mar\u00e7o de 2020 <\/a>\u00a0&#8211; Institui a coordena\u00e7\u00e3o do COGEPPE (Comit\u00ea Gestor do Portal de Peri\u00f3dicos)<\/p>\n<p><a href=\"https:\/\/www.ufmg.br\/periodicos\/wp-content\/files\/2020\/03\/PORT1405_Nomea-COGEPPE.pdf\">Portaria n<\/a><a href=\"https:\/\/www.ufmg.br\/periodicos\/wp-content\/files\/2015\/10\/PORTARIA-119.pdf\" target=\"_blank\" rel=\"noopener\">\u00b0<\/a><a href=\"https:\/\/www.ufmg.br\/periodicos\/wp-content\/files\/2020\/03\/PORT1405_Nomea-COGEPPE.pdf\"> 1405, de 04 de mar\u00e7o de 2020\u00a0<\/a>&#8211; Nomeia os integrantes do Comit\u00ea Gestor do Portal de Peri\u00f3dicos (COGEPPE)<\/p>\n<p><a href=\"https:\/\/www.ufmg.br\/periodicos\/wp-content\/files\/2015\/10\/PORTARIA-119.pdf\" target=\"_blank\" rel=\"noopener\">Portaria n\u00b0 119, de 28 de novembro de 2016<\/a> &#8211; Designa os membros do Comit\u00ea Gestor do Portal de Peri\u00f3dicos<\/p>\n<p><a href=\"https:\/\/www.ufmg.br\/periodicos\/wp-content\/files\/2024\/01\/Portaria-67_ComissaoPeriodicos_2015-08-24.pdf\" target=\"_blank\" rel=\"noopener\">Portaria n\u00ba 67 (PRPq), de 24 de agosto de 2015<\/a>\u00a0&#8211;\u00a0Designa servidores para compor a Comiss\u00e3o respons\u00e1vel pela elabora\u00e7\u00e3o e implementa\u00e7\u00e3o da pol\u00edtica de peri\u00f3dicos da UFMG<\/p>\n<p>&nbsp;<\/p>\n<p><strong>ATAS DO COGEPPE<\/strong><\/p>\n<p><a href=\"https:\/\/drive.google.com\/file\/d\/1O7Ntw-dpqak__HhaygC3iY4DMCBs0Ymm\/view?usp=sharing\">Ata COGEPPE &#8211; 14\/04\/2025<\/a><\/p>\n<p><a href=\"https:\/\/drive.google.com\/file\/d\/1g8ERS3cP_tHNlnL5kc5RE6SgemvhSiXg\/view?usp=sharing\">Ata COGEPPE &#8211; 17\/09\/2024<\/a><\/p>\n<p><a href=\"https:\/\/drive.google.com\/file\/d\/1IzLZaTlbvgzrDPAw1-DsyQTexpcZ8GDj\/view?usp=drive_link\">Ata COGEPPE &#8211; 31\/05\/2024<\/a><\/p>\n<p>&nbsp;<\/p>\n<p><strong>Documentos Portal de Peri\u00f3dicos da UFMG<\/strong><\/p>\n<p><a href=\"https:\/\/drive.google.com\/file\/d\/1qSngvNRDYvJejfrsUhb5O9ZwcEWk_Y9c\/view\">Crit\u00e9rios de Relev\u00e2ncia para Entrada e Perman\u00eancia de peri\u00f3dicos no Portal de Peri\u00f3dicos UFMG &#8211; 2021<\/a><\/p>\n<p><a href=\"https:\/\/drive.google.com\/file\/d\/1XRznFCXzuPbTMM9DaQ_EjxX9ZTKTEVO-\/view?usp=sharing\">Crit\u00e9rios de Entrada e Perman\u00eancia no Portal de Peri\u00f3dicos UFMG &#8211; 2017<\/a><\/p>\n<p><a href=\"https:\/\/drive.google.com\/file\/d\/0B7wgAR6hpge0dHA2S1VsVW5nNVE\/view?usp=sharing\">Crit\u00e9rios de Entrada e Perman\u00eancia no Portal de Peri\u00f3dicos UFMG &#8211; 2015<\/a><\/p>\n<p><a href=\"https:\/\/drive.google.com\/open?id=1l1jcRLWAL4TWyZMhOtVRoSThkKQyWWSk\">Relat\u00f3rio Bienal 2016-2017<\/a><\/p>\n<p><a href=\"https:\/\/drive.google.com\/open?id=0B7wgAR6hpge0b3BsZV93UHNxWUk\">Relat\u00f3rio Bienal 2014-2015<\/a><\/p>\n<p><a href=\"https:\/\/drive.google.com\/file\/d\/162HnexO3KQoG6VPonMERwaKdcHVzIBNH\/view?usp=drive_link\" target=\"_blank\" rel=\"noopener\">Orienta\u00e7\u00f5es e recomenda\u00e7\u00f5es para o correto preenchimento dos metadados no OJS<\/a><\/p>\n<p><a href=\"https:\/\/www.ufmg.br\/periodicos\/wp-content\/files\/2015\/08\/Diret\u00f3rio-peri\u00f3dicos-UFMG-2.pdf\">Diret\u00f3rio de Peri\u00f3dicos UFMG<\/a><\/p>\n<p>&nbsp;<\/p>\n<p>&nbsp;<\/p>\n<p>&nbsp;<\/p>\n<p><\/p>","protected":false},"excerpt":{"rendered":"<p>Resolu\u00e7\u00f5es Resolu\u00e7\u00e3o 08\/2019, de 19 de setembro 2019 &#8211; Estabelece a Pol\u00edtica de Peri\u00f3dicos Cient\u00edficos da Universidade Federal de Minas Gerais (UFMG). Resolu\u00e7\u00e3o 09\/2019, de 19 de setembro 2019\u00a0&#8211; Institui o Comit\u00ea Gestor do Portal de Peri\u00f3dicos (COGEPPE) da Universidade Federal de Minas Gerais (UFMG) e estabelece sua estrutura. &nbsp; Regimento Regimento do Portal de [&hellip;]<\/p>\n","protected":false},"author":13,"featured_media":0,"parent":0,"menu_order":0,"comment_status":"closed","ping_status":"closed","template":"","meta":{"footnotes":""},"class_list":["post-2038","page","type-page","status-publish","hentry"],"_links":{"self":[{"href":"https:\/\/www.ufmg.br\/periodicos\/wp-json\/wp\/v2\/pages\/2038","targetHints":{"allow":["GET"]}}],"collection":[{"href":"https:\/\/www.ufmg.br\/periodicos\/wp-json\/wp\/v2\/pages"}],"about":[{"href":"https:\/\/www.ufmg.br\/periodicos\/wp-json\/wp\/v2\/types\/page"}],"author":[{"embeddable":true,"href":"https:\/\/www.ufmg.br\/periodicos\/wp-json\/wp\/v2\/users\/13"}],"replies":[{"embeddable":true,"href":"https:\/\/www.ufmg.br\/periodicos\/wp-json\/wp\/v2\/comments?post=2038"}],"version-history":[{"count":101,"href":"https:\/\/www.ufmg.br\/periodicos\/wp-json\/wp\/v2\/pages\/2038\/revisions"}],"predecessor-version":[{"id":4578,"href":"https:\/\/www.ufmg.br\/periodicos\/wp-json\/wp\/v2\/pages\/2038\/revisions\/4578"}],"wp:attachment":[{"href":"https:\/\/www.ufmg.br\/periodicos\/wp-json\/wp\/v2\/media?parent=2038"}],"curies":[{"name":"wp","href":"https:\/\/api.w.org\/{rel}","templated":true}]}}