{"id":618,"date":"2016-12-19T12:32:52","date_gmt":"2016-12-19T14:32:52","guid":{"rendered":"https:\/\/www.ufmg.br\/pos\/ecologia\/?page_id=618"},"modified":"2025-06-11T08:52:23","modified_gmt":"2025-06-11T11:52:23","slug":"sobre-2","status":"publish","type":"page","link":"https:\/\/www.ufmg.br\/pos\/ecologia\/es\/sobre-2\/","title":{"rendered":"Sobre"},"content":{"rendered":"<div id=\"pl-618\"  class=\"panel-layout\" ><div id=\"pg-618-0\"  class=\"panel-grid panel-has-style\" ><div style=\"padding: 0px 0; \" data-overlay=\"true\" data-overlay-color=\"#000000\" class=\"panel-row-style panel-row-style-for-618-0\" ><div id=\"pgc-618-0-0\"  class=\"panel-grid-cell\" ><div id=\"panel-618-0-0-0\" class=\"so-panel widget widget_sow-editor panel-first-child panel-last-child\" data-index=\"0\" ><div style=\"text-align: left;\" data-title-color=\"#443f3f\" data-headings-color=\"#443f3f\" class=\"panel-widget-style panel-widget-style-for-618-0-0-0\" ><div\n\t\t\t\n\t\t\tclass=\"so-widget-sow-editor so-widget-sow-editor-base\"\n\t\t\t\n\t\t>\n<div class=\"siteorigin-widget-tinymce textwidget\">\n\t<h1>\u00a0<img fetchpriority=\"high\" fetchpriority=\"high\" decoding=\"async\" class=\"aligncenter wp-image-1508 size-medium\" src=\"https:\/\/www.ufmg.br\/pos\/ecologia\/wp-content\/uploads\/2021\/04\/ecmvs-300x274.png\" alt=\"\" width=\"300\" height=\"274\" srcset=\"https:\/\/www.ufmg.br\/pos\/ecologia\/wp-content\/uploads\/2021\/04\/ecmvs-300x274.png 300w, https:\/\/www.ufmg.br\/pos\/ecologia\/wp-content\/uploads\/2021\/04\/ecmvs-768x702.png 768w, https:\/\/www.ufmg.br\/pos\/ecologia\/wp-content\/uploads\/2021\/04\/ecmvs-1024x937.png 1024w, https:\/\/www.ufmg.br\/pos\/ecologia\/wp-content\/uploads\/2021\/04\/ecmvs-830x759.png 830w, https:\/\/www.ufmg.br\/pos\/ecologia\/wp-content\/uploads\/2021\/04\/ecmvs-230x210.png 230w, https:\/\/www.ufmg.br\/pos\/ecologia\/wp-content\/uploads\/2021\/04\/ecmvs-350x320.png 350w, https:\/\/www.ufmg.br\/pos\/ecologia\/wp-content\/uploads\/2021\/04\/ecmvs-480x439.png 480w, https:\/\/www.ufmg.br\/pos\/ecologia\/wp-content\/uploads\/2021\/04\/ecmvs.png 1641w\" sizes=\"(max-width: 300px) 100vw, 300px\" \/><\/h1>\n<h1><b>Informes generales<\/b><\/h1>\n<p>El Programa de Posgrado en Ecolog\u00eda, Conservaci\u00f3n y Manejo de Vida Silvestre de la Universidad Federal de Minas Gerais (ECMVS) se cre\u00f3 en 1989 como un programa interdepartamental bajo la responsabilidad de los departamentos de Biolog\u00eda General, Bot\u00e1nica y Zoolog\u00eda del Instituto de Ciencias Biol\u00f3gicas de la Universidad Federal de Minas Gerais (ICB\/UFMG), donde est\u00e1 ubicado. El ECMVS mantiene cooperaci\u00f3n con los dem\u00e1s departamentos del ICB y con el Instituto de Geociencias, adem\u00e1s de mantener convenios firmados con diversas instituciones nacionales e internacionales. Al programa lo dirige un colegiado que re\u00fane representantes de los tres departamentos responsables y representantes de los alumnos. Lo preside un coordinador y un subcoordinador. Funciona bajo un r\u00e9gimen similar al parlamentarismo.<\/p>\n<h1><\/h1>\n<h1><b>Alcance<\/b><\/h1>\n<p>El ECMVS tiene como visi\u00f3n ser un programa de posgrado transdisciplinario, en el cual docentes y alumnos trabajan orientados hacia problemas en Ecolog\u00eda y Conservaci\u00f3n. Nuestros alumnos tienen la oportunidad de llevar asignaturas y desarrollar proyectos enfocados en resolver problemas acad\u00e9micos y cuestiones pr\u00e1cticas de la sociedad, lo que lleva a que una gran mayor\u00eda de los egresados ocupen puestos de trabajo en universidades, institutos de investigaci\u00f3n, \u00f3rganos gubernamentales, organizaciones no gubernamentales y organismos internacionales en el \u00e1rea de medio ambiente.<\/p>\n<h1><\/h1>\n<h1><b>Objetivo<\/b><\/h1>\n<p>Nuestro objetivo es realizar investigaci\u00f3n cient\u00edfica de nivel internacional, conectada a las principales teor\u00edas y problemas vigentes, adem\u00e1s de brindar a nuestros alumnos una formaci\u00f3n cient\u00edfica s\u00f3lida, enfocada en ecolog\u00eda, conservaci\u00f3n y manejo, de modo que puedan aplicar sus habilidades y conocimientos adquiridos en diferentes sectores acad\u00e9micos y no acad\u00e9micos de la sociedad.<\/p>\n<\/div>\n<\/div><\/div><\/div><\/div><\/div><\/div><div id=\"pg-618-1\"  class=\"panel-grid panel-has-style\" ><div class=\"siteorigin-panels-stretch panel-row-style panel-row-style-for-618-1\" style=\"background-image: url(https:\/\/www.ufmg.br\/pos\/ecologia\/wp-content\/uploads\/2016\/11\/14933908570_1004aa66ec_o.jpg);padding: 50px 0; \" data-stretch-type=\"full\" data-hasbg=\"hasbg\" data-overlay=\"true\" data-overlay-color=\"#000000\" ><div id=\"pgc-618-1-0\"  class=\"panel-grid-cell\" ><div id=\"panel-618-1-0-0\" class=\"so-panel widget widget_sydney_testimonials sydney_testimonials_widget panel-first-child panel-last-child\" data-index=\"1\" ><div style=\"text-align: left;\" data-title-color=\"#514d4d\" data-headings-color=\"#514d4d\" class=\"panel-widget-style panel-widget-style-for-618-1-0-0\" >\t\t\t<h3 class=\"widget-title\">Depoimentos<\/h3>\t\t\t<div class=\"col-md-12\">\r\n\t\t\t\t<div class=\"roll-testimonials\" data-autoplay=\"5000\">\r\n\t\t\t\t\t\t\t\t\t\t\t                        <div class=\"customer\">\r\n                            <blockquote class=\"whisper\"><p>Em breve<\/p>\n<\/blockquote>                               \r\n                                                            \r\n                            <div class=\"name\">\r\n                            \tAutor                            \t<span>posi\u00e7\u00e3o<\/span>\r\n                            <\/div>\r\n                        <\/div>\r\n\t\t\t\t\t\t\t\t\t\t\t                        <div class=\"customer\">\r\n                            <blockquote class=\"whisper\"><p>Em breve<\/p>\n<\/blockquote>                               \r\n                                                            \r\n                            <div class=\"name\">\r\n                            \tAutor                            \t<span>posi\u00e7\u00e3o<\/span>\r\n                            <\/div>\r\n                        <\/div>\r\n\t\t\t\t\t\t\t\t\t<\/div>\r\n\t\t\t<\/div>\t\r\n\r\n\t\t\t\t\r\n\r\n\t<\/div><\/div><\/div><\/div><\/div><div id=\"pg-618-2\"  class=\"panel-grid panel-has-style\" ><div style=\"padding: 100px 0; \" data-overlay=\"true\" class=\"panel-row-style panel-row-style-for-618-2\" ><div id=\"pgc-618-2-0\"  class=\"panel-grid-cell\" ><div id=\"panel-618-2-0-0\" class=\"so-panel widget widget_sow-editor panel-first-child panel-last-child\" data-index=\"2\" ><div style=\"text-align: left;\" data-title-color=\"#ffffff\" data-headings-color=\"#ffffff\" class=\"panel-widget-style panel-widget-style-for-618-2-0-0\" ><div\n\t\t\t\n\t\t\tclass=\"so-widget-sow-editor so-widget-sow-editor-base\"\n\t\t\t\n\t\t>\n<div class=\"siteorigin-widget-tinymce textwidget\">\n\t<h1><b>Linhas de investigaci\u00f3n<\/b><\/h1>\n<p>El ECMVS mantiene tres l\u00edneas principales de investigaci\u00f3n, que gu\u00edan sus actividades de investigaci\u00f3n, ense\u00f1anza y extensi\u00f3n. Los candidatos a la maestr\u00eda deben indicar en que l\u00ednea desean concursar al momento de su inscripci\u00f3n en el proceso selectivo.<\/p>\n<p>\u00a0<\/p>\n<h2><b>L\u00ednea 1<\/b><\/h2>\n<p>Conservaci\u00f3n y Manejo de la Biodiversidad: abarca proyectos relacionados con la evaluaci\u00f3n y el monitoreo de la biodiversidad en todos los niveles de complejidad biol\u00f3gica.<\/p>\n<h2>\u00a0<\/h2>\n<h2><b>L\u00ednea 2<\/b><\/h2>\n<p>Ecolog\u00eda y Gesti\u00f3n de Ecosistemas Acu\u00e1ticos: abarca estudios limnol\u00f3gicos realizados en ecosistemas de agua dulce y sus interacciones con las zonas ribere\u00f1as adyacentes. Parte de una perspectiva multidisciplinaria aplicada a la b\u00fasqueda de soluciones para cuestiones ambientales.<\/p>\n<h2>\u00a0<\/h2>\n<h2><b>L\u00ednea 3<\/b><\/h2>\n<p>Procesos Ecol\u00f3gicos, Ecolog\u00eda Aplicada y Gesti\u00f3n Ambiental: abarca estudios sobre sistemas ecol\u00f3gicos en diferentes niveles de complejidad biol\u00f3gica. Busca describir patrones y comprender los procesos que los generan. Adem\u00e1s, desarrolla estudios en ecolog\u00eda te\u00f3rica, modelaje matem\u00e1tico, gesti\u00f3n ambiental, ecofisiolog\u00eda, conservaci\u00f3n y manejo de la vida silvestre.<\/p>\n<\/div>\n<\/div><\/div><\/div><\/div><\/div><\/div><\/div>","protected":false},"excerpt":{"rendered":"<p>\u00a0 Informes generales El Programa de Posgrado en Ecolog\u00eda, Conservaci\u00f3n y Manejo de Vida Silvestre de la Universidad Federal de [&hellip;]<\/p>\n","protected":false},"author":1,"featured_media":0,"parent":0,"menu_order":0,"comment_status":"closed","ping_status":"closed","template":"page-templates\/page_fullwidth.php","meta":{"footnotes":""},"class_list":["post-618","page","type-page","status-publish","hentry"],"_links":{"self":[{"href":"https:\/\/www.ufmg.br\/pos\/ecologia\/wp-json\/wp\/v2\/pages\/618","targetHints":{"allow":["GET"]}}],"collection":[{"href":"https:\/\/www.ufmg.br\/pos\/ecologia\/wp-json\/wp\/v2\/pages"}],"about":[{"href":"https:\/\/www.ufmg.br\/pos\/ecologia\/wp-json\/wp\/v2\/types\/page"}],"author":[{"embeddable":true,"href":"https:\/\/www.ufmg.br\/pos\/ecologia\/wp-json\/wp\/v2\/users\/1"}],"replies":[{"embeddable":true,"href":"https:\/\/www.ufmg.br\/pos\/ecologia\/wp-json\/wp\/v2\/comments?post=618"}],"version-history":[{"count":5,"href":"https:\/\/www.ufmg.br\/pos\/ecologia\/wp-json\/wp\/v2\/pages\/618\/revisions"}],"predecessor-version":[{"id":1967,"href":"https:\/\/www.ufmg.br\/pos\/ecologia\/wp-json\/wp\/v2\/pages\/618\/revisions\/1967"}],"wp:attachment":[{"href":"https:\/\/www.ufmg.br\/pos\/ecologia\/wp-json\/wp\/v2\/media?parent=618"}],"curies":[{"name":"wp","href":"https:\/\/api.w.org\/{rel}","templated":true}]}}