{"id":1039,"date":"2025-06-06T17:19:25","date_gmt":"2025-06-06T20:19:25","guid":{"rendered":"https:\/\/www.ufmg.br\/ppgns\/?page_id=1039"},"modified":"2025-06-06T17:27:38","modified_gmt":"2025-06-06T20:27:38","slug":"autoavaliacao","status":"publish","type":"page","link":"https:\/\/www.ufmg.br\/ppgns\/autoavaliacao\/","title":{"rendered":"Autoavalia\u00e7\u00e3o"},"content":{"rendered":"<h3 style=\"text-align: justify;\" data-sourcepos=\"5:1-5:64\"><strong>Avalia\u00e7\u00e3o Diagn\u00f3stica da P\u00f3s-gradua\u00e7\u00e3o da UFMG<\/strong><\/h3>\n<p style=\"text-align: justify;\" data-sourcepos=\"7:1-7:202\">Em setembro de 2019, a UFMG instituiu uma <strong>Comiss\u00e3o de Avalia\u00e7\u00e3o Diagn\u00f3stica da P\u00f3s-gradua\u00e7\u00e3o<\/strong>, com o objetivo de analisar de forma detalhada e abrangente a estrutura e o desempenho de seus programas.<\/p>\n<p style=\"text-align: justify;\" data-sourcepos=\"9:1-9:82\">O projeto avaliou quatro eixos principais de cada Programa de P\u00f3s-Gradua\u00e7\u00e3o (PPG):<\/p>\n<ol style=\"text-align: justify;\" data-sourcepos=\"11:1-15:0\">\n<li data-sourcepos=\"11:1-11:111\"><strong>Estrutura do Programa:<\/strong> An\u00e1lise do grau de atualiza\u00e7\u00e3o e sintonia com a respectiva \u00e1rea de conhecimento.<\/li>\n<li data-sourcepos=\"12:1-12:110\"><strong>Corpo Docente:<\/strong> Perfil dos professores, fluxo de entrada e sa\u00edda, e n\u00edvel de vincula\u00e7\u00e3o com o programa.<\/li>\n<li data-sourcepos=\"13:1-13:109\"><strong>Corpo Discente:<\/strong> Qualifica\u00e7\u00e3o dos estudantes, \u00edndices de evas\u00e3o e o destino profissional dos egressos.<\/li>\n<li data-sourcepos=\"14:1-15:0\"><strong>Inser\u00e7\u00e3o e Impacto:<\/strong> Identidade do programa, sua voca\u00e7\u00e3o, influ\u00eancia em pol\u00edticas p\u00fablicas, relev\u00e2ncia regional e n\u00edvel de internacionaliza\u00e7\u00e3o.<\/li>\n<\/ol>\n<p data-sourcepos=\"16:1-16:158\">\n<p style=\"text-align: justify;\" data-sourcepos=\"16:1-16:158\">Para coletar as informa\u00e7\u00f5es, a comiss\u00e3o utilizou <strong>seis question\u00e1rios diferentes<\/strong>, direcionados a todos os atores envolvidos no ecossistema da p\u00f3s-gradua\u00e7\u00e3o:<\/p>\n<ul style=\"text-align: justify;\" data-sourcepos=\"17:1-22:0\">\n<li data-sourcepos=\"17:1-17:59\">Coordenadores de programas (atuais e dos \u00faltimos 8 anos);<\/li>\n<li data-sourcepos=\"18:1-18:57\">Docentes atuantes e docentes eleg\u00edveis (que n\u00e3o atuam);<\/li>\n<li data-sourcepos=\"19:1-19:45\">Secret\u00e1rios e ex-secret\u00e1rios dos programas;<\/li>\n<li data-sourcepos=\"20:1-20:27\">Mestrandos e doutorandos;<\/li>\n<li data-sourcepos=\"21:1-22:0\">Pesquisadores em resid\u00eancia p\u00f3s-doutoral.<\/li>\n<\/ul>\n<p data-sourcepos=\"23:1-23:126\">\n<p style=\"text-align: justify;\" data-sourcepos=\"23:1-23:126\">Os resultados completos da avalia\u00e7\u00e3o foram divulgados em <strong>junho de 2022<\/strong>. A apresenta\u00e7\u00e3o dos dados foi feita de duas formas:<\/p>\n<ul data-sourcepos=\"24:1-25:158\">\n<li style=\"text-align: justify;\" data-sourcepos=\"24:1-24:75\"><strong>Um relat\u00f3rio geral<\/strong>, com o panorama completo da p\u00f3s-gradua\u00e7\u00e3o na UFMG.<\/li>\n<li style=\"text-align: justify;\" data-sourcepos=\"25:1-25:158\"><strong>Relat\u00f3rios individuais<\/strong> para cada PPG, permitindo que cada programa compare seus pr\u00f3prios indicadores com os de seus pares na mesma \u00e1rea de conhecimento. O relat\u00f3rio do PPGNS est\u00e1 dispon\u00edvel <a href=\"https:\/\/www.ufmg.br\/ppgns\/wp-content\/uploads\/2025\/06\/Avaliacao-Diagnostica-PPGNS.pdf\">aqui<\/a>.<\/li>\n<\/ul>\n","protected":false},"excerpt":{"rendered":"<p>Avalia\u00e7\u00e3o Diagn\u00f3stica da P\u00f3s-gradua\u00e7\u00e3o da UFMG Em setembro de 2019, a UFMG instituiu uma Comiss\u00e3o de Avalia\u00e7\u00e3o Diagn\u00f3stica da P\u00f3s-gradua\u00e7\u00e3o, com o objetivo de analisar de forma detalhada e abrangente a estrutura e o desempenho de seus programas. O projeto avaliou quatro eixos principais de cada Programa de P\u00f3s-Gradua\u00e7\u00e3o (PPG): Estrutura do Programa: An\u00e1lise do [&hellip;]<\/p>\n","protected":false},"author":2,"featured_media":0,"parent":0,"menu_order":0,"comment_status":"closed","ping_status":"closed","template":"","meta":{"_acf_changed":false,"footnotes":""},"class_list":["post-1039","page","type-page","status-publish","hentry"],"acf":[],"_links":{"self":[{"href":"https:\/\/www.ufmg.br\/ppgns\/wp-json\/wp\/v2\/pages\/1039","targetHints":{"allow":["GET"]}}],"collection":[{"href":"https:\/\/www.ufmg.br\/ppgns\/wp-json\/wp\/v2\/pages"}],"about":[{"href":"https:\/\/www.ufmg.br\/ppgns\/wp-json\/wp\/v2\/types\/page"}],"author":[{"embeddable":true,"href":"https:\/\/www.ufmg.br\/ppgns\/wp-json\/wp\/v2\/users\/2"}],"replies":[{"embeddable":true,"href":"https:\/\/www.ufmg.br\/ppgns\/wp-json\/wp\/v2\/comments?post=1039"}],"version-history":[{"count":3,"href":"https:\/\/www.ufmg.br\/ppgns\/wp-json\/wp\/v2\/pages\/1039\/revisions"}],"predecessor-version":[{"id":1045,"href":"https:\/\/www.ufmg.br\/ppgns\/wp-json\/wp\/v2\/pages\/1039\/revisions\/1045"}],"wp:attachment":[{"href":"https:\/\/www.ufmg.br\/ppgns\/wp-json\/wp\/v2\/media?parent=1039"}],"curies":[{"name":"wp","href":"https:\/\/api.w.org\/{rel}","templated":true}]}}