{"id":281,"date":"2025-04-04T14:04:43","date_gmt":"2025-04-04T17:04:43","guid":{"rendered":"https:\/\/sites.enf.ufmg.br\/ppgns\/?page_id=281"},"modified":"2026-03-06T09:50:22","modified_gmt":"2026-03-06T12:50:22","slug":"oferta-de-disciplinas","status":"publish","type":"page","link":"https:\/\/www.ufmg.br\/ppgns\/oferta-de-disciplinas\/","title":{"rendered":"Oferta de disciplinas"},"content":{"rendered":"\n<p style=\"font-size:22px\"><strong>Mapa de Oferta de disciplinas<\/strong><\/p>\n\n\n\n<div class=\"wp-block-group has-medium-font-size\"><div class=\"wp-block-group__inner-container is-layout-constrained wp-block-group-is-layout-constrained\">\n<div class=\"wp-block-file\"><a id=\"wp-block-file--media-3cfe8916-b4b3-4659-8d2c-427ff0df5064\" href=\"https:\/\/www.ufmg.br\/ppgns\/wp-content\/uploads\/2025\/11\/Aviso-Periodo-de-Matricula-2026.1.pdf\" target=\"_blank\" rel=\"noreferrer noopener\">Aviso Per\u00edodo de Matr\u00edcula 2026.1<\/a><\/div>\n<\/div><\/div>\n\n\n\n<div class=\"wp-block-file\"><a id=\"wp-block-file--media-6b5ca5e4-239e-411d-86bf-bcf049173fb1\" href=\"https:\/\/www.ufmg.br\/ppgns\/wp-content\/uploads\/2026\/03\/Mapa-de-Oferta-de-Disciplinas-2026.1-1.pdf\" target=\"_blank\" rel=\"noreferrer noopener\">Mapa de Oferta de Disciplinas 2026.1<\/a><\/div>\n\n\n\n<p><\/p>\n\n\n\n<p style=\"font-size:22px\"><strong>Disciplinas isoladas<\/strong><\/p>\n\n\n\n<div class=\"wp-block-file\"><a id=\"wp-block-file--media-98326dec-66b8-4fe2-97b9-aff94196be27\" href=\"https:\/\/www.ufmg.br\/ppgns\/wp-content\/uploads\/2026\/02\/Oferta-de-Disciplinas-Isoladas-2026.1.pdf\" target=\"_blank\" rel=\"noreferrer noopener\">Oferta de Disciplinas Isoladas 2026.1<\/a><\/div>\n\n\n\n<div class=\"wp-block-file\"><a id=\"wp-block-file--media-efc5e39f-bcc0-4cb7-abf6-96c6afb0e72a\" href=\"https:\/\/www.ufmg.br\/ppgns\/wp-content\/uploads\/2025\/11\/Orientacoes-Disciplina-Isolada-2026.1.pdf\" target=\"_blank\" rel=\"noreferrer noopener\">Orienta\u00e7\u00f5es Disciplina Isolada 2026.1<\/a><\/div>\n\n\n\n<div class=\"wp-block-group has-medium-font-size\"><div class=\"wp-block-group__inner-container is-layout-constrained wp-block-group-is-layout-constrained\">\n<div class=\"wp-block-file\"><a id=\"wp-block-file--media-29c7fc7f-2f68-4a92-9f21-8c6e62279edb\" href=\"https:\/\/www.ufmg.br\/ppgns\/wp-content\/uploads\/2025\/04\/Requerimento-de-matricula-em-atividade-isolada-1.pdf\" target=\"_blank\" rel=\"noreferrer noopener\">Requerimento de matr\u00edcula em atividade isolada<\/a><\/div>\n<\/div><\/div>\n\n\n\n<div class=\"wp-block-file\"><a id=\"wp-block-file--media-245b571d-bf32-4f04-a55f-a5c503870394\" href=\"https:\/\/www.ufmg.br\/ppgns\/wp-content\/uploads\/2026\/03\/Resultado-Disciplina-Isolada-2026.1.pdf\" target=\"_blank\" rel=\"noreferrer noopener\">Resultado Disciplina Isolada 2026.1<\/a><\/div>\n\n\n\n<p><\/p>\n\n\n\n<p style=\"font-size:22px\"><strong>Forma\u00e7\u00e3o avan\u00e7ada<\/strong><\/p>\n\n\n\n<div class=\"wp-block-file\"><a id=\"wp-block-file--media-5fe607e2-3fc5-4418-8c9e-1fab7bf655b9\" href=\"https:\/\/www.ufmg.br\/ppgns\/wp-content\/uploads\/2026\/02\/Oferta-de-Disciplinas-de-Formacao-Avancada-2026.1.pdf\" target=\"_blank\" rel=\"noreferrer noopener\">Oferta de Disciplinas de Forma\u00e7\u00e3o Avan\u00e7ada 2026.1<\/a><\/div>\n\n\n\n<div class=\"wp-block-file\"><a id=\"wp-block-file--media-3fca1834-d4ab-4118-839f-400b5bc7537e\" href=\"https:\/\/www.ufmg.br\/ppgns\/wp-content\/uploads\/2025\/11\/Orientacoes-Formacao-Avancada-2026.1.pdf\" target=\"_blank\" rel=\"noreferrer noopener\">Orienta\u00e7\u00f5es Forma\u00e7\u00e3o Avan\u00e7ada 2026.1<\/a><\/div>\n\n\n\n<div class=\"wp-block-group has-medium-font-size\"><div class=\"wp-block-group__inner-container is-layout-constrained wp-block-group-is-layout-constrained\">\n<div class=\"wp-block-file\"><a id=\"wp-block-file--media-e4937e4b-9de6-4630-8e2d-983c1bc715f3\" href=\"https:\/\/www.ufmg.br\/ppgns\/wp-content\/uploads\/2025\/04\/Requerimento-de-matricula-em-atividade-eletiva-1.pdf\" target=\"_blank\" rel=\"noreferrer noopener\">Requerimento de matr\u00edcula em atividade eletiva<\/a><\/div>\n<\/div><\/div>\n\n\n\n<p><\/p>\n\n\n\n<p style=\"font-size:24px\"><strong>PIES &#8211; Programa de Monitoria<\/strong><\/p>\n\n\n\n<div class=\"wp-block-group has-medium-font-size\"><div class=\"wp-block-group__inner-container is-layout-constrained wp-block-group-is-layout-constrained\">\n<div class=\"wp-block-file\"><a id=\"wp-block-file--media-3debbadd-6e40-4d87-b347-d5a392385eaa\" href=\"https:\/\/www.ufmg.br\/ppgns\/wp-content\/uploads\/2025\/04\/PIES-Programa-de-Iniciacao-ao-Ensino-Superior-Nutricao-e-Saude.pdf\" target=\"_blank\" rel=\"noreferrer noopener\">PIES &#8211; Programa de Inicia\u00e7\u00e3o ao Ensino Superior &#8211; Nutri\u00e7\u00e3o e Sa\u00fade<\/a><\/div>\n<\/div><\/div>\n\n\n\n<p><\/p>\n","protected":false},"excerpt":{"rendered":"<p>Mapa de Oferta de disciplinas Disciplinas isoladas Forma\u00e7\u00e3o avan\u00e7ada PIES &#8211; Programa de Monitoria<\/p>\n","protected":false},"author":2,"featured_media":0,"parent":0,"menu_order":0,"comment_status":"closed","ping_status":"closed","template":"","meta":{"_acf_changed":false,"footnotes":""},"class_list":["post-281","page","type-page","status-publish","hentry"],"acf":[],"_links":{"self":[{"href":"https:\/\/www.ufmg.br\/ppgns\/wp-json\/wp\/v2\/pages\/281","targetHints":{"allow":["GET"]}}],"collection":[{"href":"https:\/\/www.ufmg.br\/ppgns\/wp-json\/wp\/v2\/pages"}],"about":[{"href":"https:\/\/www.ufmg.br\/ppgns\/wp-json\/wp\/v2\/types\/page"}],"author":[{"embeddable":true,"href":"https:\/\/www.ufmg.br\/ppgns\/wp-json\/wp\/v2\/users\/2"}],"replies":[{"embeddable":true,"href":"https:\/\/www.ufmg.br\/ppgns\/wp-json\/wp\/v2\/comments?post=281"}],"version-history":[{"count":30,"href":"https:\/\/www.ufmg.br\/ppgns\/wp-json\/wp\/v2\/pages\/281\/revisions"}],"predecessor-version":[{"id":1450,"href":"https:\/\/www.ufmg.br\/ppgns\/wp-json\/wp\/v2\/pages\/281\/revisions\/1450"}],"wp:attachment":[{"href":"https:\/\/www.ufmg.br\/ppgns\/wp-json\/wp\/v2\/media?parent=281"}],"curies":[{"name":"wp","href":"https:\/\/api.w.org\/{rel}","templated":true}]}}