{"id":285,"date":"2025-04-04T14:08:00","date_gmt":"2025-04-04T17:08:00","guid":{"rendered":"https:\/\/sites.enf.ufmg.br\/ppgns\/?page_id=285"},"modified":"2025-11-19T20:08:15","modified_gmt":"2025-11-19T23:08:15","slug":"defesas","status":"publish","type":"page","link":"https:\/\/www.ufmg.br\/ppgns\/defesas\/","title":{"rendered":"Defesas"},"content":{"rendered":"\n<p><strong>PR\u00d3XIMAS DEFESAS<\/strong><\/p>\n\n\n\n<p><\/p>\n\n\n\n<p><strong>Da mesa ao territ\u00f3rio: o papel da fam\u00edlia e da gest\u00e3o p\u00fablica nas dificuldades alimentares e nas necessidades alimentares especiais em escolares<\/strong><br><strong>Mestranda:<\/strong> P\u00e2mela Gracielle da Fonseca<br><strong>Orientadora:<\/strong> Profa. Dra. Nathalia Sernizon Guimar\u00e3es<\/p>\n\n\n\n<p><\/p>\n\n\n\n<p><strong>Comiss\u00e3o Examinadora<\/strong><br>Profa. Dra. Nathalia Sernizon Guimar\u00e3es &#8211; UFMG (membro titular)<br>Prof. Dr. Carlos Podalirio Borges de Almeida &#8211; UFMG (membro titular)<br>Profa. Dra. Raquel Braz Assun\u00e7\u00e3o Botelho &#8211; UnB (membro titular)<br>Profa. Dra. Ana Luiza Moraes dos Santos &#8211; UFMG (membro suplente)<\/p>\n\n\n\n<p><\/p>\n\n\n\n<p><strong>Sess\u00e3o p\u00fablica da defesa<\/strong><br><strong>Data:<\/strong> 05\/12\/2025 Hor\u00e1rio: 13h30<br><strong>Local:<\/strong> Sala Virtual<br><strong>Link de acesso:<\/strong>&nbsp;<a href=\"https:\/\/conferenciaweb.rnp.br\/ufmg\/ufmgnutricao4jc\">https:\/\/conferenciaweb.rnp.br\/ufmg\/ufmgnutricao4jc<\/a><\/p>\n\n\n\n<p><\/p>\n\n\n\n<p><\/p>\n\n\n\n<p><\/p>\n\n\n\n<p><\/p>\n","protected":false},"excerpt":{"rendered":"<p>PR\u00d3XIMAS DEFESAS Da mesa ao territ\u00f3rio: o papel da fam\u00edlia e da gest\u00e3o p\u00fablica nas dificuldades alimentares e nas necessidades alimentares especiais em escolaresMestranda: P\u00e2mela Gracielle da FonsecaOrientadora: Profa. Dra. Nathalia Sernizon Guimar\u00e3es Comiss\u00e3o ExaminadoraProfa. Dra. Nathalia Sernizon Guimar\u00e3es &#8211; UFMG (membro titular)Prof. Dr. Carlos Podalirio Borges de Almeida &#8211; UFMG (membro titular)Profa. Dra. Raquel [&hellip;]<\/p>\n","protected":false},"author":2,"featured_media":0,"parent":0,"menu_order":0,"comment_status":"closed","ping_status":"closed","template":"","meta":{"_acf_changed":false,"footnotes":""},"class_list":["post-285","page","type-page","status-publish","hentry"],"acf":[],"_links":{"self":[{"href":"https:\/\/www.ufmg.br\/ppgns\/wp-json\/wp\/v2\/pages\/285","targetHints":{"allow":["GET"]}}],"collection":[{"href":"https:\/\/www.ufmg.br\/ppgns\/wp-json\/wp\/v2\/pages"}],"about":[{"href":"https:\/\/www.ufmg.br\/ppgns\/wp-json\/wp\/v2\/types\/page"}],"author":[{"embeddable":true,"href":"https:\/\/www.ufmg.br\/ppgns\/wp-json\/wp\/v2\/users\/2"}],"replies":[{"embeddable":true,"href":"https:\/\/www.ufmg.br\/ppgns\/wp-json\/wp\/v2\/comments?post=285"}],"version-history":[{"count":23,"href":"https:\/\/www.ufmg.br\/ppgns\/wp-json\/wp\/v2\/pages\/285\/revisions"}],"predecessor-version":[{"id":1265,"href":"https:\/\/www.ufmg.br\/ppgns\/wp-json\/wp\/v2\/pages\/285\/revisions\/1265"}],"wp:attachment":[{"href":"https:\/\/www.ufmg.br\/ppgns\/wp-json\/wp\/v2\/media?parent=285"}],"curies":[{"name":"wp","href":"https:\/\/api.w.org\/{rel}","templated":true}]}}