{"id":1023,"date":"2024-08-23T14:21:05","date_gmt":"2024-08-23T17:21:05","guid":{"rendered":"https:\/\/www.ufmg.br\/pra\/?page_id=1023"},"modified":"2024-08-23T15:04:50","modified_gmt":"2024-08-23T18:04:50","slug":"sistema-de-registro-de-precos","status":"publish","type":"page","link":"https:\/\/www.ufmg.br\/pra\/sistema-de-registro-de-precos\/","title":{"rendered":"Sistema de Registro de Pre\u00e7os"},"content":{"rendered":"<p class=\"texto\">O Sistema de Registro de Pre\u00e7os \u2013 SRP visa ao registro formal do pre\u00e7o de um bem ou servi\u00e7o para futuras contrata\u00e7\u00f5es. Tem como principais vantagens, a rapidez na contrata\u00e7\u00e3o, a aus\u00eancia de estoques, a redu\u00e7\u00e3o do numero de licita\u00e7\u00f5es e a transpar\u00eancia do processo. Adequa-se a processo de aquisi\u00e7\u00f5es continuadas e de grande volume, devendo ser utilizado, preferencialmente, em contrata\u00e7\u00f5es freq\u00fcentes que necessitem de entregas parceladas.<\/p>\n<p class=\"texto\">Al\u00e9m de bens constantes do Programa de Aquisi\u00e7\u00e3o de Materiais de Uso Comum, outros materiais de uso na Institui\u00e7\u00e3o podem utilizar o SRP, regulamentado pelo\u00a0<a href=\"http:\/\/www.planalto.gov.br\/ccivil_03\/_ato2011-2014\/2013\/Decreto\/D7892.htm\" target=\"_blank\" rel=\"noopener\">decreto 7.892\/2013<\/a>.<\/p>\n\n<table id=\"tablepress-2\" class=\"tablepress tablepress-id-2\">\n<thead>\n<tr class=\"row-1\">\n\t<th class=\"column-1\">Registros de Pre\u00e7os em Andamento<\/th><td class=\"column-2\"><\/td><td class=\"column-3\"><\/td>\n<\/tr>\n<\/thead>\n<tbody class=\"row-striping row-hover\">\n<tr class=\"row-2\">\n\t<td class=\"column-1\">Bem\/Servi\u00e7o<\/td><td class=\"column-2\">Ata SRP<\/td><td class=\"column-3\">Vig\u00eancia<\/td>\n<\/tr>\n<tr class=\"row-3\">\n\t<td class=\"column-1\">Aquisi\u00e7\u00e3o de PERSIANAS e CORTINAS, com servi\u00e7o de instala\u00e7\u00e3o.<\/td><td class=\"column-2\"><a href=\"https:\/\/sei.ufmg.br\/sei\/publicacoes\/controlador_publicacoes.php?acao=publicacao_visualizar&amp;id_documento=3705584&amp;id_orgao_publicacao=0\" rel=\"noopener\" target=\"_blank\">033\/2023<\/a><\/td><td class=\"column-3\">21\/08\/2024 a 21\/08\/2025.<\/td>\n<\/tr>\n<tr class=\"row-4\">\n\t<td class=\"column-1\">Aquisi\u00e7\u00e3o parcelada de pe\u00e7as automotivas para ve\u00edculos pertencentes a frota da UFMG.<\/td><td class=\"column-2\"><a href=\"https:\/\/sei.ufmg.br\/sei\/publicacoes\/controlador_publicacoes.php?acao=publicacao_visualizar&amp;id_documento=3689141&amp;id_orgao_publicacao=0\" rel=\"noopener\" target=\"_blank\">90013\/2024<\/a><\/td><td class=\"column-3\">12\/08\/2024 a 12\/08\/2025.<\/td>\n<\/tr>\n<tr class=\"row-5\">\n\t<td class=\"column-1\">Aquisi\u00e7\u00e3o parcelada de a\u00e7\u00facar cristal, pacote 5kg, especificado no item 001 do Termo de Refer\u00eancia, anexo I do Edital de Licita\u00e7\u00e3o n\u00ba 90007\/2024.<\/td><td class=\"column-2\"><a href=\"https:\/\/sei.ufmg.br\/sei\/publicacoes\/controlador_publicacoes.php?acao=publicacao_visualizar&amp;id_documento=3648717&amp;id_orgao_publicacao=0\" rel=\"noopener\" target=\"_blank\">90007\/2024<\/a><\/td><td class=\"column-3\">23\/07\/2024 a 23\/07\/2025<\/td>\n<\/tr>\n<tr class=\"row-6\">\n\t<td class=\"column-1\">Aquisi\u00e7\u00e3o parcelada de cart\u00f5es, cartolinas, envelopes e pap\u00e9is diversos, destinados \u00e0 Imprensa Universit\u00e1ria da UFMG. <\/td><td class=\"column-2\"><a href=\"https:\/\/sei.ufmg.br\/sei\/publicacoes\/controlador_publicacoes.php?acao=publicacao_visualizar&amp;id_documento=3602014&amp;id_orgao_publicacao=0\" rel=\"noopener\" target=\"_blank\">90011\/2024<\/a><\/td><td class=\"column-3\">15\/07\/2024 a 15\/07\/2025<\/td>\n<\/tr>\n<tr class=\"row-7\">\n\t<td class=\"column-1\">Aquisi\u00e7\u00e3o parcelada de cartuchos, toners, pe\u00e7as e componentes para impressoras diversas pertencentes \u00e0 Imprensa Universit\u00e1ria da UFMG.<\/td><td class=\"column-2\"><a href=\"https:\/\/sei.ufmg.br\/sei\/publicacoes\/controlador_publicacoes.php?acao=publicacao_visualizar&amp;id_documento=3581847&amp;id_orgao_publicacao=0\" rel=\"noopener\" target=\"_blank\">90008\/2024<\/a><\/td><td class=\"column-3\">24\/06\/2024 a 24\/06\/2025<\/td>\n<\/tr>\n<tr class=\"row-8\">\n\t<td class=\"column-1\">Aquisi\u00e7\u00e3o de materiais de consumo odontol\u00f3gico.<br \/>\n<\/td><td class=\"column-2\"><a href=\"https:\/\/sei.ufmg.br\/sei\/publicacoes\/controlador_publicacoes.php?acao=publicacao_visualizar&amp;id_documento=3459915&amp;id_orgao_publicacao=0\" rel=\"noopener\" target=\"_blank\">90001\/2024<\/a><\/td><td class=\"column-3\">14\/05\/2024 a 14\/05\/2025<\/td>\n<\/tr>\n<tr class=\"row-9\">\n\t<td class=\"column-1\">Aquisi\u00e7\u00e3o de Lubrificantes Automotivos.<br \/>\n<\/td><td class=\"column-2\"><a href=\"https:\/\/sei.ufmg.br\/sei\/publicacoes\/controlador_publicacoes.php?acao=publicacao_visualizar&amp;id_documento=3278837&amp;id_orgao_publicacao=0\" rel=\"noopener\" target=\"_blank\">026\/2023<\/a><\/td><td class=\"column-3\">18\/01\/2024 at\u00e9 18\/01\/2025<\/td>\n<\/tr>\n<tr class=\"row-10\">\n\t<td class=\"column-1\">Aquisi\u00e7\u00e3o parcelada de materiais para manuten\u00e7\u00e3o suplementar com alimenta\u00e7\u00e3o de animais e de insumos para plantio.<br \/>\n<\/td><td class=\"column-2\"><a href=\"https:\/\/sei.ufmg.br\/sei\/publicacoes\/controlador_publicacoes.php?acao=publicacao_visualizar&amp;id_documento=3255211&amp;id_orgao_publicacao=0\" rel=\"noopener\" target=\"_blank\">018\/2023<\/a><\/td><td class=\"column-3\">21\/02\/2024 a 21\/02\/2025<\/td>\n<\/tr>\n<tr class=\"row-11\">\n\t<td class=\"column-1\">Contrata\u00e7\u00e3o de empresas especializadas para a aquisi\u00e7\u00e3o de bens e presta\u00e7\u00e3o de servi\u00e7os, incluindo loca\u00e7\u00e3o de estruturas necess\u00e1rias para a realiza\u00e7\u00e3o de eventos no \u00e2mbito da UFMG.<br \/>\n<\/td><td class=\"column-2\"><a href=\"https:\/\/sei.ufmg.br\/sei\/publicacoes\/controlador_publicacoes.php?acao=publicacao_visualizar&amp;id_documento=3195318&amp;id_orgao_publicacao=0\" rel=\"noopener\" target=\"_blank\">025\/2023<\/a><\/td><td class=\"column-3\">30\/01\/2024 a 30\/01\/2025<\/td>\n<\/tr>\n<tr class=\"row-12\">\n\t<td class=\"column-1\">Contrata\u00e7\u00e3o de servi\u00e7os gr\u00e1ficos diversos, incluindo fornecimento de facas para corte e vinco e clich\u00eas para hot stamping e relevo seco.<br \/>\n<\/td><td class=\"column-2\"><a href=\"https:\/\/sei.ufmg.br\/sei\/publicacoes\/controlador_publicacoes.php?acao=publicacao_visualizar&amp;id_documento=3221592&amp;id_orgao_publicacao=0\" rel=\"noopener\" target=\"_blank\">041\/2023<\/a><\/td><td class=\"column-3\">26\/05\/2024 a 25\/01\/2025<\/td>\n<\/tr>\n<tr class=\"row-13\">\n\t<td class=\"column-1\">Aquisi\u00e7\u00e3o de lubrificantes automotivos de 1\u00ba linha e uso e afins para os ve\u00edculos pertencentes \u00e0 frota da Universidade Federal de Minas Gerais.<br \/>\n<\/td><td class=\"column-2\"><a href=\"https:\/\/sei.ufmg.br\/sei\/publicacoes\/controlador_publicacoes.php?acao=publicacao_visualizar&amp;id_documento=3161997&amp;id_orgao_publicacao=0\" rel=\"noopener\" target=\"_blank\">026\/2023<\/a><\/td><td class=\"column-3\">18\/01\/2024 at\u00e9 18\/01\/2025<\/td>\n<\/tr>\n<tr class=\"row-14\">\n\t<td class=\"column-1\">Contrata\u00e7\u00e3o de empresa especializada em presta\u00e7\u00e3o de servi\u00e7os de manuten\u00e7\u00e3o preventiva e corretiva em m\u00e1quinas agr\u00edcolas, com fornecimento de pe\u00e7as originais e genu\u00ednas.<br \/>\n<\/td><td class=\"column-2\"><a href=\"https:\/\/sei.ufmg.br\/sei\/publicacoes\/controlador_publicacoes.php?acao=publicacao_visualizar&amp;id_documento=3190658&amp;id_orgao_publicacao=0\" rel=\"noopener\" target=\"_blank\">037\/2023<\/a><\/td><td class=\"column-3\">17\/01\/2024 a 17\/01\/2025<\/td>\n<\/tr>\n<tr class=\"row-15\">\n\t<td class=\"column-1\">Eventual contrata\u00e7\u00e3o parcelada de servi\u00e7os de chaveiro, que incluem m\u00e3o de obra e fornecimento de todo o material necess\u00e1rio, al\u00e9m do fornecimento parcelado de carimbos e cadeados, <br \/>\npara atender \u00e0 demanda da Administra\u00e7\u00e3o Geral e das Unidades\/\u00d3rg\u00e3os da Universidade Federal de Minas Gerais - UFMG.<br \/>\n<\/td><td class=\"column-2\"><a href=\"https:\/\/sei.ufmg.br\/sei\/publicacoes\/controlador_publicacoes.php?acao=publicacao_visualizar&amp;id_documento=3163889&amp;id_orgao_publicacao=0\" rel=\"noopener\" target=\"_blank\">013\/2023<\/a><\/td><td class=\"column-3\">12\/01\/2024 a 12\/01\/2025<\/td>\n<\/tr>\n<tr class=\"row-16\">\n\t<td class=\"column-1\">Aquisi\u00e7\u00e3o de Uniformes Profissionais e Equipamentos de Prote\u00e7\u00e3o Individual \u2013 EPIs.<br \/>\n<\/td><td class=\"column-2\"><a href=\"https:\/\/sei.ufmg.br\/sei\/publicacoes\/controlador_publicacoes.php?acao=publicacao_visualizar&amp;id_documento=3145058&amp;id_orgao_publicacao=0\" rel=\"noopener\" target=\"_blank\">012\/2023<\/a><\/td><td class=\"column-3\">09\/01\/2024 a 09\/01\/2025<\/td>\n<\/tr>\n<tr class=\"row-17\">\n\t<td class=\"column-1\">Aquisi\u00e7\u00e3o parcelada de Material Bibliogr\u00e1fico.<br \/>\n<\/td><td class=\"column-2\">034\/2023<br \/>\n<a href=\"https:\/\/sei.ufmg.br\/sei\/publicacoes\/controlador_publicacoes.php?acao=publicacao_visualizar&amp;id_documento=3166365&amp;id_orgao_publicacao=0\" rel=\"noopener\" target=\"_blank\">Ata 01 doc 2932791<\/a><br \/>\n<a href=\"https:\/\/sei.ufmg.br\/sei\/publicacoes\/controlador_publicacoes.php?acao=publicacao_visualizar&amp;id_documento=3166710&amp;id_orgao_publicacao=0\" rel=\"noopener\" target=\"_blank\">Ata 02 doc 2933115<\/a><br \/>\n<a href=\"https:\/\/sei.ufmg.br\/sei\/publicacoes\/controlador_publicacoes.php?acao=publicacao_visualizar&amp;id_documento=3166712&amp;id_orgao_publicacao=0\" rel=\"noopener\" target=\"_blank\">Ata 03 doc 2933117<\/a><\/td><td class=\"column-3\">28\/12\/2023 a 28\/12\/2024<\/td>\n<\/tr>\n<tr class=\"row-18\">\n\t<td class=\"column-1\">Aquisi\u00e7\u00e3o de equipamentos que comp\u00f5e o Circuito Fechado de Televis\u00e3o.<br \/>\n<\/td><td class=\"column-2\"><a href=\"https:\/\/sei.ufmg.br\/sei\/publicacoes\/controlador_publicacoes.php?acao=publicacao_visualizar&amp;id_documento=3045929&amp;id_orgao_publicacao=0\" rel=\"noopener\" target=\"_blank\">011\/2023<\/a><\/td><td class=\"column-3\">24\/11\/2023 a 24\/11\/2024<\/td>\n<\/tr>\n<tr class=\"row-19\">\n\t<td class=\"column-1\">Aquisi\u00e7\u00e3o de material de expediente, acondicionamento e embalagem.<br \/>\n<\/td><td class=\"column-2\">009\/2023<br \/>\n<a href=\"https:\/\/sei.ufmg.br\/sei\/publicacoes\/controlador_publicacoes.php?acao=publicacao_visualizar&amp;id_documento=3025318&amp;id_orgao_publicacao=0\" rel=\"noopener\" target=\"_blank\">Ata 01 doc 2802090<\/a><br \/>\n<a href=\"https:\/\/sei.ufmg.br\/sei\/publicacoes\/controlador_publicacoes.php?acao=publicacao_visualizar&amp;id_documento=3072336&amp;id_orgao_publicacao=0\" rel=\"noopener\" target=\"_blank\">Ata 02 doc 2845547<\/a><\/td><td class=\"column-3\">27\/11\/2023 a 27\/11\/2024<\/td>\n<\/tr>\n<tr class=\"row-20\">\n\t<td class=\"column-1\">Aquisi\u00e7\u00e3o parcelada de blanquetas para m\u00e1quinas impressoras gr\u00e1ficas Offset, chapas t\u00e9rmicas de alum\u00ednio, goma para lavagem de chapas t\u00e9rmicas e outros materiais gr\u00e1ficos diversos.<br \/>\n<\/td><td class=\"column-2\"><a href=\"https:\/\/sei.ufmg.br\/sei\/publicacoes\/controlador_publicacoes.php?acao=publicacao_visualizar&amp;id_documento=2975102&amp;id_orgao_publicacao=0\" rel=\"noopener\" target=\"_blank\">022\/2023<\/a><\/td><td class=\"column-3\">17\/11\/2023 a 17\/11\/2024<\/td>\n<\/tr>\n<tr class=\"row-21\">\n\t<td class=\"column-1\">Aquisi\u00e7\u00e3o de equipamentos que comp\u00f5e o Circuito Fechado de Televis\u00e3o.<br \/>\n<\/td><td class=\"column-2\"><a href=\"https:\/\/sei.ufmg.br\/sei\/publicacoes\/controlador_publicacoes.php?acao=publicacao_visualizar&amp;id_documento=2974748&amp;id_orgao_publicacao=0\" rel=\"noopener\" target=\"_blank\">011\/2023<\/a><\/td><td class=\"column-3\">16\/11\/2023 a 16\/11\/2024<\/td>\n<\/tr>\n<tr class=\"row-22\">\n\t<td class=\"column-1\">Aquisi\u00e7\u00e3o de g\u00eaneros aliment\u00edcios para atender ao Programa Nacional de Alimenta\u00e7\u00e3o Escolar \u2013 PNAE.<br \/>\n<\/td><td class=\"column-2\"><a href=\"https:\/\/sei.ufmg.br\/sei\/publicacoes\/controlador_publicacoes.php?acao=publicacao_visualizar&amp;id_documento=2786350&amp;id_orgao_publicacao=0\" rel=\"noopener\" target=\"_blank\">020\/2023<\/a><\/td><td class=\"column-3\">13\/09\/2023 a 13\/09\/2024<\/td>\n<\/tr>\n<tr class=\"row-23\">\n\t<td class=\"column-1\">Aquisi\u00e7\u00e3o de material de higiene e limpeza e g\u00eaneros aliment\u00edcios.<br \/>\n<\/td><td class=\"column-2\"><a href=\"https:\/\/sei.ufmg.br\/sei\/publicacoes\/controlador_publicacoes.php?acao=publicacao_visualizar&amp;id_documento=2785823&amp;id_orgao_publicacao=0\" rel=\"noopener\" target=\"_blank\">008\/2023<\/a><\/td><td class=\"column-3\">06\/09\/2023 a 06\/09\/2024<\/td>\n<\/tr>\n<tr class=\"row-24\">\n\t<td class=\"column-1\">Aquisi\u00e7\u00e3o de materiais hospitalares e laboratoriais.<br \/>\n<\/td><td class=\"column-2\"><a href=\"https:\/\/sei.ufmg.br\/sei\/publicacoes\/controlador_publicacoes.php?acao=publicacao_visualizar&amp;id_documento=2661859&amp;id_orgao_publicacao=0\" rel=\"noopener\" target=\"_blank\">001\/2023<\/a><\/td><td class=\"column-3\">09\/08\/2023 a 09\/08\/2024<\/td>\n<\/tr>\n<tr class=\"row-25\">\n\t<td class=\"column-1\">Aquisi\u00e7\u00e3o de pe\u00e7as automotivas.<br \/>\n<\/td><td class=\"column-2\">016\/2023<br \/>\n<a href=\"https:\/\/sei.ufmg.br\/sei\/publicacoes\/controlador_publicacoes.php?acao=publicacao_visualizar&amp;id_documento=2588645&amp;id_orgao_publicacao=0\" rel=\"noopener\" target=\"_blank\">Ata 01 doc 2398248<\/a><br \/>\n<a href=\"https:\/\/sei.ufmg.br\/sei\/publicacoes\/controlador_publicacoes.php?acao=publicacao_visualizar&amp;id_documento=2674407&amp;id_orgao_publicacao=0\" rel=\"noopener\" target=\"_blank\">Ata 02 doc 2477482<\/a><\/td><td class=\"column-3\">30\/06\/2023 a 30\/06\/2024<\/td>\n<\/tr>\n<tr class=\"row-26\">\n\t<td class=\"column-1\">Aquisi\u00e7\u00e3o de materiais esportivos did\u00e1tico pedag\u00f3gicos.<\/td><td class=\"column-2\"><a href=\"https:\/\/sei.ufmg.br\/sei\/publicacoes\/controlador_publicacoes.php?acao=publicacao_visualizar&amp;id_documento=2547209&amp;id_orgao_publicacao=0\" rel=\"noopener\" target=\"_blank\">005\/2023<\/a><\/td><td class=\"column-3\">22\/06\/2023 a 22\/06\/2024<\/td>\n<\/tr>\n<tr class=\"row-27\">\n\t<td class=\"column-1\">Aquisi\u00e7\u00e3o de equipamentos e materiais de inform\u00e1tica.<br \/>\n<\/td><td class=\"column-2\"> <a href=\"https:\/\/sei.ufmg.br\/sei\/publicacoes\/controlador_publicacoes.php?acao=publicacao_visualizar&amp;id_documento=2479657&amp;id_orgao_publicacao=0\" rel=\"noopener\" target=\"_blank\">020\/2022<\/a><\/td><td class=\"column-3\">05\/2023 a 25\/05\/2024<\/td>\n<\/tr>\n<tr class=\"row-28\">\n\t<td class=\"column-1\">Aquisi\u00e7\u00e3o de bens e presta\u00e7\u00e3o de servi\u00e7os, incluindo loca\u00e7\u00e3o de estruturas para eventos no \u00e2mbito da UFMG.<\/td><td class=\"column-2\"><a href=\"https:\/\/sei.ufmg.br\/sei\/publicacoes\/controlador_publicacoes.php?acao=publicacao_visualizar&amp;id_documento=2441897&amp;id_orgao_publicacao=0\" rel=\"noopener\" target=\"_blank\">006\/2023<\/a><\/td><td class=\"column-3\">08\/05\/2023 a 08\/05\/2024<\/td>\n<\/tr>\n<tr class=\"row-29\">\n\t<td class=\"column-1\">Aquisi\u00e7\u00e3o de equipamentos e materiais para laborat\u00f3rios.<br \/>\n<\/td><td class=\"column-2\"><a href=\"https:\/\/sei.ufmg.br\/sei\/publicacoes\/controlador_publicacoes.php?acao=publicacao_visualizar&amp;id_documento=2170731&amp;id_orgao_publicacao=0\" rel=\"noopener\" target=\"_blank\">012\/2022<\/a><\/td><td class=\"column-3\">20\/01\/2023 a 20\/01\/2024<\/td>\n<\/tr>\n<tr class=\"row-30\">\n\t<td class=\"column-1\">Presta\u00e7\u00e3o de servi\u00e7o de servi\u00e7os de tradu\u00e7\u00e3o e interpreta\u00e7\u00e3o da l\u00edngua brasileira de sinais (TILS).<br \/>\n<\/td><td class=\"column-2\"><a href=\"https:\/\/sei.ufmg.br\/sei\/publicacoes\/controlador_publicacoes.php?acao=publicacao_visualizar&amp;id_documento=2313015&amp;id_orgao_publicacao=0\" rel=\"noopener\" target=\"_blank\">014\/2022<\/a><\/td><td class=\"column-3\">25\/04\/2023 a 25\/04\/2024<\/td>\n<\/tr>\n<\/tbody>\n<\/table>\n\n","protected":false},"excerpt":{"rendered":"<p>O Sistema de Registro de Pre\u00e7os \u2013 SRP visa ao [&hellip;]<\/p>\n","protected":false},"author":3,"featured_media":0,"parent":0,"menu_order":0,"comment_status":"closed","ping_status":"closed","template":"","meta":{"_acf_changed":false,"footnotes":""},"tags":[],"class_list":["post-1023","page","type-page","status-publish","hentry"],"acf":[],"_links":{"self":[{"href":"https:\/\/www.ufmg.br\/pra\/wp-json\/wp\/v2\/pages\/1023","targetHints":{"allow":["GET"]}}],"collection":[{"href":"https:\/\/www.ufmg.br\/pra\/wp-json\/wp\/v2\/pages"}],"about":[{"href":"https:\/\/www.ufmg.br\/pra\/wp-json\/wp\/v2\/types\/page"}],"author":[{"embeddable":true,"href":"https:\/\/www.ufmg.br\/pra\/wp-json\/wp\/v2\/users\/3"}],"replies":[{"embeddable":true,"href":"https:\/\/www.ufmg.br\/pra\/wp-json\/wp\/v2\/comments?post=1023"}],"version-history":[{"count":3,"href":"https:\/\/www.ufmg.br\/pra\/wp-json\/wp\/v2\/pages\/1023\/revisions"}],"predecessor-version":[{"id":1031,"href":"https:\/\/www.ufmg.br\/pra\/wp-json\/wp\/v2\/pages\/1023\/revisions\/1031"}],"wp:attachment":[{"href":"https:\/\/www.ufmg.br\/pra\/wp-json\/wp\/v2\/media?parent=1023"}],"wp:term":[{"taxonomy":"post_tag","embeddable":true,"href":"https:\/\/www.ufmg.br\/pra\/wp-json\/wp\/v2\/tags?post=1023"}],"curies":[{"name":"wp","href":"https:\/\/api.w.org\/{rel}","templated":true}]}}