{"id":297,"date":"2021-06-16T17:24:35","date_gmt":"2021-06-16T20:24:35","guid":{"rendered":"https:\/\/www.ufmg.br\/prae\/?page_id=297"},"modified":"2024-12-16T10:11:08","modified_gmt":"2024-12-16T13:11:08","slug":"sobre-a-prae","status":"publish","type":"page","link":"https:\/\/www.ufmg.br\/prae\/sobre-a-prae\/","title":{"rendered":"Sobre a PRAE"},"content":{"rendered":"<p><strong>A PRAE, desde a sua cria\u00e7\u00e3o em novembro de 2014, assumiu a responsabilidade de elaborar, coordenar e avaliar pol\u00edticas que contribuam para a perman\u00eancia e o percurso\u00a0acad\u00eamico de estudantes, segundo os princ\u00edpios de igualdade de oportunidades e de equidade de direitos na UFMG.<\/strong><\/p>\n<style>#sp-ea-2349 .spcollapsing { height: 0; overflow: hidden; transition-property: height;transition-duration: 500ms;}#sp-ea-2349.sp-easy-accordion>.sp-ea-single {margin-bottom: 10px; border: 1px solid #e2e2e2; }#sp-ea-2349.sp-easy-accordion>.sp-ea-single>.ea-header a {color: #444;}#sp-ea-2349.sp-easy-accordion>.sp-ea-single>.sp-collapse>.ea-body {background: #fff; color: #444;}#sp-ea-2349.sp-easy-accordion>.sp-ea-single {background: #eee;}#sp-ea-2349.sp-easy-accordion>.sp-ea-single>.ea-header a .ea-expand-icon { float: left; color: #444;font-size: 16px;}<\/style><div id=\"sp_easy_accordion-1776011078\"><div id=\"sp-ea-2349\" class=\"sp-ea-one sp-easy-accordion\" data-ea-active=\"ea-click\" data-ea-mode=\"vertical\" data-preloader=\"\" data-scroll-active-item=\"\" data-offset-to-scroll=\"0\"><div class=\"ea-card ea-expand sp-ea-single\"><h3 class=\"ea-header\"><a class=\"collapsed\" id=\"ea-header-23490\" role=\"button\" data-sptoggle=\"spcollapse\" data-sptarget=\"#collapse23490\" aria-controls=\"collapse23490\" href=\"#\" aria-expanded=\"true\" tabindex=\"0\"><i aria-hidden=\"true\" role=\"presentation\" class=\"ea-expand-icon eap-icon-ea-expand-minus\"><\/i> O que faz a PRAE<\/a><\/h3><div class=\"sp-collapse spcollapse collapsed show\" id=\"collapse23490\" data-parent=\"#sp-ea-2349\" role=\"region\" aria-labelledby=\"ea-header-23490\"> <div class=\"ea-body\"><p>A Pr\u00f3-reitoria de Assuntos Estudantis (PRAE) foi criada em novembro de 2014, e era uma reivindica\u00e7\u00e3o hist\u00f3rica do movimento estudantil na UFMG, sendo aprovada por unanimidade pelo Conselho Universit\u00e1rio. Os tr\u00eas eixos de atua\u00e7\u00e3o da PRAE s\u00e3o:<br \/>\u2013 a\u00e7\u00f5es afirmativas,<br \/>\u2013 assist\u00eancia estudantil e<br \/>\u2013 apoio a projetos de estudantes.<\/p><\/div><\/div><\/div><div class=\"ea-card sp-ea-single\"><h3 class=\"ea-header\"><a class=\"collapsed\" id=\"ea-header-23491\" role=\"button\" data-sptoggle=\"spcollapse\" data-sptarget=\"#collapse23491\" aria-controls=\"collapse23491\" href=\"#\" aria-expanded=\"false\" tabindex=\"0\"><i aria-hidden=\"true\" role=\"presentation\" class=\"ea-expand-icon eap-icon-ea-expand-plus\"><\/i> Uma Pr\u00f3-reitoria para chamar de sua<\/a><\/h3><div class=\"sp-collapse spcollapse \" id=\"collapse23491\" data-parent=\"#sp-ea-2349\" role=\"region\" aria-labelledby=\"ea-header-23491\"> <div class=\"ea-body\"><p>A UFMG, que se pretende cada vez mais inclusiva, tem o desafio de propor e realizar pol\u00edticas que enrique\u00e7am a forma\u00e7\u00e3o acad\u00eamica de seus estudantes.<\/p><p>Uma rica diversidade de estudantes: com seus pertencimentos \u00e9tnicos-raciais, seus corpos, g\u00eaneros, suas idades, suas cren\u00e7as, sua orienta\u00e7\u00e3o sexual, suas condi\u00e7\u00f5es socioecon\u00f4micas e culturais, e tanto mais. Pessoas com experi\u00eancias diversas, e suas hist\u00f3rias de vida. Todas com direito \u00e0 UFMG.<\/p><p>Conhecer a diversidade de sujeitos e compreender suas experi\u00eancias s\u00e3o exig\u00eancias primeiras para uma pol\u00edtica de assuntos estudantis ancorada na equival\u00eancia de direitos: para que n\u00e3o apenas cheguem \u00e0 UFMG, mas que aqui realizem o percurso de forma\u00e7\u00e3o acad\u00eamica que desejam. As novas circunst\u00e2ncias exigem uma UFMG que responda aos desafios contempor\u00e2neos.<\/p><p>Perguntar quem s\u00e3o os alunos da UFMG, o que eles demandam \u00e9 fundamental para formular pol\u00edticas estudantis consistentes e sintonizadas com as necessidades que apresentam.<\/p><\/div><\/div><\/div><div class=\"ea-card sp-ea-single\"><h3 class=\"ea-header\"><a class=\"collapsed\" id=\"ea-header-23492\" role=\"button\" data-sptoggle=\"spcollapse\" data-sptarget=\"#collapse23492\" aria-controls=\"collapse23492\" href=\"#\" aria-expanded=\"false\" tabindex=\"0\"><i aria-hidden=\"true\" role=\"presentation\" class=\"ea-expand-icon eap-icon-ea-expand-plus\"><\/i> Responsabilidades da PRAE<\/a><\/h3><div class=\"sp-collapse spcollapse \" id=\"collapse23492\" data-parent=\"#sp-ea-2349\" role=\"region\" aria-labelledby=\"ea-header-23492\"> <div class=\"ea-body\"><ul><li>Elaborar, coordenar e avaliar a\u00e7\u00f5es que integram a pol\u00edtica de assuntos estudantis da UFMG para atender aos direitos de estudantes, em tr\u00eas dom\u00ednios: a execu\u00e7\u00e3o de um programa de a\u00e7\u00f5es afirmativas; o apoio ao desenvolvimento de projetos acad\u00eamicos propostos por estudantes; e a execu\u00e7\u00e3o de um programa de assist\u00eancia estudantil em parceria com a Funda\u00e7\u00e3o Universit\u00e1ria Mendes Pimentel (FUMP).<\/li><li>Promover o permanente combate ao preconceito e \u00e0s opress\u00f5es de qualquer natureza, zelando pela equidade de direitos na comunidade estudantil \u00e9 outra responsabilidade da PRAE, em parceria com o DCE e a Ouvidoria<\/li><\/ul><\/div><\/div><\/div><div class=\"ea-card sp-ea-single\"><h3 class=\"ea-header\"><a class=\"collapsed\" id=\"ea-header-23493\" role=\"button\" data-sptoggle=\"spcollapse\" data-sptarget=\"#collapse23493\" aria-controls=\"collapse23493\" href=\"#\" aria-expanded=\"false\" tabindex=\"0\"><i aria-hidden=\"true\" role=\"presentation\" class=\"ea-expand-icon eap-icon-ea-expand-plus\"><\/i> Compet\u00eancias da PRAE<\/a><\/h3><div class=\"sp-collapse spcollapse \" id=\"collapse23493\" data-parent=\"#sp-ea-2349\" role=\"region\" aria-labelledby=\"ea-header-23493\"> <div class=\"ea-body\"><p>I \u2013 elaborar, coordenar e avaliar a execu\u00e7\u00e3o de programas, projetos e a\u00e7\u00f5es para compor a pol\u00edtica de assuntos estudantis;<\/p><p>II \u2013 elaborar, coordenar e avaliar programas e a\u00e7\u00f5es de fomento a projetos acad\u00eamicos do corpo discente;<\/p><p>III \u2013 elaborar, coordenar e avaliar programas, projetos e a\u00e7\u00f5es de assist\u00eancia estudantil, a serem executados pela Funda\u00e7\u00e3o Universit\u00e1ria Mendes Pimentel \u2013 FUMP;<\/p><p>IV \u2013 elaborar, coordenar e avaliar programas e projetos de a\u00e7\u00f5es afirmativas ligados a assuntos estudantis;<\/p><p>V \u2013 promover o permanente combate ao preconceito e \u00e0s opress\u00f5es de qualquer natureza, zelando pela equidade de direitos da comunidade estudantil;<\/p><p>VI \u2013 coordenar as atividades de suas diretorias administrativas, assessorias, coordenadorias e comiss\u00f5es de trabalho;<\/p><p>VII \u2013 manter articula\u00e7\u00e3o acad\u00eamica com a FUMP, as demais Pr\u00f3-Reitorias e quaisquer setores da UFMG e da comunidade externa para estabelecer conv\u00eanios, acordos e parcerias visando \u00e0 implementa\u00e7\u00e3o e \u00e0 articula\u00e7\u00e3o da pol\u00edtica de assuntos estudantis.\u201d<\/p><p>VIII \u2013\u00a0Apoiar as atividades esportivas e culturais dos estudantes da UFMG.<\/p><\/div><\/div><\/div><div class=\"ea-card sp-ea-single\"><h3 class=\"ea-header\"><a class=\"collapsed\" id=\"ea-header-23494\" role=\"button\" data-sptoggle=\"spcollapse\" data-sptarget=\"#collapse23494\" aria-controls=\"collapse23494\" href=\"#\" aria-expanded=\"false\" tabindex=\"0\"><i aria-hidden=\"true\" role=\"presentation\" class=\"ea-expand-icon eap-icon-ea-expand-plus\"><\/i> Estrutura Organizacional<\/a><\/h3><div class=\"sp-collapse spcollapse \" id=\"collapse23494\" data-parent=\"#sp-ea-2349\" role=\"region\" aria-labelledby=\"ea-header-23494\"> <div class=\"ea-body\"><p>I \u2013 Pr\u00f3-Reitor;<br \/>II \u2013 Pr\u00f3-Reitor Adjunto;<br \/>III \u2013 Conselho de Assuntos Estudantis;<br \/>IV \u2013 Secretaria Administrativa;<br \/>V \u2013 Diretorias: A\u00e7\u00f5es Afirmativas, Apoio a Projetos de Estudantes, Assist\u00eancia Estudantil;<br \/>VI - Setor de Acolhimento e Orienta\u00e7\u00e3o<\/p><\/div><\/div><\/div><div class=\"ea-card sp-ea-single\"><h3 class=\"ea-header\"><a class=\"collapsed\" id=\"ea-header-23495\" role=\"button\" data-sptoggle=\"spcollapse\" data-sptarget=\"#collapse23495\" aria-controls=\"collapse23495\" href=\"#\" aria-expanded=\"false\" tabindex=\"0\"><i aria-hidden=\"true\" role=\"presentation\" class=\"ea-expand-icon eap-icon-ea-expand-plus\"><\/i> 10 anos PRAE<\/a><\/h3><div class=\"sp-collapse spcollapse \" id=\"collapse23495\" data-parent=\"#sp-ea-2349\" role=\"region\" aria-labelledby=\"ea-header-23495\"> <div class=\"ea-body\"><p><span style=\"color: #0000ff\"><a style=\"color: #0000ff\" href=\"https:\/\/www.ufmg.br\/prae\/sobre-a-prae\/10-anos-prae\/\">Veja as fotos da Comemora\u00e7\u00e3o dos <strong>10 ANOS PRAE<\/strong><\/a><\/span><\/p><\/div><\/div><\/div><\/div><\/div>\n","protected":false},"excerpt":{"rendered":"<p>A PRAE, desde a sua cria\u00e7\u00e3o em novembro de 2014, [&hellip;]<\/p>\n","protected":false},"author":1,"featured_media":0,"parent":0,"menu_order":0,"comment_status":"closed","ping_status":"closed","template":"","meta":{"_acf_changed":false,"footnotes":""},"tags":[],"class_list":["post-297","page","type-page","status-publish","hentry"],"acf":[],"_links":{"self":[{"href":"https:\/\/www.ufmg.br\/prae\/wp-json\/wp\/v2\/pages\/297","targetHints":{"allow":["GET"]}}],"collection":[{"href":"https:\/\/www.ufmg.br\/prae\/wp-json\/wp\/v2\/pages"}],"about":[{"href":"https:\/\/www.ufmg.br\/prae\/wp-json\/wp\/v2\/types\/page"}],"author":[{"embeddable":true,"href":"https:\/\/www.ufmg.br\/prae\/wp-json\/wp\/v2\/users\/1"}],"replies":[{"embeddable":true,"href":"https:\/\/www.ufmg.br\/prae\/wp-json\/wp\/v2\/comments?post=297"}],"version-history":[{"count":55,"href":"https:\/\/www.ufmg.br\/prae\/wp-json\/wp\/v2\/pages\/297\/revisions"}],"predecessor-version":[{"id":3057,"href":"https:\/\/www.ufmg.br\/prae\/wp-json\/wp\/v2\/pages\/297\/revisions\/3057"}],"wp:attachment":[{"href":"https:\/\/www.ufmg.br\/prae\/wp-json\/wp\/v2\/media?parent=297"}],"wp:term":[{"taxonomy":"post_tag","embeddable":true,"href":"https:\/\/www.ufmg.br\/prae\/wp-json\/wp\/v2\/tags?post=297"}],"curies":[{"name":"wp","href":"https:\/\/api.w.org\/{rel}","templated":true}]}}