{"id":299,"date":"2021-06-16T17:24:54","date_gmt":"2021-06-16T20:24:54","guid":{"rendered":"https:\/\/www.ufmg.br\/prae\/?page_id=299"},"modified":"2026-03-17T09:49:22","modified_gmt":"2026-03-17T12:49:22","slug":"diretoria-de-acoes-afirmativas","status":"publish","type":"page","link":"https:\/\/www.ufmg.br\/prae\/diretoria-de-acoes-afirmativas\/","title":{"rendered":"Diretoria de A\u00e7\u00f5es Afirmativas"},"content":{"rendered":"<p>A PRAE realiza pol\u00edticas de a\u00e7\u00f5es afirmativas voltadas para o reconhecimento de identidades e para o fortalecimento de v\u00ednculos de pertencimento \u00e0 UFMG. Orientados pelo princ\u00edpio da equidade de direitos, desenvolvemos a\u00e7\u00f5es e pol\u00edticas que visam combater as desigualdades de oportunidades e as discrimina\u00e7\u00f5es que afetam o acesso e a perman\u00eancia\u00a0 de estudantes na Universidade.<br \/>\n<style>#sp-ea-2398 .spcollapsing { height: 0; overflow: hidden; transition-property: height;transition-duration: 500ms;}#sp-ea-2398.sp-easy-accordion>.sp-ea-single {margin-bottom: 10px; border: 1px solid #e2e2e2; }#sp-ea-2398.sp-easy-accordion>.sp-ea-single>.ea-header a {color: #444;}#sp-ea-2398.sp-easy-accordion>.sp-ea-single>.sp-collapse>.ea-body {background: #fff; color: #444;}#sp-ea-2398.sp-easy-accordion>.sp-ea-single {background: #eee;}#sp-ea-2398.sp-easy-accordion>.sp-ea-single>.ea-header a .ea-expand-icon { float: left; color: #444;font-size: 16px;}<\/style><div id=\"sp_easy_accordion-1775498510\"><div id=\"sp-ea-2398\" class=\"sp-ea-one sp-easy-accordion\" data-ea-active=\"ea-click\" data-ea-mode=\"vertical\" data-preloader=\"\" data-scroll-active-item=\"\" data-offset-to-scroll=\"0\"><div class=\"ea-card ea-expand sp-ea-single\"><h3 class=\"ea-header\"><a class=\"collapsed\" id=\"ea-header-23980\" role=\"button\" data-sptoggle=\"spcollapse\" data-sptarget=\"#collapse23980\" aria-controls=\"collapse23980\" href=\"#\" aria-expanded=\"true\" tabindex=\"0\"><i aria-hidden=\"true\" role=\"presentation\" class=\"ea-expand-icon eap-icon-ea-expand-minus\"><\/i> O que s\u00e3o a\u00e7\u00f5es afirmativas?<\/a><\/h3><div class=\"sp-collapse spcollapse collapsed show\" id=\"collapse23980\" data-parent=\"#sp-ea-2398\" role=\"region\" aria-labelledby=\"ea-header-23980\"> <div class=\"ea-body\"><p>A\u00e7\u00f5es Afirmativas s\u00e3o pol\u00edticas (p\u00fablicas ou privadas) criadas com o objetivo de promover grupos social e historicamente discriminados.<\/p><p><a href=\"https:\/\/www.ufmg.br\/prae\/acoes-afirmativas\/o-que-sao-acoes-afirmativas\/\">Ver mais<\/a><\/p><\/div><\/div><\/div><div class=\"ea-card sp-ea-single\"><h3 class=\"ea-header\"><a class=\"collapsed\" id=\"ea-header-23981\" role=\"button\" data-sptoggle=\"spcollapse\" data-sptarget=\"#collapse23981\" aria-controls=\"collapse23981\" href=\"#\" aria-expanded=\"false\" tabindex=\"0\"><i aria-hidden=\"true\" role=\"presentation\" class=\"ea-expand-icon eap-icon-ea-expand-plus\"><\/i> A Diretoria de A\u00e7\u00f5es Afirmativas<\/a><\/h3><div class=\"sp-collapse spcollapse \" id=\"collapse23981\" data-parent=\"#sp-ea-2398\" role=\"region\" aria-labelledby=\"ea-header-23981\"> <div class=\"ea-body\"><p>A Diretoria de Pol\u00edticas de A\u00e7\u00f5es Afirmativas da PRAE acompanha a experi\u00eancia universit\u00e1ria de estudantes destinat\u00e1rios das pol\u00edticas\u00a0 de a\u00e7\u00f5es afirmativas.<\/p><p><a href=\"https:\/\/www.ufmg.br\/prae\/acoes-afirmativas\/a-diretoria-de-acoes-afirmativas\/\">Ver mais<\/a><\/p><\/div><\/div><\/div><div class=\"ea-card sp-ea-single\"><h3 class=\"ea-header\"><a class=\"collapsed\" id=\"ea-header-23982\" role=\"button\" data-sptoggle=\"spcollapse\" data-sptarget=\"#collapse23982\" aria-controls=\"collapse23982\" href=\"#\" aria-expanded=\"false\" tabindex=\"0\"><i aria-hidden=\"true\" role=\"presentation\" class=\"ea-expand-icon eap-icon-ea-expand-plus\"><\/i> Coletivos Estudantis<\/a><\/h3><div class=\"sp-collapse spcollapse \" id=\"collapse23982\" data-parent=\"#sp-ea-2398\" role=\"region\" aria-labelledby=\"ea-header-23982\"> <div class=\"ea-body\"><p>Para estreitar nosso contato e potencializar a constru\u00e7\u00e3o coletiva de nossas pol\u00edticas, estamos, continuamente identificando os Coletivos Estudantis da UFMG.<\/p><p><a href=\"https:\/\/www.ufmg.br\/prae\/coletivos\">Ver mais<\/a><\/p><\/div><\/div><\/div><div class=\"ea-card sp-ea-single\"><h3 class=\"ea-header\"><a class=\"collapsed\" id=\"ea-header-23983\" role=\"button\" data-sptoggle=\"spcollapse\" data-sptarget=\"#collapse23983\" aria-controls=\"collapse23983\" href=\"#\" aria-expanded=\"false\" tabindex=\"0\"><i aria-hidden=\"true\" role=\"presentation\" class=\"ea-expand-icon eap-icon-ea-expand-plus\"><\/i> Novembro Negro<\/a><\/h3><div class=\"sp-collapse spcollapse \" id=\"collapse23983\" data-parent=\"#sp-ea-2398\" role=\"region\" aria-labelledby=\"ea-header-23983\"> <div class=\"ea-body\"><p>Com atividades programadas ao longo do m\u00eas da Consci\u00eancia Negra, o Novembro Negro UFMG re\u00fane a comunidade acad\u00eamica em torno da reflex\u00e3o sobre rela\u00e7\u00f5es raciais e formas de constru\u00e7\u00e3o de uma sociedade antirracista, justa e equ\u00e2nime.<\/p><p><a href=\"https:\/\/www.ufmg.br\/prae\/acoes-afirmativas\/novembro-negro\/\">Ver mais<\/a><\/p><\/div><\/div><\/div><\/div><\/div><\/p>\n","protected":false},"excerpt":{"rendered":"<p>A PRAE realiza pol\u00edticas de a\u00e7\u00f5es afirmativas voltadas para o [&hellip;]<\/p>\n","protected":false},"author":1,"featured_media":0,"parent":0,"menu_order":0,"comment_status":"closed","ping_status":"closed","template":"","meta":{"_acf_changed":false,"footnotes":""},"tags":[],"class_list":["post-299","page","type-page","status-publish","hentry"],"acf":[],"_links":{"self":[{"href":"https:\/\/www.ufmg.br\/prae\/wp-json\/wp\/v2\/pages\/299","targetHints":{"allow":["GET"]}}],"collection":[{"href":"https:\/\/www.ufmg.br\/prae\/wp-json\/wp\/v2\/pages"}],"about":[{"href":"https:\/\/www.ufmg.br\/prae\/wp-json\/wp\/v2\/types\/page"}],"author":[{"embeddable":true,"href":"https:\/\/www.ufmg.br\/prae\/wp-json\/wp\/v2\/users\/1"}],"replies":[{"embeddable":true,"href":"https:\/\/www.ufmg.br\/prae\/wp-json\/wp\/v2\/comments?post=299"}],"version-history":[{"count":90,"href":"https:\/\/www.ufmg.br\/prae\/wp-json\/wp\/v2\/pages\/299\/revisions"}],"predecessor-version":[{"id":3692,"href":"https:\/\/www.ufmg.br\/prae\/wp-json\/wp\/v2\/pages\/299\/revisions\/3692"}],"wp:attachment":[{"href":"https:\/\/www.ufmg.br\/prae\/wp-json\/wp\/v2\/media?parent=299"}],"wp:term":[{"taxonomy":"post_tag","embeddable":true,"href":"https:\/\/www.ufmg.br\/prae\/wp-json\/wp\/v2\/tags?post=299"}],"curies":[{"name":"wp","href":"https:\/\/api.w.org\/{rel}","templated":true}]}}