{"id":3538,"date":"2025-12-09T16:21:27","date_gmt":"2025-12-09T19:21:27","guid":{"rendered":"https:\/\/www.ufmg.br\/prae\/?page_id=3538"},"modified":"2025-12-11T11:08:30","modified_gmt":"2025-12-11T14:08:30","slug":"dados-gerais-das-chamadas-prae","status":"publish","type":"page","link":"https:\/\/www.ufmg.br\/prae\/publicacoes\/dados-gerais-das-chamadas-prae\/","title":{"rendered":"Dados Gerais das Chamadas PRAE"},"content":{"rendered":"<p>Lista de Chamadas 2025<\/p>\n<ul>\n<li><a href=\"https:\/\/www.ufmg.br\/prae\/wp-content\/uploads\/2025\/12\/Edital-Chamada-1_2025-1a-edicao.pdf\">Edital-Chamada-1_2025-1a-edicao<\/a><\/li>\n<li><a href=\"https:\/\/www.ufmg.br\/prae\/wp-content\/uploads\/2025\/12\/Edital-Chamada-1_2025-2a-edicao.pdf\">Edital-Chamada-1_2025-2a-edicao<\/a><\/li>\n<li><a href=\"http:\/\/Edital-Chamada-1_2025-3a-edicao\">Edital-Chamada-1_2025-3a-edicao<\/a><\/li>\n<li><a href=\"https:\/\/www.ufmg.br\/prae\/wp-content\/uploads\/2025\/12\/Edital-Chamada-2_2025.pdf\">Edital-Chamada-2_2025<\/a><\/li>\n<li><a href=\"https:\/\/www.ufmg.br\/prae\/wp-content\/uploads\/2025\/12\/Edital-Chamada-3_2025.pdf\">Edital-Chamada-3_2025<\/a><\/li>\n<li><a href=\"https:\/\/www.ufmg.br\/prae\/wp-content\/uploads\/2025\/12\/Edital-Chamada-5_2025.pdf\">Edital-Chamada-5_2025<\/a><\/li>\n<li><a href=\"https:\/\/www.ufmg.br\/prae\/wp-content\/uploads\/2025\/12\/Edital-Chamada-6_2025.pdf\">Edital-Chamada-6_2025<\/a><\/li>\n<\/ul>\n<p>Chamadas 2025<\/p>\n<ul>\n<li><a href=\"https:\/\/www.ufmg.br\/prae\/wp-content\/uploads\/2025\/12\/Chamada-de-apoio-a-projetos-2025-dados-gerais.pdf\">Chamada de Apoio a Projetos<\/a><\/li>\n<li><a href=\"https:\/\/www.ufmg.br\/prae\/wp-content\/uploads\/2025\/12\/Chamada-de-eventos-2025-dados-gerais.pdf\">Chamada de Eventos<\/a><\/li>\n<\/ul>\n<p>Chamadas 2024<\/p>\n<ul>\n<li><a href=\"https:\/\/www.ufmg.br\/prae\/wp-content\/uploads\/2025\/12\/Chamada-de-apoio-a-projetos-2024-dados-gerais.pdf\">Chamada de Apoio a Projetos<\/a><\/li>\n<li><a href=\"https:\/\/www.ufmg.br\/prae\/wp-content\/uploads\/2025\/12\/Chamada-de-eventos-2024-dados-gerais.pdf\">Chamada de Eventos<\/a><\/li>\n<li><a href=\"https:\/\/www.ufmg.br\/prae\/wp-content\/uploads\/2025\/12\/Relatorio-Chamadas-PRAE-Apoio-a-participacao-em-Eventos-2024.pdf\">Relat\u00f3rio Chamadas PRAE &#8211; Apoio a participa\u00e7\u00e3o em Eventos &#8211;\u00a0 2024<\/a><\/li>\n<li><a href=\"https:\/\/www.ufmg.br\/prae\/wp-content\/uploads\/2025\/12\/Relatorio-Chamadas-PRAE-Apoio-a-Projetos-2024.pdf\">Relatorio-Chamadas-PRAE Apoio a Projetos &#8211; 2024<\/a><\/li>\n<\/ul>\n","protected":false},"excerpt":{"rendered":"<p>Lista de Chamadas 2025 Edital-Chamada-1_2025-1a-edicao Edital-Chamada-1_2025-2a-edicao Edital-Chamada-1_2025-3a-edicao Edital-Chamada-2_2025 Edital-Chamada-3_2025 Edital-Chamada-5_2025 [&hellip;]<\/p>\n","protected":false},"author":2,"featured_media":0,"parent":1102,"menu_order":0,"comment_status":"closed","ping_status":"closed","template":"","meta":{"_acf_changed":false,"footnotes":""},"tags":[],"class_list":["post-3538","page","type-page","status-publish","hentry"],"acf":[],"_links":{"self":[{"href":"https:\/\/www.ufmg.br\/prae\/wp-json\/wp\/v2\/pages\/3538","targetHints":{"allow":["GET"]}}],"collection":[{"href":"https:\/\/www.ufmg.br\/prae\/wp-json\/wp\/v2\/pages"}],"about":[{"href":"https:\/\/www.ufmg.br\/prae\/wp-json\/wp\/v2\/types\/page"}],"author":[{"embeddable":true,"href":"https:\/\/www.ufmg.br\/prae\/wp-json\/wp\/v2\/users\/2"}],"replies":[{"embeddable":true,"href":"https:\/\/www.ufmg.br\/prae\/wp-json\/wp\/v2\/comments?post=3538"}],"version-history":[{"count":9,"href":"https:\/\/www.ufmg.br\/prae\/wp-json\/wp\/v2\/pages\/3538\/revisions"}],"predecessor-version":[{"id":3612,"href":"https:\/\/www.ufmg.br\/prae\/wp-json\/wp\/v2\/pages\/3538\/revisions\/3612"}],"up":[{"embeddable":true,"href":"https:\/\/www.ufmg.br\/prae\/wp-json\/wp\/v2\/pages\/1102"}],"wp:attachment":[{"href":"https:\/\/www.ufmg.br\/prae\/wp-json\/wp\/v2\/media?parent=3538"}],"wp:term":[{"taxonomy":"post_tag","embeddable":true,"href":"https:\/\/www.ufmg.br\/prae\/wp-json\/wp\/v2\/tags?post=3538"}],"curies":[{"name":"wp","href":"https:\/\/api.w.org\/{rel}","templated":true}]}}

<p>Lista de Chamadas 2025</p>
<ul>
<li><a href="https://www.ufmg.br/prae/wp-content/uploads/2025/12/Edital-Chamada-1_2025-1a-edicao.pdf">Edital-Chamada-1_2025-1a-edicao</a></li>
<li><a href="https://www.ufmg.br/prae/wp-content/uploads/2025/12/Edital-Chamada-1_2025-2a-edicao.pdf">Edital-Chamada-1_2025-2a-edicao</a></li>
<li><a href="http://Edital-Chamada-1_2025-3a-edicao">Edital-Chamada-1_2025-3a-edicao</a></li>
<li><a href="https://www.ufmg.br/prae/wp-content/uploads/2025/12/Edital-Chamada-2_2025.pdf">Edital-Chamada-2_2025</a></li>
<li><a href="https://www.ufmg.br/prae/wp-content/uploads/2025/12/Edital-Chamada-3_2025.pdf">Edital-Chamada-3_2025</a></li>
<li><a href="https://www.ufmg.br/prae/wp-content/uploads/2025/12/Edital-Chamada-5_2025.pdf">Edital-Chamada-5_2025</a></li>
<li><a href="https://www.ufmg.br/prae/wp-content/uploads/2025/12/Edital-Chamada-6_2025.pdf">Edital-Chamada-6_2025</a></li>
</ul>
<p>Chamadas 2025</p>
<ul>
<li><a href="https://www.ufmg.br/prae/wp-content/uploads/2025/12/Chamada-de-apoio-a-projetos-2025-dados-gerais.pdf">Chamada de Apoio a Projetos</a></li>
<li><a href="https://www.ufmg.br/prae/wp-content/uploads/2025/12/Chamada-de-eventos-2025-dados-gerais.pdf">Chamada de Eventos</a></li>
</ul>
<p>Chamadas 2024</p>
<ul>
<li><a href="https://www.ufmg.br/prae/wp-content/uploads/2025/12/Chamada-de-apoio-a-projetos-2024-dados-gerais.pdf">Chamada de Apoio a Projetos</a></li>
<li><a href="https://www.ufmg.br/prae/wp-content/uploads/2025/12/Chamada-de-eventos-2024-dados-gerais.pdf">Chamada de Eventos</a></li>
<li><a href="https://www.ufmg.br/prae/wp-content/uploads/2025/12/Relatorio-Chamadas-PRAE-Apoio-a-participacao-em-Eventos-2024.pdf">Relatório Chamadas PRAE &#8211; Apoio a participação em Eventos &#8211;  2024</a></li>
<li><a href="https://www.ufmg.br/prae/wp-content/uploads/2025/12/Relatorio-Chamadas-PRAE-Apoio-a-Projetos-2024.pdf">Relatorio-Chamadas-PRAE Apoio a Projetos &#8211; 2024</a></li>
</ul>
