{"id":3821,"date":"2026-05-06T15:51:11","date_gmt":"2026-05-06T18:51:11","guid":{"rendered":"https:\/\/www.ufmg.br\/prae\/?page_id=3821"},"modified":"2026-05-07T10:15:24","modified_gmt":"2026-05-07T13:15:24","slug":"espacos-de-cuidados-parentais","status":"publish","type":"page","link":"https:\/\/www.ufmg.br\/prae\/espacos-de-cuidados-parentais\/","title":{"rendered":"Espa\u00e7os de Cuidados Parentais"},"content":{"rendered":"<p>Os Espa\u00e7os de Cuidados Parentais s\u00e3o uma a\u00e7\u00e3o em apoio a perman\u00eancia de m\u00e3es e pais estudantes da UFMG, em conson\u00e2ncia com o art.22 da Lei n 14.914 de 3 de julho de 2024, com recursos provenientes da Emenda Parlamentar n\u00b0 43340021\/2024.<\/p>\n<p>Informamos o funcionamento dos cinco Espa\u00e7os de Cuidados Parentais instalados nos seguintes locais: Instituto de Ci\u00eancias Biol\u00f3gicas (ICB), na Faculdade de Medicina (Campus Sa\u00fade), na Faculdade de Educa\u00e7\u00e3o (FaE), no Instituto de Ci\u00eancias Exatas (ICEx) e na Faculdade de Filosofia e Ci\u00eancias Humanas (Fafich). A implanta\u00e7\u00e3o de uma sexta unidade est\u00e1 prevista at\u00e9 julho, na Faculdade de Farm\u00e1cia.<\/p>\n<p><a href=\"https:\/\/www.ufmg.br\/prae\/wp-content\/uploads\/2026\/05\/Funcionamento-dos-espacos-de-cuidados-parentais.pdf\">Conhe\u00e7a o funcionamento de cada Espa\u00e7o de Cuidados Parentais<\/a><\/p>\n<h5>\t                <ul class=\"easy-image-gallery thumbnails-5 linked\">\r\n                    <li><a data-fancybox=\"gallery856\" href=\"https:\/\/www.ufmg.br\/prae\/wp-content\/uploads\/2026\/05\/Espaco-de-Cuidados-Parentais-FAFICH-Publicar.jpg\" class=\"eig-popup\" title=\"\" data-caption=\"\" target=\"_blank\"><i class=\"icon-view\"><\/i><span class=\"overlay\"><\/span><img loading=\"lazy\" decoding=\"async\" width=\"150\" height=\"150\" src=\"https:\/\/www.ufmg.br\/prae\/wp-content\/uploads\/2026\/05\/Espaco-de-Cuidados-Parentais-FAFICH-Publicar-150x150.jpg\" class=\"attachment-thumbnail size-thumbnail\" alt=\"\" srcset=\"https:\/\/www.ufmg.br\/prae\/wp-content\/uploads\/2026\/05\/Espaco-de-Cuidados-Parentais-FAFICH-Publicar-150x150.jpg 150w, https:\/\/www.ufmg.br\/prae\/wp-content\/uploads\/2026\/05\/Espaco-de-Cuidados-Parentais-FAFICH-Publicar-340x340.jpg 340w\" sizes=\"auto, (max-width: 150px) 100vw, 150px\" \/><\/a><\/li><li><a data-fancybox=\"gallery856\" href=\"https:\/\/www.ufmg.br\/prae\/wp-content\/uploads\/2026\/05\/Espaco-de-Cuidados-Parentais-FAE-Publicar.jpg\" class=\"eig-popup\" title=\"\" data-caption=\"\" target=\"_blank\"><i class=\"icon-view\"><\/i><span class=\"overlay\"><\/span><img loading=\"lazy\" decoding=\"async\" width=\"150\" height=\"150\" src=\"https:\/\/www.ufmg.br\/prae\/wp-content\/uploads\/2026\/05\/Espaco-de-Cuidados-Parentais-FAE-Publicar-150x150.jpg\" class=\"attachment-thumbnail size-thumbnail\" alt=\"\" \/><\/a><\/li><li><a data-fancybox=\"gallery856\" href=\"https:\/\/www.ufmg.br\/prae\/wp-content\/uploads\/2026\/05\/Espaco-de-Cuidados-Parentais-Medicina-Publicar.png\" class=\"eig-popup\" title=\"\" data-caption=\"\" target=\"_blank\"><i class=\"icon-view\"><\/i><span class=\"overlay\"><\/span><img loading=\"lazy\" decoding=\"async\" width=\"150\" height=\"150\" src=\"https:\/\/www.ufmg.br\/prae\/wp-content\/uploads\/2026\/05\/Espaco-de-Cuidados-Parentais-Medicina-Publicar-150x150.png\" class=\"attachment-thumbnail size-thumbnail\" alt=\"\" \/><\/a><\/li><li><a data-fancybox=\"gallery856\" href=\"https:\/\/www.ufmg.br\/prae\/wp-content\/uploads\/2026\/05\/Espaco-de-Cuidados-Parentais-ICEX-Publicar.jpg\" class=\"eig-popup\" title=\"\" data-caption=\"\" target=\"_blank\"><i class=\"icon-view\"><\/i><span class=\"overlay\"><\/span><img loading=\"lazy\" decoding=\"async\" width=\"150\" height=\"150\" src=\"https:\/\/www.ufmg.br\/prae\/wp-content\/uploads\/2026\/05\/Espaco-de-Cuidados-Parentais-ICEX-Publicar-150x150.jpg\" class=\"attachment-thumbnail size-thumbnail\" alt=\"\" \/><\/a><\/li><li><a data-fancybox=\"gallery856\" href=\"https:\/\/www.ufmg.br\/prae\/wp-content\/uploads\/2026\/05\/Espaco-de-Cuidados-Parentais-ICB-Publicar.jpg\" class=\"eig-popup\" title=\"\" data-caption=\"\" target=\"_blank\"><i class=\"icon-view\"><\/i><span class=\"overlay\"><\/span><img loading=\"lazy\" decoding=\"async\" width=\"150\" height=\"150\" src=\"https:\/\/www.ufmg.br\/prae\/wp-content\/uploads\/2026\/05\/Espaco-de-Cuidados-Parentais-ICB-Publicar-150x150.jpg\" class=\"attachment-thumbnail size-thumbnail\" alt=\"\" srcset=\"https:\/\/www.ufmg.br\/prae\/wp-content\/uploads\/2026\/05\/Espaco-de-Cuidados-Parentais-ICB-Publicar-150x150.jpg 150w, https:\/\/www.ufmg.br\/prae\/wp-content\/uploads\/2026\/05\/Espaco-de-Cuidados-Parentais-ICB-Publicar-600x600.jpg 600w, https:\/\/www.ufmg.br\/prae\/wp-content\/uploads\/2026\/05\/Espaco-de-Cuidados-Parentais-ICB-Publicar-340x340.jpg 340w\" sizes=\"auto, (max-width: 150px) 100vw, 150px\" \/><\/a><\/li><\/ul><\/h5>\n<p>Leia mais sobre o assunto em:<\/p>\n<p><span style=\"color: #3366ff;\"><a style=\"color: #3366ff;\" href=\"https:\/\/www.letras.ufmg.br\/site\/pt-BR\/institucional\/centro-de-memoria\/13-noticias\/noticias-comuns\/3304-criacao-de-uma-rede-de-salas-de-cuidados-parentais-e-fraldarios\">https:\/\/www.letras.ufmg.br\/site\/pt-BR\/institucional\/centro-de-memoria\/13-noticias\/noticias-comuns\/3304-criacao-de-uma-rede-de-salas-de-cuidados-parentais-e-fraldarios<\/a><\/span><\/p>\n<p><a href=\"https:\/\/www.ufmg.br\/comunicacao\/noticias\/assistencia-estudantil\/ufmg-inaugura-rede-de-salas-de-cuidados-parentais-e-fraldarios\/\">https:\/\/www.ufmg.br\/comunicacao\/noticias\/assistencia-estudantil\/ufmg-inaugura-rede-de-salas-de-cuidados-parentais-e-fraldarios\/<\/a><\/p>\n<p><a href=\"https:\/\/www.em.com.br\/gerais\/2026\/03\/7369954-ufmg-inaugura-salas-de-cuidados-parentais-e-fraldarios.html\">https:\/\/www.em.com.br\/gerais\/2026\/03\/7369954-ufmg-inaugura-salas-de-cuidados-parentais-e-fraldarios.html<\/a><\/p>\n","protected":false},"excerpt":{"rendered":"<p>Os Espa\u00e7os de Cuidados Parentais s\u00e3o uma a\u00e7\u00e3o em apoio [&hellip;]<\/p>\n","protected":false},"author":2,"featured_media":0,"parent":0,"menu_order":0,"comment_status":"closed","ping_status":"closed","template":"","meta":{"_acf_changed":false,"footnotes":""},"tags":[],"class_list":["post-3821","page","type-page","status-publish","hentry"],"acf":[],"_links":{"self":[{"href":"https:\/\/www.ufmg.br\/prae\/wp-json\/wp\/v2\/pages\/3821","targetHints":{"allow":["GET"]}}],"collection":[{"href":"https:\/\/www.ufmg.br\/prae\/wp-json\/wp\/v2\/pages"}],"about":[{"href":"https:\/\/www.ufmg.br\/prae\/wp-json\/wp\/v2\/types\/page"}],"author":[{"embeddable":true,"href":"https:\/\/www.ufmg.br\/prae\/wp-json\/wp\/v2\/users\/2"}],"replies":[{"embeddable":true,"href":"https:\/\/www.ufmg.br\/prae\/wp-json\/wp\/v2\/comments?post=3821"}],"version-history":[{"count":17,"href":"https:\/\/www.ufmg.br\/prae\/wp-json\/wp\/v2\/pages\/3821\/revisions"}],"predecessor-version":[{"id":3846,"href":"https:\/\/www.ufmg.br\/prae\/wp-json\/wp\/v2\/pages\/3821\/revisions\/3846"}],"wp:attachment":[{"href":"https:\/\/www.ufmg.br\/prae\/wp-json\/wp\/v2\/media?parent=3821"}],"wp:term":[{"taxonomy":"post_tag","embeddable":true,"href":"https:\/\/www.ufmg.br\/prae\/wp-json\/wp\/v2\/tags?post=3821"}],"curies":[{"name":"wp","href":"https:\/\/api.w.org\/{rel}","templated":true}]}}