{"id":407,"date":"2021-06-24T16:18:04","date_gmt":"2021-06-24T19:18:04","guid":{"rendered":"https:\/\/www.ufmg.br\/prae\/?page_id=407"},"modified":"2024-06-07T12:18:04","modified_gmt":"2024-06-07T15:18:04","slug":"mapeando-coletividades","status":"publish","type":"page","link":"https:\/\/www.ufmg.br\/prae\/diretoria-de-acoes-afirmativas\/mapeando-coletividades\/","title":{"rendered":"Mapeando Coletividades"},"content":{"rendered":"<p><span style=\"font-weight: 400;\">A Pr\u00f3-Reitoria de Assuntos Estudantis reconhece o papel fundamental dos movimentos sociais e das pr\u00e1ticas coletivas de organiza\u00e7\u00e3o pol\u00edtica para a cria\u00e7\u00e3o e o fortalecimento das a\u00e7\u00f5es afirmativas. Nesse sentido, buscando alinhar nossa atua\u00e7\u00e3o com as demandas da comunidade acad\u00eamica e visibilizar as pessoas e coletividades que atuam para tornar a UFMG cada vez mais um espa\u00e7o de diversidade e inclus\u00e3o, temos nos dedicado a mapear essas iniciativas. O\u00a0 objetivo \u00e9 conhecer, divulgar, dialogar e construir redes e parcerias com os diversos agrupamentos voltados a pensar a experi\u00eancia estudantil em todas as suas dimens\u00f5es, reconhecendo os diferentes sujeitos, identidades e viv\u00eancias no \u00e2mbito da UFMG.<\/span><\/p>\n","protected":false},"excerpt":{"rendered":"<p>A Pr\u00f3-Reitoria de Assuntos Estudantis reconhece o papel fundamental dos [&hellip;]<\/p>\n","protected":false},"author":1,"featured_media":0,"parent":299,"menu_order":0,"comment_status":"closed","ping_status":"closed","template":"","meta":{"_acf_changed":false,"footnotes":""},"tags":[],"class_list":["post-407","page","type-page","status-publish","hentry"],"acf":[],"_links":{"self":[{"href":"https:\/\/www.ufmg.br\/prae\/wp-json\/wp\/v2\/pages\/407","targetHints":{"allow":["GET"]}}],"collection":[{"href":"https:\/\/www.ufmg.br\/prae\/wp-json\/wp\/v2\/pages"}],"about":[{"href":"https:\/\/www.ufmg.br\/prae\/wp-json\/wp\/v2\/types\/page"}],"author":[{"embeddable":true,"href":"https:\/\/www.ufmg.br\/prae\/wp-json\/wp\/v2\/users\/1"}],"replies":[{"embeddable":true,"href":"https:\/\/www.ufmg.br\/prae\/wp-json\/wp\/v2\/comments?post=407"}],"version-history":[{"count":22,"href":"https:\/\/www.ufmg.br\/prae\/wp-json\/wp\/v2\/pages\/407\/revisions"}],"predecessor-version":[{"id":2756,"href":"https:\/\/www.ufmg.br\/prae\/wp-json\/wp\/v2\/pages\/407\/revisions\/2756"}],"up":[{"embeddable":true,"href":"https:\/\/www.ufmg.br\/prae\/wp-json\/wp\/v2\/pages\/299"}],"wp:attachment":[{"href":"https:\/\/www.ufmg.br\/prae\/wp-json\/wp\/v2\/media?parent=407"}],"wp:term":[{"taxonomy":"post_tag","embeddable":true,"href":"https:\/\/www.ufmg.br\/prae\/wp-json\/wp\/v2\/tags?post=407"}],"curies":[{"name":"wp","href":"https:\/\/api.w.org\/{rel}","templated":true}]}}