{"id":523,"date":"2021-06-30T20:11:09","date_gmt":"2021-06-30T23:11:09","guid":{"rendered":"https:\/\/www.ufmg.br\/prae\/?page_id=523"},"modified":"2026-03-20T09:45:36","modified_gmt":"2026-03-20T12:45:36","slug":"assistencia-estudantil","status":"publish","type":"page","link":"https:\/\/www.ufmg.br\/prae\/assistencia-estudantil\/","title":{"rendered":"Diretoria de Assist\u00eancia Estudantil"},"content":{"rendered":"<p>A UFMG orienta-se por uma concep\u00e7\u00e3o de Assist\u00eancia Estudantil focada em estudantes em situa\u00e7\u00e3o de vulnerabilidade socioecon\u00f4mica e risco social. Encontre nesta se\u00e7\u00e3o informa\u00e7\u00f5es sobre a quem ela se destina, as informa\u00e7\u00f5es sobre os programas em andamento e como solicit\u00e1-los.<\/p>\n<style>#sp-ea-2406 .spcollapsing { height: 0; overflow: hidden; transition-property: height;transition-duration: 500ms;}#sp-ea-2406.sp-easy-accordion>.sp-ea-single {margin-bottom: 10px; border: 1px solid #e2e2e2; }#sp-ea-2406.sp-easy-accordion>.sp-ea-single>.ea-header a {color: #444;}#sp-ea-2406.sp-easy-accordion>.sp-ea-single>.sp-collapse>.ea-body {background: #fff; color: #444;}#sp-ea-2406.sp-easy-accordion>.sp-ea-single {background: #eee;}#sp-ea-2406.sp-easy-accordion>.sp-ea-single>.ea-header a .ea-expand-icon { float: left; color: #444;font-size: 16px;}<\/style><div id=\"sp_easy_accordion-1774010803\"><div id=\"sp-ea-2406\" class=\"sp-ea-one sp-easy-accordion\" data-ea-active=\"ea-click\" data-ea-mode=\"vertical\" data-preloader=\"\" data-scroll-active-item=\"\" data-offset-to-scroll=\"0\"><div class=\"ea-card ea-expand sp-ea-single\"><h3 class=\"ea-header\"><a class=\"collapsed\" id=\"ea-header-24060\" role=\"button\" data-sptoggle=\"spcollapse\" data-sptarget=\"#collapse24060\" aria-controls=\"collapse24060\" href=\"#\" aria-expanded=\"true\" tabindex=\"0\"><i aria-hidden=\"true\" role=\"presentation\" class=\"ea-expand-icon eap-icon-ea-expand-minus\"><\/i> Assist\u00eancia Estudantil - Apresenta\u00e7\u00e3o<\/a><\/h3><div class=\"sp-collapse spcollapse collapsed show\" id=\"collapse24060\" data-parent=\"#sp-ea-2406\" role=\"region\" aria-labelledby=\"ea-header-24060\"> <div class=\"ea-body\"><p>Conhe\u00e7a as diretrizes de Atua\u00e7\u00e3o da Diretoria de Assist\u00eancia Estudantil<\/p><p><span style=\"color: #0000ff\"><a style=\"color: #0000ff\" href=\"https:\/\/www.ufmg.br\/prae\/assistencia-estudantil\/assistencia-estudantil-apresentacao\/\">Ver mais<\/a><\/span><\/p><\/div><\/div><\/div><div class=\"ea-card sp-ea-single\"><h3 class=\"ea-header\"><a class=\"collapsed\" id=\"ea-header-24061\" role=\"button\" data-sptoggle=\"spcollapse\" data-sptarget=\"#collapse24061\" aria-controls=\"collapse24061\" href=\"#\" aria-expanded=\"false\" tabindex=\"0\"><i aria-hidden=\"true\" role=\"presentation\" class=\"ea-expand-icon eap-icon-ea-expand-plus\"><\/i> Bolsa Perman\u00eancia<\/a><\/h3><div class=\"sp-collapse spcollapse \" id=\"collapse24061\" data-parent=\"#sp-ea-2406\" role=\"region\" aria-labelledby=\"ea-header-24061\"> <div class=\"ea-body\"><p>Informa\u00e7\u00f5es sobre o Programa de\u00a0Bolsa Perman\u00eancia<\/p><p><span style=\"color: #0000ff\"><a style=\"color: #0000ff\" href=\"https:\/\/www.ufmg.br\/prae\/assistencia-estudantil\/bolsa-permanencia\/\">Ver mais<\/a><\/span><\/p><\/div><\/div><\/div><div class=\"ea-card sp-ea-single\"><h3 class=\"ea-header\"><a class=\"collapsed\" id=\"ea-header-24062\" role=\"button\" data-sptoggle=\"spcollapse\" data-sptarget=\"#collapse24062\" aria-controls=\"collapse24062\" href=\"#\" aria-expanded=\"false\" tabindex=\"0\"><i aria-hidden=\"true\" role=\"presentation\" class=\"ea-expand-icon eap-icon-ea-expand-plus\"><\/i> Programas de Assist\u00eancia Estudantil da UFMG<\/a><\/h3><div class=\"sp-collapse spcollapse \" id=\"collapse24062\" data-parent=\"#sp-ea-2406\" role=\"region\" aria-labelledby=\"ea-header-24062\"> <div class=\"ea-body\"><p>Veja a lista dos Programas de Assist\u00eancia Estudantil da UFMG.<\/p><p><span style=\"color: #0000ff\"><a style=\"color: #0000ff\" href=\"https:\/\/www.ufmg.br\/prae\/assistencia-estudantil\/programas-de-assistencia-estudantil-da-ufmg\/\">Ver mais<\/a><\/span><\/p><\/div><\/div><\/div><div class=\"ea-card sp-ea-single\"><h3 class=\"ea-header\"><a class=\"collapsed\" id=\"ea-header-24063\" role=\"button\" data-sptoggle=\"spcollapse\" data-sptarget=\"#collapse24063\" aria-controls=\"collapse24063\" href=\"#\" aria-expanded=\"false\" tabindex=\"0\"><i aria-hidden=\"true\" role=\"presentation\" class=\"ea-expand-icon eap-icon-ea-expand-plus\"><\/i> Como acessar a Pol\u00edtica de Assist\u00eancia Estudantil<\/a><\/h3><div class=\"sp-collapse spcollapse \" id=\"collapse24063\" data-parent=\"#sp-ea-2406\" role=\"region\" aria-labelledby=\"ea-header-24063\"> <div class=\"ea-body\"><p>Conhe\u00e7a os passos para solicitar a Assist\u00eancia Estudantil na UFMG.<\/p><p><span style=\"color: #0000ff\"><a style=\"color: #0000ff\" href=\"https:\/\/www.ufmg.br\/prae\/assistencia-estudantil\/como-acessar-a-politica-de-assistencia-estudantil\/\">Ver mais<\/a><\/span><\/p><\/div><\/div><\/div><div class=\"ea-card sp-ea-single\"><h3 class=\"ea-header\"><a class=\"collapsed\" id=\"ea-header-24064\" role=\"button\" data-sptoggle=\"spcollapse\" data-sptarget=\"#collapse24064\" aria-controls=\"collapse24064\" href=\"#\" aria-expanded=\"false\" tabindex=\"0\"><i aria-hidden=\"true\" role=\"presentation\" class=\"ea-expand-icon eap-icon-ea-expand-plus\"><\/i> Semin\u00e1rio de Avalia\u00e7\u00e3o da Pol\u00edtica de Assist\u00eancia Estudantil da UFMG<\/a><\/h3><div class=\"sp-collapse spcollapse \" id=\"collapse24064\" data-parent=\"#sp-ea-2406\" role=\"region\" aria-labelledby=\"ea-header-24064\"> <div class=\"ea-body\"><p>O semin\u00e1rio visa discutir as possibilidades de melhoria assim como os limites da Assist\u00eancia Estudantil da universidade.<\/p><p><span style=\"color: #0000ff\"><a style=\"color: #0000ff\" href=\"https:\/\/www.ufmg.br\/prae\/assistencia-estudantil\/seminario-de-avaliacao-da-politica-de-assistencia-estudantil-da-ufmg\/\">Ver mais<\/a><\/span><\/p><\/div><\/div><\/div><\/div><\/div>\n","protected":false},"excerpt":{"rendered":"<p>A UFMG orienta-se por uma concep\u00e7\u00e3o de Assist\u00eancia Estudantil focada [&hellip;]<\/p>\n","protected":false},"author":1,"featured_media":0,"parent":0,"menu_order":0,"comment_status":"closed","ping_status":"closed","template":"","meta":{"_acf_changed":false,"footnotes":""},"tags":[],"class_list":["post-523","page","type-page","status-publish","hentry"],"acf":[],"_links":{"self":[{"href":"https:\/\/www.ufmg.br\/prae\/wp-json\/wp\/v2\/pages\/523","targetHints":{"allow":["GET"]}}],"collection":[{"href":"https:\/\/www.ufmg.br\/prae\/wp-json\/wp\/v2\/pages"}],"about":[{"href":"https:\/\/www.ufmg.br\/prae\/wp-json\/wp\/v2\/types\/page"}],"author":[{"embeddable":true,"href":"https:\/\/www.ufmg.br\/prae\/wp-json\/wp\/v2\/users\/1"}],"replies":[{"embeddable":true,"href":"https:\/\/www.ufmg.br\/prae\/wp-json\/wp\/v2\/comments?post=523"}],"version-history":[{"count":36,"href":"https:\/\/www.ufmg.br\/prae\/wp-json\/wp\/v2\/pages\/523\/revisions"}],"predecessor-version":[{"id":3750,"href":"https:\/\/www.ufmg.br\/prae\/wp-json\/wp\/v2\/pages\/523\/revisions\/3750"}],"wp:attachment":[{"href":"https:\/\/www.ufmg.br\/prae\/wp-json\/wp\/v2\/media?parent=523"}],"wp:term":[{"taxonomy":"post_tag","embeddable":true,"href":"https:\/\/www.ufmg.br\/prae\/wp-json\/wp\/v2\/tags?post=523"}],"curies":[{"name":"wp","href":"https:\/\/api.w.org\/{rel}","templated":true}]}}