{"id":532,"date":"2021-06-30T20:25:22","date_gmt":"2021-06-30T23:25:22","guid":{"rendered":"https:\/\/www.ufmg.br\/prae\/?page_id=532"},"modified":"2026-03-20T09:50:22","modified_gmt":"2026-03-20T12:50:22","slug":"programas-de-assistencia-estudantil-da-ufmg","status":"publish","type":"page","link":"https:\/\/www.ufmg.br\/prae\/assistencia-estudantil\/programas-de-assistencia-estudantil-da-ufmg\/","title":{"rendered":"Programas de Assist\u00eancia Estudantil da UFMG"},"content":{"rendered":"<p><strong>Programas da Pol\u00edtica de Assist\u00eancia Estudantil Da UFMG<\/strong><\/p>\n<p>A Pol\u00edtica de Assist\u00eancia Estudantil da UFMG est\u00e1 organizada em dois programas estruturantes e articulados entre si: o Programa Viver UFMG e o Programa UFMG Meu Lugar.<\/p>\n<p><strong>PROGRAMA VIVER UFMG &#8211; <\/strong>organizado para oferecer a estudantes de gradua\u00e7\u00e3o em situa\u00e7\u00e3o de vulnerabilidade socioecon\u00f4mica orienta\u00e7\u00f5es e encaminhamentos estruturantes para a sua vida universit\u00e1ria, desde o seu ingresso na UFMG e ao longo de toda a sua forma\u00e7\u00e3o acad\u00eamica.<\/p>\n<p>O Programa abriga o Projeto Travessia UFMG, com um conjunto de a\u00e7\u00f5es de apoio \u00e0 imers\u00e3o acad\u00eamica (tutorias e monitorias acad\u00eamicas para estudantes assistidos); chamadas p\u00fablicas para apoio a projetos culturais, esportivos e de lazer apresentados por estudantes assistidos pela UFMG.<\/p>\n<p><strong>PROGRAMA UFMG MEU LUGAR<\/strong> &#8211; organizado para garantir a estudantes de gradua\u00e7\u00e3o posicionados nos n\u00edveis I, II e III da avalia\u00e7\u00e3o socioecon\u00f4mica, um conjunto de aux\u00edlios e de a\u00e7\u00f5es visando condi\u00e7\u00f5es est\u00e1veis de perman\u00eancia na Universidade. Inclui as seguintes a\u00e7\u00f5es: Aux\u00edlio Manuten\u00e7\u00e3o, Aux\u00edlio Moradia, Programa Permanente de Moradia Universit\u00e1ria, Transporte Moradia Universit\u00e1ria, Projeto Conviv\u00eancia (Cultura e Esporte nas Moradias), Aux\u00edlio Transporte, Aux\u00edlio a Estudantes com filhos\/as, Aux\u00edlio Moradia Maternidade, Aux\u00edlio Material Acad\u00eamico, Aux\u00edlio Inclus\u00e3o Digital, Aux\u00edlio \u00d3culos, A\u00e7\u00e3o Acessibilidade e Programa de Aten\u00e7\u00e3o \u00e0 Sa\u00fade de Estudantes, que inclui Assist\u00eancia M\u00e9dica, Sa\u00fade Bucal, Sa\u00fade Psicol\u00f3gica, Servi\u00e7o Social.<\/p>\n<p>Informa\u00e7\u00f5es adicionais sobre os Principais Programas de Assist\u00eancia Estudantil da UFMG est\u00e3o dispon\u00edveis no site <a href=\"https:\/\/www.ufmg.br\/viverufmg\/acessibilidade\/programas\/\">VIVER UFMG<\/a>.<\/p>\n<p>&nbsp;<\/p>\n","protected":false},"excerpt":{"rendered":"<p>Programas da Pol\u00edtica de Assist\u00eancia Estudantil Da UFMG A Pol\u00edtica [&hellip;]<\/p>\n","protected":false},"author":1,"featured_media":0,"parent":523,"menu_order":0,"comment_status":"closed","ping_status":"closed","template":"","meta":{"_acf_changed":false,"footnotes":""},"tags":[],"class_list":["post-532","page","type-page","status-publish","hentry"],"acf":[],"_links":{"self":[{"href":"https:\/\/www.ufmg.br\/prae\/wp-json\/wp\/v2\/pages\/532","targetHints":{"allow":["GET"]}}],"collection":[{"href":"https:\/\/www.ufmg.br\/prae\/wp-json\/wp\/v2\/pages"}],"about":[{"href":"https:\/\/www.ufmg.br\/prae\/wp-json\/wp\/v2\/types\/page"}],"author":[{"embeddable":true,"href":"https:\/\/www.ufmg.br\/prae\/wp-json\/wp\/v2\/users\/1"}],"replies":[{"embeddable":true,"href":"https:\/\/www.ufmg.br\/prae\/wp-json\/wp\/v2\/comments?post=532"}],"version-history":[{"count":23,"href":"https:\/\/www.ufmg.br\/prae\/wp-json\/wp\/v2\/pages\/532\/revisions"}],"predecessor-version":[{"id":3753,"href":"https:\/\/www.ufmg.br\/prae\/wp-json\/wp\/v2\/pages\/532\/revisions\/3753"}],"up":[{"embeddable":true,"href":"https:\/\/www.ufmg.br\/prae\/wp-json\/wp\/v2\/pages\/523"}],"wp:attachment":[{"href":"https:\/\/www.ufmg.br\/prae\/wp-json\/wp\/v2\/media?parent=532"}],"wp:term":[{"taxonomy":"post_tag","embeddable":true,"href":"https:\/\/www.ufmg.br\/prae\/wp-json\/wp\/v2\/tags?post=532"}],"curies":[{"name":"wp","href":"https:\/\/api.w.org\/{rel}","templated":true}]}}