{"id":558,"date":"2021-06-30T20:56:48","date_gmt":"2021-06-30T23:56:48","guid":{"rendered":"https:\/\/www.ufmg.br\/prae\/?page_id=558"},"modified":"2023-10-26T09:13:50","modified_gmt":"2023-10-26T12:13:50","slug":"setor-de-orientacao-e-acolhimento","status":"publish","type":"page","link":"https:\/\/www.ufmg.br\/prae\/setor-de-orientacao-e-acolhimento\/","title":{"rendered":"Setor de Acolhimento e Orienta\u00e7\u00e3o"},"content":{"rendered":"<p>A PRAE oferece espa\u00e7o para acolhimento, dialogo e orienta\u00e7\u00e3o a estudantes nas demandas que perpassam a vida acad\u00eamica, atinentes \u00e0 sa\u00fade mental, prote\u00e7\u00e3o social e pertencimento institucional.<br \/>\n<style>#sp-ea-2372 .spcollapsing { height: 0; overflow: hidden; transition-property: height;transition-duration: 500ms;}#sp-ea-2372.sp-easy-accordion>.sp-ea-single {margin-bottom: 10px; border: 1px solid #e2e2e2; }#sp-ea-2372.sp-easy-accordion>.sp-ea-single>.ea-header a {color: #444;}#sp-ea-2372.sp-easy-accordion>.sp-ea-single>.sp-collapse>.ea-body {background: #fff; color: #444;}#sp-ea-2372.sp-easy-accordion>.sp-ea-single {background: #eee;}#sp-ea-2372.sp-easy-accordion>.sp-ea-single>.ea-header a .ea-expand-icon { float: left; color: #444;font-size: 16px;}<\/style><div id=\"sp_easy_accordion-1777014459\"><div id=\"sp-ea-2372\" class=\"sp-ea-one sp-easy-accordion\" data-ea-active=\"ea-click\" data-ea-mode=\"vertical\" data-preloader=\"\" data-scroll-active-item=\"\" data-offset-to-scroll=\"0\"><div class=\"ea-card ea-expand sp-ea-single\"><h3 class=\"ea-header\"><a class=\"collapsed\" id=\"ea-header-23720\" role=\"button\" data-sptoggle=\"spcollapse\" data-sptarget=\"#collapse23720\" aria-controls=\"collapse23720\" href=\"#\" aria-expanded=\"true\" tabindex=\"0\"><i aria-hidden=\"true\" role=\"presentation\" class=\"ea-expand-icon eap-icon-ea-expand-minus\"><\/i> Servi\u00e7o de Escuta de Estudantes nas Unidades<\/a><\/h3><div class=\"sp-collapse spcollapse collapsed show\" id=\"collapse23720\" data-parent=\"#sp-ea-2372\" role=\"region\" aria-labelledby=\"ea-header-23720\"> <div class=\"ea-body\"><h2><span style=\"color: #0000ff\"><a style=\"color: #0000ff\" href=\"https:\/\/www.ufmg.br\/prae\/setor-de-orientacao-e-acolhimento\/escuta-de-estudantes-nas-unidades\/\" target=\"_blank\" rel=\"noopener\">Canais de <span style=\"color: #0000ff\">acolhimento<\/span><\/a><\/span><\/h2><\/div><\/div><\/div><div class=\"ea-card sp-ea-single\"><h3 class=\"ea-header\"><a class=\"collapsed\" id=\"ea-header-23721\" role=\"button\" data-sptoggle=\"spcollapse\" data-sptarget=\"#collapse23721\" aria-controls=\"collapse23721\" href=\"#\" aria-expanded=\"false\" tabindex=\"0\"><i aria-hidden=\"true\" role=\"presentation\" class=\"ea-expand-icon eap-icon-ea-expand-plus\"><\/i> Urg\u00eancia e Emerg\u00eancia na UFMG<\/a><\/h3><div class=\"sp-collapse spcollapse \" id=\"collapse23721\" data-parent=\"#sp-ea-2372\" role=\"region\" aria-labelledby=\"ea-header-23721\"> <div class=\"ea-body\"><p><span style=\"color: #0000ff\"><a style=\"color: #0000ff\" href=\"https:\/\/www.ufmg.br\/prae\/setor-de-orientacao-e-acolhimento\/urgencia-e-emergencia-na-ufmg\/\" target=\"_blank\" rel=\"noopener\">Fluxo de atendimento Urg\u00eancia\/Emerg\u00eancia<\/a><\/span><\/p><\/div><\/div><\/div><div class=\"ea-card sp-ea-single\"><h3 class=\"ea-header\"><a class=\"collapsed\" id=\"ea-header-23722\" role=\"button\" data-sptoggle=\"spcollapse\" data-sptarget=\"#collapse23722\" aria-controls=\"collapse23722\" href=\"#\" aria-expanded=\"false\" tabindex=\"0\"><i aria-hidden=\"true\" role=\"presentation\" class=\"ea-expand-icon eap-icon-ea-expand-plus\"><\/i> Contato - Setor de Acolhimento e Orienta\u00e7\u00e3o <\/a><\/h3><div class=\"sp-collapse spcollapse \" id=\"collapse23722\" data-parent=\"#sp-ea-2372\" role=\"region\" aria-labelledby=\"ea-header-23722\"> <div class=\"ea-body\"><p><span style=\"color: #333300\">Para entrar em contato com Setor de Acolhimento e Orienta\u00e7\u00e3o da PRAE envie um e-mail para\u00a0<a style=\"color: #333300\" href=\"mailto:orientacaoestudantes@prae.ufmg.br\">orientacaoestudantes@prae.ufmg.br<\/a>\u00a0 ou ligue para os telefones:<\/span><\/p><p><span style=\"color: #333300\">(31) 3409-3862<\/span><\/p><p><span style=\"color: #333300\">(31) 3409-4178<\/span><\/p><p><span style=\"color: #333300\">Local: Espa\u00e7o PRAE - Rua Prof. Edmundo Lins, esquina com a Rua Fernando Melo Viana<\/span><\/p><p><span style=\"color: #333300\">Ao lado do RU - Setorial I<\/span><\/p><p><span style=\"color: #333300\">Hor\u00e1rios: segunda a sexta-feira: das 9 \u00e0s 17h<\/span><\/p><\/div><\/div><\/div><\/div><\/div><\/p>\n","protected":false},"excerpt":{"rendered":"<p>A PRAE oferece espa\u00e7o para acolhimento, dialogo e orienta\u00e7\u00e3o a [&hellip;]<\/p>\n","protected":false},"author":1,"featured_media":0,"parent":0,"menu_order":0,"comment_status":"closed","ping_status":"closed","template":"","meta":{"_acf_changed":false,"footnotes":""},"tags":[],"class_list":["post-558","page","type-page","status-publish","hentry"],"acf":[],"_links":{"self":[{"href":"https:\/\/www.ufmg.br\/prae\/wp-json\/wp\/v2\/pages\/558","targetHints":{"allow":["GET"]}}],"collection":[{"href":"https:\/\/www.ufmg.br\/prae\/wp-json\/wp\/v2\/pages"}],"about":[{"href":"https:\/\/www.ufmg.br\/prae\/wp-json\/wp\/v2\/types\/page"}],"author":[{"embeddable":true,"href":"https:\/\/www.ufmg.br\/prae\/wp-json\/wp\/v2\/users\/1"}],"replies":[{"embeddable":true,"href":"https:\/\/www.ufmg.br\/prae\/wp-json\/wp\/v2\/comments?post=558"}],"version-history":[{"count":43,"href":"https:\/\/www.ufmg.br\/prae\/wp-json\/wp\/v2\/pages\/558\/revisions"}],"predecessor-version":[{"id":2467,"href":"https:\/\/www.ufmg.br\/prae\/wp-json\/wp\/v2\/pages\/558\/revisions\/2467"}],"wp:attachment":[{"href":"https:\/\/www.ufmg.br\/prae\/wp-json\/wp\/v2\/media?parent=558"}],"wp:term":[{"taxonomy":"post_tag","embeddable":true,"href":"https:\/\/www.ufmg.br\/prae\/wp-json\/wp\/v2\/tags?post=558"}],"curies":[{"name":"wp","href":"https:\/\/api.w.org\/{rel}","templated":true}]}}