{"id":771,"date":"2021-08-02T17:43:50","date_gmt":"2021-08-02T20:43:50","guid":{"rendered":"https:\/\/www.ufmg.br\/prae\/?page_id=771"},"modified":"2026-03-17T09:53:59","modified_gmt":"2026-03-17T12:53:59","slug":"novembro-negro","status":"publish","type":"page","link":"https:\/\/www.ufmg.br\/prae\/diretoria-de-acoes-afirmativas\/novembro-negro\/","title":{"rendered":"Novembro Negro"},"content":{"rendered":"<p>Novembro \u00e9 o m\u00eas da consci\u00eancia negra, momento importante para se refletir sobre temas como o racismo, o direito \u00e0 diferen\u00e7a e a valoriza\u00e7\u00e3o das nossas ra\u00edzes afroind\u00edgenas. Pensando nisso, desde 2018, as inst\u00e2ncias, entidades e coletividades da UFMG confluem esfor\u00e7os para constru\u00e7\u00e3o coletiva de uma agenda \u00fanica de eventos, propostos pela comunidade acad\u00eamica.<\/p>\n<p>O objetivo principal \u00e9 promover o senso de pertencimento \u00e0 Universidade, celebrando a negritude e impulsionando reflex\u00f5es acerca de nossas rela\u00e7\u00f5es raciais e, portanto, dialogar sobre as rela\u00e7\u00f5es e (des)privil\u00e9gios estabelecidos entre grupos raciais de negros, brancos e ind\u00edgenas.<\/p>\n<p>O Novembro Negro de 2018 contou com o tema\u00a0<strong>\u201cReflex\u00f5es e pr\u00e1ticas sobre ser negro\u201d<\/strong>. Naquela ocasi\u00e3o fomos convidadas(os)(es) a refletir sobre a presen\u00e7a da popula\u00e7\u00e3o negra na sociedade e na Universidade.<\/p>\n<p>Em 2019, o evento girou em torno do tema\u00a0<strong>\u201cAquilombar-se em tempos de luta\u201d<\/strong>. Durante o m\u00eas, a comunidade foi convidada a pensar sobre as intersec\u00e7\u00f5es e la\u00e7os que transpassam a popula\u00e7\u00e3o negra, e a necessidade de uni\u00e3o de for\u00e7as para o enfrentamento ao racismo.<\/p>\n<p>J\u00e1 em 2020, o mote do Novembro Negro foi\u00a0<strong>\u201cOrgulho de ser: enegrecer para renascer\u201d<\/strong>. Nesse per\u00edodo foram realizadas atividades que destacaram a autoestima e o fortalecimento da identidade racial negra; bem como a reafirma\u00e7\u00e3o de pertencimento em diversos espa\u00e7os, principalmente na Universidade.<\/p>\n<p>No ano de 2021, a tem\u00e1tica escolhida foi:\u00a0<strong>\u201cCorpos e vozes que se afirmam\u201d<\/strong>, que buscou refletir acerca da import\u00e2ncia de consolidar e ampliar a\u00e7\u00f5es afirmativas de acesso e perman\u00eancia, visibilizando a presen\u00e7a de pessoas negras na Universidade e a import\u00e2ncia de nossas vozes, corpos e identidades plurais.<\/p>\n<p><strong>\u201cPermanecer para Avan\u00e7ar\u201d<\/strong>\u00a0foi a proposi\u00e7\u00e3o em 2022, convidando todas(os)(es) a refletirem acerca da nossa trajet\u00f3ria, ancestralidade, e afirma\u00e7\u00e3o dentro e fora da universidade! Avaliar nossa perman\u00eancia e construir o futuro que queremos para as pol\u00edticas afirmativas, bem-estar reconhecimento e enaltecimento da popula\u00e7\u00e3o Negra.<\/p>\n<p>Em 2023 reverenciamos o processo de aquilombamento acad\u00eamico e pol\u00edtico das pessoas negras que vieram antes de n\u00f3s, resistiram ao racismo estrutural possibilitando reinven\u00e7\u00f5es ressignifica\u00e7\u00f5es da nossa exist\u00eancia com a tem\u00e1tica \u201c<strong>Ancestralidade e Coletividade: aquilombar para permanecer<\/strong>\u201d. Saudamos aquelas e aqueles que constru\u00edram esse caminho por onde passamos na academia e na vida reconhecendo e lembrando de quem n\u00e3o est\u00e1 mais entre n\u00f3s materialmente, mas cujo legado marca nosso presente.<\/p>\n<h4><a href=\"https:\/\/www.ufmg.br\/novembronegro\/\">Edi\u00e7\u00e3o 2024<\/a><\/h4>\n<p>&nbsp;<\/p>\n<h4><a href=\"https:\/\/www.ufmg.br\/prae\/acoes-afirmativas\/novembro-negro-2023\/\">Edi\u00e7\u00e3o 2023<\/a><\/h4>\n<p>&nbsp;<\/p>\n<h4><span style=\"color: #0000ff;\"><a style=\"color: #0000ff;\" href=\"https:\/\/www.ufmg.br\/prae\/diretoria-de-acoes-afirmativas\/novembro-negro\/novembro-negro-2022\/\" rel=\"noopener\"><strong>Edi\u00e7\u00e3o 2022<\/strong><\/a><\/span><\/h4>\n<p>&nbsp;<\/p>\n<h4><a href=\"https:\/\/www.ufmg.br\/prae\/diretoria-de-acoes-afirmativas\/novembro-negro\/novembro-negro-2021\/\">Edi\u00e7\u00e3o 2021<\/a><\/h4>\n<p>&nbsp;<\/p>\n<h4><\/h4>\n","protected":false},"excerpt":{"rendered":"<p>Novembro \u00e9 o m\u00eas da consci\u00eancia negra, momento importante para [&hellip;]<\/p>\n","protected":false},"author":1,"featured_media":0,"parent":299,"menu_order":0,"comment_status":"closed","ping_status":"closed","template":"","meta":{"_acf_changed":false,"footnotes":""},"tags":[],"class_list":["post-771","page","type-page","status-publish","hentry"],"acf":[],"_links":{"self":[{"href":"https:\/\/www.ufmg.br\/prae\/wp-json\/wp\/v2\/pages\/771","targetHints":{"allow":["GET"]}}],"collection":[{"href":"https:\/\/www.ufmg.br\/prae\/wp-json\/wp\/v2\/pages"}],"about":[{"href":"https:\/\/www.ufmg.br\/prae\/wp-json\/wp\/v2\/types\/page"}],"author":[{"embeddable":true,"href":"https:\/\/www.ufmg.br\/prae\/wp-json\/wp\/v2\/users\/1"}],"replies":[{"embeddable":true,"href":"https:\/\/www.ufmg.br\/prae\/wp-json\/wp\/v2\/comments?post=771"}],"version-history":[{"count":44,"href":"https:\/\/www.ufmg.br\/prae\/wp-json\/wp\/v2\/pages\/771\/revisions"}],"predecessor-version":[{"id":3696,"href":"https:\/\/www.ufmg.br\/prae\/wp-json\/wp\/v2\/pages\/771\/revisions\/3696"}],"up":[{"embeddable":true,"href":"https:\/\/www.ufmg.br\/prae\/wp-json\/wp\/v2\/pages\/299"}],"wp:attachment":[{"href":"https:\/\/www.ufmg.br\/prae\/wp-json\/wp\/v2\/media?parent=771"}],"wp:term":[{"taxonomy":"post_tag","embeddable":true,"href":"https:\/\/www.ufmg.br\/prae\/wp-json\/wp\/v2\/tags?post=771"}],"curies":[{"name":"wp","href":"https:\/\/api.w.org\/{rel}","templated":true}]}}