{"id":791,"date":"2021-08-02T18:25:56","date_gmt":"2021-08-02T21:25:56","guid":{"rendered":"https:\/\/www.ufmg.br\/prae\/?page_id=791"},"modified":"2021-08-09T17:16:11","modified_gmt":"2021-08-09T20:16:11","slug":"textos-e-artigos-complementares","status":"publish","type":"page","link":"https:\/\/www.ufmg.br\/prae\/diretoria-de-acoes-afirmativas\/textos-e-artigos-complementares\/","title":{"rendered":"Textos e Artigos Complementares"},"content":{"rendered":"<h4><a href=\"https:\/\/www.ufmg.br\/boletim\/bol1930\/2.shtml\">Um novo tempo<\/a><\/h4>\n<p>&nbsp;<\/p>\n<h4><a href=\"http:\/\/abpnrevista.org.br\/revista\/index.php\/revistaabpn1\/index\">Revista ABPN (Associa\u00e7\u00e3o Brasileira de Pesquisadores Negros) lan\u00e7a novo n\u00famero<\/a><\/h4>\n<p>&nbsp;<\/p>\n<h4><a href=\"https:\/\/ufmg.br\/comunicacao\/publicacoes\/boletim\/edicao\/2087\/mas-afinal-do-que-estamos-falando-quando-o-tema-e-heteroidentificacao-racial\">Mas, afinal, do que estamos falando quando o tema \u00e9 heteroidentifica\u00e7\u00e3o racial?<\/a><\/h4>\n<p>&nbsp;<\/p>\n<h4><a href=\"https:\/\/ufmg.br\/comunicacao\/noticias\/pandemia-na-periferia-quem-e-por-nos\">Pandemia na periferia: &#8216;quem \u00e9 por n\u00f3s?&#8217;<\/a><\/h4>\n<p>&nbsp;<\/p>\n<h4 class=\"entry-title entry-title-left\"><a title=\"Por que \u00e9 importante produzir informa\u00e7\u00f5es sobre ra\u00e7a no Brasil?\" href=\"https:\/\/www.justificando.com\/2020\/12\/10\/por-que-e-importante-produzir-informacoes-sobre-raca-no-brasil\/\">Por que \u00e9 importante produzir informa\u00e7\u00f5es sobre ra\u00e7a no Brasil?<\/a><\/h4>\n","protected":false},"excerpt":{"rendered":"<p>Um novo tempo &nbsp; Revista ABPN (Associa\u00e7\u00e3o Brasileira de Pesquisadores [&hellip;]<\/p>\n","protected":false},"author":1,"featured_media":0,"parent":299,"menu_order":0,"comment_status":"closed","ping_status":"closed","template":"","meta":{"_acf_changed":false,"footnotes":""},"tags":[],"class_list":["post-791","page","type-page","status-publish","hentry"],"acf":[],"_links":{"self":[{"href":"https:\/\/www.ufmg.br\/prae\/wp-json\/wp\/v2\/pages\/791","targetHints":{"allow":["GET"]}}],"collection":[{"href":"https:\/\/www.ufmg.br\/prae\/wp-json\/wp\/v2\/pages"}],"about":[{"href":"https:\/\/www.ufmg.br\/prae\/wp-json\/wp\/v2\/types\/page"}],"author":[{"embeddable":true,"href":"https:\/\/www.ufmg.br\/prae\/wp-json\/wp\/v2\/users\/1"}],"replies":[{"embeddable":true,"href":"https:\/\/www.ufmg.br\/prae\/wp-json\/wp\/v2\/comments?post=791"}],"version-history":[{"count":8,"href":"https:\/\/www.ufmg.br\/prae\/wp-json\/wp\/v2\/pages\/791\/revisions"}],"predecessor-version":[{"id":882,"href":"https:\/\/www.ufmg.br\/prae\/wp-json\/wp\/v2\/pages\/791\/revisions\/882"}],"up":[{"embeddable":true,"href":"https:\/\/www.ufmg.br\/prae\/wp-json\/wp\/v2\/pages\/299"}],"wp:attachment":[{"href":"https:\/\/www.ufmg.br\/prae\/wp-json\/wp\/v2\/media?parent=791"}],"wp:term":[{"taxonomy":"post_tag","embeddable":true,"href":"https:\/\/www.ufmg.br\/prae\/wp-json\/wp\/v2\/tags?post=791"}],"curies":[{"name":"wp","href":"https:\/\/api.w.org\/{rel}","templated":true}]}}