{"id":128,"date":"2021-04-28T15:39:23","date_gmt":"2021-04-28T18:39:23","guid":{"rendered":"https:\/\/www.ufmg.br\/procult\/?page_id=128"},"modified":"2024-09-13T12:40:34","modified_gmt":"2024-09-13T15:40:34","slug":"perguntas-frequentes","status":"publish","type":"page","link":"https:\/\/www.ufmg.br\/procult\/conheca-a-procult\/transparencia\/perguntas-frequentes\/","title":{"rendered":"Perguntas frequentes"},"content":{"rendered":"<p>&nbsp;<\/p>\n<h4><a href=\"https:\/\/bsky.app\/intent\/compose?text=https:\/\/www.ufmg.br\/procult\/conheca-a-procult\/transparencia\/perguntas-frequentes\/\" target=\"_blank\" rel=\"noopener\"><img loading=\"lazy\" decoding=\"async\" class=\"alignnone size-full wp-image-2079\" src=\"https:\/\/www.ufmg.br\/procult\/wp-content\/uploads\/2024\/09\/bluesky-butterfly-logo-05.png\" alt=\"\" width=\"24\" height=\"21\" \/><\/a><a href=\"https:\/\/www.facebook.com\/sharer\/sharer.php?u=https:\/\/www.ufmg.br\/procult\/conheca-a-procult\/transparencia\/perguntas-frequentes\/\" target=\"_blank\" rel=\"noopener\"><img loading=\"lazy\" decoding=\"async\" class=\"alignnone size-full wp-image-1892\" src=\"https:\/\/www.ufmg.br\/procult\/wp-content\/uploads\/2024\/08\/facebook-app-round-icon.png\" alt=\"\" width=\"24\" height=\"24\" \/><\/a><a href=\"https:\/\/twitter.com\/intent\/tweet?text=https:\/\/www.ufmg.br\/procult\/conheca-a-procult\/transparencia\/perguntas-frequentes\/\" target=\"_blank\" rel=\"noopener\"><img loading=\"lazy\" decoding=\"async\" class=\"alignnone size-full wp-image-1893\" src=\"https:\/\/www.ufmg.br\/procult\/wp-content\/uploads\/2024\/08\/x-social-media-black-icon-1.png\" alt=\"\" width=\"24\" height=\"24\" \/><\/a><a href=\"https:\/\/www.linkedin.com\/sharing\/share-offsite\/?url=https:\/\/www.ufmg.br\/procult\/conheca-a-procult\/transparencia\/perguntas-frequentes\/\" target=\"_blank\" rel=\"noopener\"><img loading=\"lazy\" decoding=\"async\" class=\"alignnone size-full wp-image-1894\" src=\"https:\/\/www.ufmg.br\/procult\/wp-content\/uploads\/2024\/08\/linkedin-square-icon.png\" alt=\"\" width=\"24\" height=\"24\" \/><\/a><a href=\"https:\/\/api.whatsapp.com\/send?text=https:\/\/www.ufmg.br\/procult\/conheca-a-procult\/transparencia\/perguntas-frequentes\/\" target=\"_blank\" rel=\"noopener\"><img loading=\"lazy\" decoding=\"async\" class=\"alignnone size-full wp-image-1895\" src=\"https:\/\/www.ufmg.br\/procult\/wp-content\/uploads\/2024\/08\/whatsapp-icon.png\" alt=\"\" width=\"24\" height=\"24\" \/><\/a><a href=\"https:\/\/telegram.me\/share\/url?url=https:\/\/www.ufmg.br\/procult\/conheca-a-procult\/transparencia\/perguntas-frequentes\/\" target=\"_blank\" rel=\"noopener\"><img loading=\"lazy\" decoding=\"async\" class=\"alignnone size-full wp-image-1896\" src=\"https:\/\/www.ufmg.br\/procult\/wp-content\/uploads\/2024\/08\/telegram-black-icon.png\" alt=\"\" width=\"24\" height=\"24\" \/><\/a><a href=\"mailto:?subject=https:\/\/www.ufmg.br\/procult\/conheca-a-procult\/transparencia\/perguntas-frequentes\/\"><img loading=\"lazy\" decoding=\"async\" class=\"alignnone size-full wp-image-1891\" src=\"https:\/\/www.ufmg.br\/procult\/wp-content\/uploads\/2024\/08\/envelope-line-icon.png\" alt=\"\" width=\"24\" height=\"24\" \/><\/a><\/h4>\n<p>&nbsp;<\/p>\n<h4><span style=\"color: #00ccff;\">Contratos<\/span><\/h4>\n<style>#sp-ea-1501 .spcollapsing { height: 0; overflow: hidden; transition-property: height;transition-duration: 500ms;}#sp-ea-1501.sp-easy-accordion>.sp-ea-single {margin-bottom: 10px; border: 1px solid #e2e2e2; }#sp-ea-1501.sp-easy-accordion>.sp-ea-single>.ea-header a {color: #444;}#sp-ea-1501.sp-easy-accordion>.sp-ea-single>.sp-collapse>.ea-body {background: #fff; color: #444;}#sp-ea-1501.sp-easy-accordion>.sp-ea-single {background: #eee;}#sp-ea-1501.sp-easy-accordion>.sp-ea-single>.ea-header a .ea-expand-icon { float: left; color: #444;font-size: 16px;}<\/style><div id=\"sp_easy_accordion-1777900484\">\n<div id=\"sp-ea-1501\" class=\"sp-ea-one sp-easy-accordion\" data-ea-active=\"ea-click\" data-ea-mode=\"vertical\" data-preloader=\"\" data-scroll-active-item=\"\" data-offset-to-scroll=\"0\">\n\n<!-- Start accordion card div. -->\n<div class=\"ea-card  sp-ea-single\">\n\t<!-- Start accordion header. -->\n\t<h3 class=\"ea-header\">\n\t\t<!-- Add anchor tag for header. -->\n\t\t<a class=\"collapsed\" id=\"ea-header-15010\" role=\"button\" data-sptoggle=\"spcollapse\" data-sptarget=\"#collapse15010\" aria-controls=\"collapse15010\" href=\"#\"  aria-expanded=\"false\" tabindex=\"0\">\n\t\t<i aria-hidden=\"true\" role=\"presentation\" class=\"ea-expand-icon eap-icon-ea-expand-plus\"><\/i> Documentos necess\u00e1rios para contrata\u00e7\u00e3o de artista\t\t<\/a> <!-- Close anchor tag for header. -->\n\t<\/h3>\t<!-- Close header tag. -->\n\t<!-- Start collapsible content div. -->\n\t<div class=\"sp-collapse spcollapse spcollapse\" id=\"collapse15010\" data-parent=\"#sp-ea-1501\" role=\"region\" aria-labelledby=\"ea-header-15010\">  <!-- Content div. -->\n\t\t<div class=\"ea-body\">\n\t\t<ul>\n<li><strong>Sou artista, possuo CNPJ, e fui selecionado para realizar uma apresenta\u00e7\u00e3o cultural pela Procult\/UFMG, quais documentos devo apresentar?<\/strong><br \/>\nVoc\u00ea deve preencher e apresentar os seguintes documentos: proposta comercial, declara\u00e7\u00e3o de compatibilidade de pre\u00e7o, declara\u00e7\u00e3o de exclusividade, ficha cadastral e notas fiscais anteriores de apresenta\u00e7\u00f5es similares.<\/li>\n<\/ul>\n\t\t<\/div> <!-- Close content div. -->\n\t<\/div> <!-- Close collapse div. -->\n<\/div> <!-- Close card div. -->\n<!-- Start accordion card div. -->\n<div class=\"ea-card  sp-ea-single\">\n\t<!-- Start accordion header. -->\n\t<h3 class=\"ea-header\">\n\t\t<!-- Add anchor tag for header. -->\n\t\t<a class=\"collapsed\" id=\"ea-header-15011\" role=\"button\" data-sptoggle=\"spcollapse\" data-sptarget=\"#collapse15011\" aria-controls=\"collapse15011\" href=\"#\"  aria-expanded=\"false\" tabindex=\"0\">\n\t\t<i aria-hidden=\"true\" role=\"presentation\" class=\"ea-expand-icon eap-icon-ea-expand-plus\"><\/i> Contrata\u00e7\u00e3o para apresenta\u00e7\u00f5es culturais\t\t<\/a> <!-- Close anchor tag for header. -->\n\t<\/h3>\t<!-- Close header tag. -->\n\t<!-- Start collapsible content div. -->\n\t<div class=\"sp-collapse spcollapse spcollapse\" id=\"collapse15011\" data-parent=\"#sp-ea-1501\" role=\"region\" aria-labelledby=\"ea-header-15011\">  <!-- Content div. -->\n\t\t<div class=\"ea-body\">\n\t\t<ul>\n<li><strong>Como s\u00e3o feitas as contrata\u00e7\u00f5es para apresenta\u00e7\u00f5es culturais na UFMG?<\/strong><br \/>\nAs contrata\u00e7\u00f5es para apresenta\u00e7\u00f5es culturais, ap\u00f3s aprovadas pelo Pr\u00f3-reitor de Cultura, s\u00e3o feitas por meio da funda\u00e7\u00e3o de apoio \u00e0 cultura da UFMG, a Funda\u00e7\u00e3o Rodrigo Mello Franco de Andrade.<\/li>\n<\/ul>\n\t\t<\/div> <!-- Close content div. -->\n\t<\/div> <!-- Close collapse div. -->\n<\/div> <!-- Close card div. -->\n<!-- Start accordion card div. -->\n<div class=\"ea-card  sp-ea-single\">\n\t<!-- Start accordion header. -->\n\t<h3 class=\"ea-header\">\n\t\t<!-- Add anchor tag for header. -->\n\t\t<a class=\"collapsed\" id=\"ea-header-15012\" role=\"button\" data-sptoggle=\"spcollapse\" data-sptarget=\"#collapse15012\" aria-controls=\"collapse15012\" href=\"#\"  aria-expanded=\"false\" tabindex=\"0\">\n\t\t<i aria-hidden=\"true\" role=\"presentation\" class=\"ea-expand-icon eap-icon-ea-expand-plus\"><\/i> Recebimento de pagamento\/cach\u00ea\t\t<\/a> <!-- Close anchor tag for header. -->\n\t<\/h3>\t<!-- Close header tag. -->\n\t<!-- Start collapsible content div. -->\n\t<div class=\"sp-collapse spcollapse spcollapse\" id=\"collapse15012\" data-parent=\"#sp-ea-1501\" role=\"region\" aria-labelledby=\"ea-header-15012\">  <!-- Content div. -->\n\t\t<div class=\"ea-body\">\n\t\t<ul>\n<li><strong>Fiz uma apresenta\u00e7\u00e3o cultural na UFMG por meio da Procult e n\u00e3o recebi o pagamento\/cach\u00ea. O que devo fazer?<\/strong><br \/>\nAp\u00f3s a realiza\u00e7\u00e3o da apresenta\u00e7\u00e3o, ser\u00e1 emitido um ateste para a Funda\u00e7\u00e3o Rodrigo Mello Franco de Andrade, que entrar\u00e1 em contato com o artista solicitando a emiss\u00e3o da nota fiscal, conforme a Ordem de servi\u00e7o recebida anteriormente.<\/li>\n<\/ul>\n<ul>\n<li><strong>Sou artista, possuo CNPJ como MEI, posso receber meu cach\u00ea atrav\u00e9s de minha conta banc\u00e1ria de pessoa f\u00edsica?<\/strong><br \/>\nSim. N\u00e3o h\u00e1 restri\u00e7\u00e3o quanto ao pagamento na conta banc\u00e1ria da pessoa f\u00edsica titular da MEI.<\/li>\n<\/ul>\n<ul>\n<li><strong>Como fa\u00e7o para saber se j\u00e1 posso emitir a nota fiscal para Funda\u00e7\u00e3o Rodrigo Mello Franco para receber o meu pagamento\/cach\u00ea?<\/strong><br \/>\nEntrar em contato com o setor financeiro da Procult\/UFMG atrav\u00e9s do ramal 4063 ou no e-mail scontab@procult.ufmg.br.<\/li>\n<\/ul>\n<ul>\n<li><strong>Qual \u00e9 o prazo para pagamento das apresenta\u00e7\u00f5es\/cach\u00eas?<\/strong><br \/>\nA partir do envio da nota fiscal para a Funda\u00e7\u00e3o Rodrigo Mello Franco de Andrade, o prazo para recebimento \u00e9 de 7 a 10 dias \u00fateis.<\/li>\n<\/ul>\n\t\t<\/div> <!-- Close content div. -->\n\t<\/div> <!-- Close collapse div. -->\n<\/div> <!-- Close card div. -->\n<\/div>\n<\/div>\n\n<h4><span style=\"color: #00ccff;\">Apresentar uma proposta art\u00edstica<\/span><\/h4>\n<style>#sp-ea-1836 .spcollapsing { height: 0; overflow: hidden; transition-property: height;transition-duration: 500ms;}#sp-ea-1836.sp-easy-accordion>.sp-ea-single {margin-bottom: 10px; border: 1px solid #e2e2e2; }#sp-ea-1836.sp-easy-accordion>.sp-ea-single>.ea-header a {color: #444;}#sp-ea-1836.sp-easy-accordion>.sp-ea-single>.sp-collapse>.ea-body {background: #fff; color: #444;}#sp-ea-1836.sp-easy-accordion>.sp-ea-single {background: #eee;}#sp-ea-1836.sp-easy-accordion>.sp-ea-single>.ea-header a .ea-expand-icon { float: left; color: #444;font-size: 16px;}<\/style><div id=\"sp_easy_accordion-1777900484\">\n<div id=\"sp-ea-1836\" class=\"sp-ea-one sp-easy-accordion\" data-ea-active=\"ea-click\" data-ea-mode=\"vertical\" data-preloader=\"\" data-scroll-active-item=\"\" data-offset-to-scroll=\"0\">\n\n<!-- Start accordion card div. -->\n<div class=\"ea-card  sp-ea-single\">\n\t<!-- Start accordion header. -->\n\t<h3 class=\"ea-header\">\n\t\t<!-- Add anchor tag for header. -->\n\t\t<a class=\"collapsed\" id=\"ea-header-18360\" role=\"button\" data-sptoggle=\"spcollapse\" data-sptarget=\"#collapse18360\" aria-controls=\"collapse18360\" href=\"#\"  aria-expanded=\"false\" tabindex=\"0\">\n\t\t<i aria-hidden=\"true\" role=\"presentation\" class=\"ea-expand-icon eap-icon-ea-expand-plus\"><\/i> Como apresentar minha proposta \u00e0 Pr\u00f3-reitoria de Cultura?\t\t<\/a> <!-- Close anchor tag for header. -->\n\t<\/h3>\t<!-- Close header tag. -->\n\t<!-- Start collapsible content div. -->\n\t<div class=\"sp-collapse spcollapse spcollapse\" id=\"collapse18360\" data-parent=\"#sp-ea-1836\" role=\"region\" aria-labelledby=\"ea-header-18360\">  <!-- Content div. -->\n\t\t<div class=\"ea-body\">\n\t\t<p>Artistas de diversas \u00e1reas\u00a0 interessados em apresentar uma proposta \u00e0 UFMG devem entrar em contato com a Pr\u00f3-reitoria de Cultura para obter as informa\u00e7\u00f5es:<\/p>\n<p><i class=\"wp-svg-phone phone\"><\/i>\u00a0 \u00a0 (31) 3409-6411<br \/>\n<i class=\"wp-svg-mail-2 mail-2\"><\/i>\u00a0 \u00a0 info@dac.ufmg.br<\/p>\n<p>Consulte tamb\u00e9m os espa\u00e7os culturais vinculados \u00e0 Procult para informa\u00e7\u00f5es sobre os processos locais:<\/p>\n<p><span style=\"color: #00ccff\"><a style=\"color: #00ccff\" href=\"https:\/\/www.ufmg.br\/procult\/conheca-a-procult\/enderecos-e-horarios-de-funcionamento\/\">Endere\u00e7os e contatos<\/a><\/span><\/p>\n\t\t<\/div> <!-- Close content div. -->\n\t<\/div> <!-- Close collapse div. -->\n<\/div> <!-- Close card div. -->\n<\/div>\n<\/div>\n\n<h4><span style=\"color: #00ccff;\">Forma\u00e7\u00e3o transversal<\/span><\/h4>\n<style>#sp-ea-1732 .spcollapsing { height: 0; overflow: hidden; transition-property: height;transition-duration: 500ms;}#sp-ea-1732.sp-easy-accordion>.sp-ea-single {margin-bottom: 10px; border: 1px solid #e2e2e2; }#sp-ea-1732.sp-easy-accordion>.sp-ea-single>.ea-header a {color: #444;}#sp-ea-1732.sp-easy-accordion>.sp-ea-single>.sp-collapse>.ea-body {background: #fff; color: #444;}#sp-ea-1732.sp-easy-accordion>.sp-ea-single {background: #eee;}#sp-ea-1732.sp-easy-accordion>.sp-ea-single>.ea-header a .ea-expand-icon { float: left; color: #444;font-size: 16px;}<\/style><div id=\"sp_easy_accordion-1777900484\">\n<div id=\"sp-ea-1732\" class=\"sp-ea-one sp-easy-accordion\" data-ea-active=\"ea-click\" data-ea-mode=\"vertical\" data-preloader=\"\" data-scroll-active-item=\"\" data-offset-to-scroll=\"0\">\n\n<!-- Start accordion card div. -->\n<div class=\"ea-card  sp-ea-single\">\n\t<!-- Start accordion header. -->\n\t<h3 class=\"ea-header\">\n\t\t<!-- Add anchor tag for header. -->\n\t\t<a class=\"collapsed\" id=\"ea-header-17320\" role=\"button\" data-sptoggle=\"spcollapse\" data-sptarget=\"#collapse17320\" aria-controls=\"collapse17320\" href=\"#\"  aria-expanded=\"false\" tabindex=\"0\">\n\t\t<i aria-hidden=\"true\" role=\"presentation\" class=\"ea-expand-icon eap-icon-ea-expand-plus\"><\/i> O que \u00e9 uma forma\u00e7\u00e3o transversal?\t\t<\/a> <!-- Close anchor tag for header. -->\n\t<\/h3>\t<!-- Close header tag. -->\n\t<!-- Start collapsible content div. -->\n\t<div class=\"sp-collapse spcollapse spcollapse\" id=\"collapse17320\" data-parent=\"#sp-ea-1732\" role=\"region\" aria-labelledby=\"ea-header-17320\">  <!-- Content div. -->\n\t\t<div class=\"ea-body\">\n\t\t<p>Trata-se de um tipo especial de forma\u00e7\u00e3o complementar ofertado semestralmente pela Pr\u00f3-reitoria de Gradua\u00e7\u00e3o da UFMG.<\/p>\n<p>J\u00e1 a Forma\u00e7\u00e3o Transversal em Culturas em Movimento e Processos Criativos, que integra esse conjunto de forma\u00e7\u00f5es da Universidade, \u00e9 ofertada pela Procult Ela \u00e9 composta de atividades definidas periodicamente e organizadas em torno de cinco eixos: T\u00f3picos em Cultura em Movimentos e em Processos Criativos, Passaporte Cultural, Laborat\u00f3rios Transversais, Semin\u00e1rios e Forma\u00e7\u00e3o Transversal Aberta. A oferta \u00e9 semestral, quando ent\u00e3o os interessados devem realizar sua matr\u00edcula.<\/p>\n<p>As atividades acad\u00eamicas curriculares est\u00e3o sob responsabilidade de docentes vinculados a diversos departamentos da UFMG, n\u00e3o importando a \u00e1rea ou o curso de origem.<\/p>\n<p>Saiba mais:\u00a0 <span style=\"color: #000000\"><a style=\"color: #000000\" href=\"https:\/\/www.ufmg.br\/procult\/wp-content\/uploads\/2024\/08\/projeto-pedagogico-culturas-em-movimento.pdf\" target=\"_blank\" rel=\"noopener\">Projeto pedag\u00f3gico da Forma\u00e7\u00e3o Transversal<\/a><\/span><\/p>\n\t\t<\/div> <!-- Close content div. -->\n\t<\/div> <!-- Close collapse div. -->\n<\/div> <!-- Close card div. -->\n<!-- Start accordion card div. -->\n<div class=\"ea-card  sp-ea-single\">\n\t<!-- Start accordion header. -->\n\t<h3 class=\"ea-header\">\n\t\t<!-- Add anchor tag for header. -->\n\t\t<a class=\"collapsed\" id=\"ea-header-17321\" role=\"button\" data-sptoggle=\"spcollapse\" data-sptarget=\"#collapse17321\" aria-controls=\"collapse17321\" href=\"#\"  aria-expanded=\"false\" tabindex=\"0\">\n\t\t<i aria-hidden=\"true\" role=\"presentation\" class=\"ea-expand-icon eap-icon-ea-expand-plus\"><\/i> Quem pode cursar\t\t<\/a> <!-- Close anchor tag for header. -->\n\t<\/h3>\t<!-- Close header tag. -->\n\t<!-- Start collapsible content div. -->\n\t<div class=\"sp-collapse spcollapse spcollapse\" id=\"collapse17321\" data-parent=\"#sp-ea-1732\" role=\"region\" aria-labelledby=\"ea-header-17321\">  <!-- Content div. -->\n\t\t<div class=\"ea-body\">\n\t\t<p>A Forma\u00e7\u00e3o Transversal \u00e9 aberta a estudantes de todos os cursos de gradua\u00e7\u00e3o e de p\u00f3s-gradua\u00e7\u00e3o da UFMG. Na gradua\u00e7\u00e3o, as cargas hor\u00e1rias cursadas podem ser utilizadas para integralizar a carga hor\u00e1ria da Forma\u00e7\u00e3o Complementar Aberta, prevista nos cursos de gradua\u00e7\u00e3o, e tamb\u00e9m de forma avulsa, para integralizar cr\u00e9ditos do N\u00facleo Geral.<\/p>\n<p>Os p\u00f3s-graduandos podem cursar as disciplinas, na modalidade de eletivas, ainda que n\u00e3o possam integralizar a Forma\u00e7\u00e3o Transversal.<\/p>\n<p>Quando houver vagas e condi\u00e7\u00f5es, a Forma\u00e7\u00e3o recebe tamb\u00e9m o p\u00fablico externo por meio de matr\u00edculas isoladas.<\/p>\n\t\t<\/div> <!-- Close content div. -->\n\t<\/div> <!-- Close collapse div. -->\n<\/div> <!-- Close card div. -->\n<!-- Start accordion card div. -->\n<div class=\"ea-card  sp-ea-single\">\n\t<!-- Start accordion header. -->\n\t<h3 class=\"ea-header\">\n\t\t<!-- Add anchor tag for header. -->\n\t\t<a class=\"collapsed\" id=\"ea-header-17322\" role=\"button\" data-sptoggle=\"spcollapse\" data-sptarget=\"#collapse17322\" aria-controls=\"collapse17322\" href=\"#\"  aria-expanded=\"false\" tabindex=\"0\">\n\t\t<i aria-hidden=\"true\" role=\"presentation\" class=\"ea-expand-icon eap-icon-ea-expand-plus\"><\/i> Como propor uma disciplina\t\t<\/a> <!-- Close anchor tag for header. -->\n\t<\/h3>\t<!-- Close header tag. -->\n\t<!-- Start collapsible content div. -->\n\t<div class=\"sp-collapse spcollapse spcollapse\" id=\"collapse17322\" data-parent=\"#sp-ea-1732\" role=\"region\" aria-labelledby=\"ea-header-17322\">  <!-- Content div. -->\n\t\t<div class=\"ea-body\">\n\t\t<p>A cada semestre a Procult lan\u00e7a chamada a toda a comunidade docente da UFMG para que possam submeter propostas de atividades acad\u00eamicas a serem ofertadas pela Forma\u00e7\u00e3o Transversal Culturas em Movimento e Processos Criativos.<\/p>\n<p>O objetivo \u00e9 garantir a mobilidade e flexibilidade curricular de modo coerente com a natureza transversal e sempre em atualiza\u00e7\u00e3o das culturas.<\/p>\n<p>As informa\u00e7\u00f5es podem ser acompanhadas em site da <a href=\"https:\/\/www.ufmg.br\/procult\/formacao-transversal\/formacao-transversal-cultura-em-movimento-e-processos-criativos\/\">Procult<\/a><\/p>\n\t\t<\/div> <!-- Close content div. -->\n\t<\/div> <!-- Close collapse div. -->\n<\/div> <!-- Close card div. -->\n<!-- Start accordion card div. -->\n<div class=\"ea-card  sp-ea-single\">\n\t<!-- Start accordion header. -->\n\t<h3 class=\"ea-header\">\n\t\t<!-- Add anchor tag for header. -->\n\t\t<a class=\"collapsed\" id=\"ea-header-17323\" role=\"button\" data-sptoggle=\"spcollapse\" data-sptarget=\"#collapse17323\" aria-controls=\"collapse17323\" href=\"#\"  aria-expanded=\"false\" tabindex=\"0\">\n\t\t<i aria-hidden=\"true\" role=\"presentation\" class=\"ea-expand-icon eap-icon-ea-expand-plus\"><\/i> Como obter informa\u00e7\u00f5es\t\t<\/a> <!-- Close anchor tag for header. -->\n\t<\/h3>\t<!-- Close header tag. -->\n\t<!-- Start collapsible content div. -->\n\t<div class=\"sp-collapse spcollapse spcollapse\" id=\"collapse17323\" data-parent=\"#sp-ea-1732\" role=\"region\" aria-labelledby=\"ea-header-17323\">  <!-- Content div. -->\n\t\t<div class=\"ea-body\">\n\t\t<p><i class=\"wp-svg-globe globe\"><\/i>\u00a0 \u00a0 Procult - www.ufmg.br\/procult\/formacao-transversal\/formacao-transversal-cultura-em-movimento-e-processos-criativos<\/p>\n<p><i class=\"wp-svg-globe globe\"><\/i>\u00a0 \u00a0 Prograd - www.ufmg.br\/prograd\/formacao-transversal<\/p>\n<p><i class=\"wp-svg-phone phone\"><\/i>\u00a0 \u00a0 (31) 3409-6590 (Prograd) \u2013 (31) 3409 4066 (Procult)<\/p>\n<p><i class=\"wp-svg-mail-2 mail-2\"><\/i>\u00a0 \u00a0 transversal@prograd.ufmg.br ou ftculturas@gmail.com<\/p>\n<p><i class=\"wp-svg-facebook facebook\"><\/i>\u00a0 \u00a0 www.facebook.com\/formacaotransversal<\/p>\n\t\t<\/div> <!-- Close content div. -->\n\t<\/div> <!-- Close collapse div. -->\n<\/div> <!-- Close card div. -->\n<\/div>\n<\/div>\n\n<h4><span style=\"color: #00ccff;\">Sugerir uma pauta \u00e0 Comunica\u00e7\u00e3o<\/span><\/h4>\n<style>#sp-ea-1840 .spcollapsing { height: 0; overflow: hidden; transition-property: height;transition-duration: 500ms;}#sp-ea-1840.sp-easy-accordion>.sp-ea-single {margin-bottom: 10px; border: 1px solid #e2e2e2; }#sp-ea-1840.sp-easy-accordion>.sp-ea-single>.ea-header a {color: #444;}#sp-ea-1840.sp-easy-accordion>.sp-ea-single>.sp-collapse>.ea-body {background: #fff; color: #444;}#sp-ea-1840.sp-easy-accordion>.sp-ea-single {background: #eee;}#sp-ea-1840.sp-easy-accordion>.sp-ea-single>.ea-header a .ea-expand-icon { float: left; color: #444;font-size: 16px;}<\/style><div id=\"sp_easy_accordion-1777900484\">\n<div id=\"sp-ea-1840\" class=\"sp-ea-one sp-easy-accordion\" data-ea-active=\"ea-click\" data-ea-mode=\"vertical\" data-preloader=\"\" data-scroll-active-item=\"\" data-offset-to-scroll=\"0\">\n\n<!-- Start accordion card div. -->\n<div class=\"ea-card  sp-ea-single\">\n\t<!-- Start accordion header. -->\n\t<h3 class=\"ea-header\">\n\t\t<!-- Add anchor tag for header. -->\n\t\t<a class=\"collapsed\" id=\"ea-header-18400\" role=\"button\" data-sptoggle=\"spcollapse\" data-sptarget=\"#collapse18400\" aria-controls=\"collapse18400\" href=\"#\"  aria-expanded=\"false\" tabindex=\"0\">\n\t\t<i aria-hidden=\"true\" role=\"presentation\" class=\"ea-expand-icon eap-icon-ea-expand-plus\"><\/i> Como enviar sugest\u00e3o para pautas sobre temas de Cultura na UFMG?\t\t<\/a> <!-- Close anchor tag for header. -->\n\t<\/h3>\t<!-- Close header tag. -->\n\t<!-- Start collapsible content div. -->\n\t<div class=\"sp-collapse spcollapse spcollapse\" id=\"collapse18400\" data-parent=\"#sp-ea-1840\" role=\"region\" aria-labelledby=\"ea-header-18400\">  <!-- Content div. -->\n\t\t<div class=\"ea-body\">\n\t\t<p>O contato deve ser feito por:<\/p>\n<p><i class=\"wp-svg-mail-2 mail-2\"><\/i>\u00a0 \u00a0 comunicacao@procult.ufmg.br<\/p>\n\t\t<\/div> <!-- Close content div. -->\n\t<\/div> <!-- Close collapse div. -->\n<\/div> <!-- Close card div. -->\n<\/div>\n<\/div>\n\n<p>&nbsp;<\/p>\n<p>&nbsp;<\/p>\n","protected":false},"excerpt":{"rendered":"<p>&nbsp; &nbsp; Contratos Apresentar uma proposta art\u00edstica Forma\u00e7\u00e3o transversal Sugerir [&hellip;]<\/p>\n","protected":false},"author":1,"featured_media":0,"parent":497,"menu_order":0,"comment_status":"closed","ping_status":"closed","template":"","meta":{"_acf_changed":false,"footnotes":""},"tags":[53,33,51],"class_list":["post-128","page","type-page","status-publish","hentry","tag-perguntas-frequentes","tag-pro-reitoria-de-cultura","tag-transparencia"],"acf":[],"_links":{"self":[{"href":"https:\/\/www.ufmg.br\/procult\/wp-json\/wp\/v2\/pages\/128","targetHints":{"allow":["GET"]}}],"collection":[{"href":"https:\/\/www.ufmg.br\/procult\/wp-json\/wp\/v2\/pages"}],"about":[{"href":"https:\/\/www.ufmg.br\/procult\/wp-json\/wp\/v2\/types\/page"}],"author":[{"embeddable":true,"href":"https:\/\/www.ufmg.br\/procult\/wp-json\/wp\/v2\/users\/1"}],"replies":[{"embeddable":true,"href":"https:\/\/www.ufmg.br\/procult\/wp-json\/wp\/v2\/comments?post=128"}],"version-history":[{"count":19,"href":"https:\/\/www.ufmg.br\/procult\/wp-json\/wp\/v2\/pages\/128\/revisions"}],"predecessor-version":[{"id":2131,"href":"https:\/\/www.ufmg.br\/procult\/wp-json\/wp\/v2\/pages\/128\/revisions\/2131"}],"up":[{"embeddable":true,"href":"https:\/\/www.ufmg.br\/procult\/wp-json\/wp\/v2\/pages\/497"}],"wp:attachment":[{"href":"https:\/\/www.ufmg.br\/procult\/wp-json\/wp\/v2\/media?parent=128"}],"wp:term":[{"taxonomy":"post_tag","embeddable":true,"href":"https:\/\/www.ufmg.br\/procult\/wp-json\/wp\/v2\/tags?post=128"}],"curies":[{"name":"wp","href":"https:\/\/api.w.org\/{rel}","templated":true}]}}