{"id":2477,"date":"2024-09-30T13:44:24","date_gmt":"2024-09-30T16:44:24","guid":{"rendered":"https:\/\/www.ufmg.br\/procult\/?page_id=2477"},"modified":"2024-09-30T13:58:46","modified_gmt":"2024-09-30T16:58:46","slug":"podcasts","status":"publish","type":"page","link":"https:\/\/www.ufmg.br\/procult\/comunicacao\/podcasts\/","title":{"rendered":"Podcasts"},"content":{"rendered":"<p>&nbsp;<\/p>\n<p><a href=\"https:\/\/bsky.app\/intent\/compose?text=https:\/\/www.ufmg.br\/procult\/comunicacao\/podcasts\/\" target=\"_blank\" rel=\"noopener\"><img loading=\"lazy\" decoding=\"async\" class=\"alignnone size-full wp-image-2079\" src=\"https:\/\/www.ufmg.br\/procult\/wp-content\/uploads\/2024\/09\/bluesky-butterfly-logo-05.png\" alt=\"\" width=\"24\" height=\"21\" \/><\/a><a href=\"https:\/\/www.facebook.com\/sharer\/sharer.php?u=https:\/\/www.ufmg.br\/procult\/comunicacao\/podcasts\/\" target=\"_blank\" rel=\"noopener\"><img loading=\"lazy\" decoding=\"async\" class=\"alignnone size-full wp-image-1892\" src=\"https:\/\/www.ufmg.br\/procult\/wp-content\/uploads\/2024\/08\/facebook-app-round-icon.png\" alt=\"\" width=\"24\" height=\"24\" \/><\/a><a href=\"https:\/\/twitter.com\/intent\/tweet?text=https:\/\/www.ufmg.br\/procult\/comunicacao\/podcasts\/\" target=\"_blank\" rel=\"noopener\"><img loading=\"lazy\" decoding=\"async\" class=\"alignnone size-full wp-image-1893\" src=\"https:\/\/www.ufmg.br\/procult\/wp-content\/uploads\/2024\/08\/x-social-media-black-icon-1.png\" alt=\"\" width=\"24\" height=\"24\" \/><\/a><a href=\"https:\/\/www.linkedin.com\/sharing\/share-offsite\/?url=https:\/\/www.ufmg.br\/procult\/comunicacao\/podcasts\/\" target=\"_blank\" rel=\"noopener\"><img loading=\"lazy\" decoding=\"async\" class=\"alignnone size-full wp-image-1894\" src=\"https:\/\/www.ufmg.br\/procult\/wp-content\/uploads\/2024\/08\/linkedin-square-icon.png\" alt=\"\" width=\"24\" height=\"24\" \/><\/a><a href=\"https:\/\/api.whatsapp.com\/send?text=https:\/\/www.ufmg.br\/procult\/comunicacao\/podcasts\/\" target=\"_blank\" rel=\"noopener\"><img loading=\"lazy\" decoding=\"async\" class=\"alignnone size-full wp-image-1895\" src=\"https:\/\/www.ufmg.br\/procult\/wp-content\/uploads\/2024\/08\/whatsapp-icon.png\" alt=\"\" width=\"24\" height=\"24\" \/><\/a><a href=\"https:\/\/telegram.me\/share\/url?url=https:\/\/www.ufmg.br\/procult\/comunicacao\/podcasts\/\" target=\"_blank\" rel=\"noopener\"><img loading=\"lazy\" decoding=\"async\" class=\"alignnone size-full wp-image-1896\" src=\"https:\/\/www.ufmg.br\/procult\/wp-content\/uploads\/2024\/08\/telegram-black-icon.png\" alt=\"\" width=\"24\" height=\"24\" \/><\/a><a href=\"mailto:?subject=https:\/\/www.ufmg.br\/procult\/comunicacao\/podcasts\/\"><img loading=\"lazy\" decoding=\"async\" class=\"alignnone size-full wp-image-1891\" src=\"https:\/\/www.ufmg.br\/procult\/wp-content\/uploads\/2024\/08\/envelope-line-icon.png\" alt=\"\" width=\"24\" height=\"24\" \/><\/a><\/p>\n<div id=\"attachment_2507\" style=\"width: 760px\" class=\"wp-caption alignnone\"><img loading=\"lazy\" decoding=\"async\" aria-describedby=\"caption-attachment-2507\" class=\" wp-image-2507\" src=\"https:\/\/www.ufmg.br\/procult\/wp-content\/uploads\/2024\/09\/11734181_4777898-podcast-pikisuperstar.jpg\" alt=\"\" width=\"750\" height=\"750\" srcset=\"https:\/\/www.ufmg.br\/procult\/wp-content\/uploads\/2024\/09\/11734181_4777898-podcast-pikisuperstar.jpg 2000w, https:\/\/www.ufmg.br\/procult\/wp-content\/uploads\/2024\/09\/11734181_4777898-podcast-pikisuperstar-300x300.jpg 300w, https:\/\/www.ufmg.br\/procult\/wp-content\/uploads\/2024\/09\/11734181_4777898-podcast-pikisuperstar-1024x1024.jpg 1024w, https:\/\/www.ufmg.br\/procult\/wp-content\/uploads\/2024\/09\/11734181_4777898-podcast-pikisuperstar-150x150.jpg 150w, https:\/\/www.ufmg.br\/procult\/wp-content\/uploads\/2024\/09\/11734181_4777898-podcast-pikisuperstar-768x768.jpg 768w, https:\/\/www.ufmg.br\/procult\/wp-content\/uploads\/2024\/09\/11734181_4777898-podcast-pikisuperstar-1536x1536.jpg 1536w, https:\/\/www.ufmg.br\/procult\/wp-content\/uploads\/2024\/09\/11734181_4777898-podcast-pikisuperstar-340x340.jpg 340w\" sizes=\"auto, (max-width: 750px) 100vw, 750px\" \/><p id=\"caption-attachment-2507\" class=\"wp-caption-text\">Cr\u00e9dito: Pikisuperstar<\/p><\/div>\n<p>&nbsp;<\/p>\n<p>Diversos espa\u00e7os da Pr\u00f3-reitoria de Cultura UFMG produzem podcasts sobre temas variados. Explore e siga os projetos!<\/p>\n<p>&nbsp;<\/p>\n<h4><span style=\"color: #00ccff;\">Campus Cultural UFMG em Tiradentes<\/span><\/h4>\n<p>&nbsp;<\/p>\n<p>Cultcast e Museando com Toledo s\u00e3o os podcasts produzidos pela equipe do Campus Cultural UFMG em Tiradentes.<\/p>\n<p><span class=\"wp-svg-podcast podcast\"><\/span>\u00a0 \u00a0 Ou\u00e7a os projetos no <span style=\"color: #000000;\"><a style=\"color: #000000;\" href=\"https:\/\/open.spotify.com\/show\/08p5kap5fk4mzU9KDPTuoD\" target=\"_blank\" rel=\"noopener\">link 1<\/a><\/span> e <span style=\"color: #000000;\"><a style=\"color: #000000;\" href=\"https:\/\/open.spotify.com\/show\/7JprtzvtAfR8rsfZk9mx0d\" target=\"_blank\" rel=\"noopener\">link 2<\/a><\/span><\/p>\n<p>&nbsp;<\/p>\n<h4><span style=\"color: #00ccff;\">Centro Cultural UFMG<\/span><\/h4>\n<p>&nbsp;<\/p>\n<p>Corredor Cultural 174, Resid\u00eancia Art\u00edstica, Leituras e Recitais s\u00e3o os podcasts produzidos pelo Centro Cultural UFMG e dispon\u00edveis para todos.<\/p>\n<p><span class=\"wp-svg-podcast podcast\"><\/span>\u00a0 \u00a0 <span style=\"color: #000000;\"><a style=\"color: #000000;\" href=\"https:\/\/open.spotify.com\/user\/925aubqrhn8hp7vwgwkeor68z?si=T543gNEMS7GHdUP22WIahg&amp;nd=1\" target=\"_blank\" rel=\"noopener\">Ou\u00e7a aqui<\/a><\/span><\/p>\n<p>&nbsp;<\/p>\n<h4><span style=\"color: #00ccff;\">Conservat\u00f3rio UFMG<\/span><\/h4>\n<p>&nbsp;<\/p>\n<p>Denominado Conversat\u00f3rio, o programa do Conservat\u00f3rio apresenta duas linhas de podcasts: Arte em Tese e Di\u00e1logos<\/p>\n<p><span class=\"wp-svg-podcast podcast\"><\/span>\u00a0 <span style=\"color: #000000;\">\u00a0<a style=\"color: #000000;\" href=\"https:\/\/open.spotify.com\/show\/0v59EvkyGPUZY9k3ELe1Sl?utm_medium=share&amp;utm_source=linktree\" target=\"_blank\" rel=\"noopener\">Ou\u00e7a aqui<\/a><\/span><\/p>\n<p>&nbsp;<\/p>\n<h4><span style=\"color: #00ccff;\">Espa\u00e7o do Conhecimento<\/span><\/h4>\n<p>&nbsp;<\/p>\n<p>P\u00edlulas do Conhecimento, Conhecicast, Caf\u00e9 Controverso, Pelos mundos ind\u00edgenas e 32\u00aa Semana Rosiana: o bem e o mal na obra de Guimar\u00e3es Rosa s\u00e3o os podcasts produzidos pelo Espa\u00e7o do Conhecimento, dispon\u00edveis em diversas plataformas.<\/p>\n<p><span class=\"wp-svg-podcast podcast\"><\/span>\u00a0 \u00a0 <span style=\"color: #000000;\"><a style=\"color: #000000;\" href=\"https:\/\/www.ufmg.br\/espacodoconhecimento\/14176-2\/\" target=\"_blank\" rel=\"noopener\">Ou\u00e7a aqui<\/a><\/span><\/p>\n<p>&nbsp;<\/p>\n<p>&nbsp;<\/p>\n","protected":false},"excerpt":{"rendered":"<p>&nbsp; &nbsp; Diversos espa\u00e7os da Pr\u00f3-reitoria de Cultura UFMG produzem [&hellip;]<\/p>\n","protected":false},"author":1,"featured_media":0,"parent":562,"menu_order":0,"comment_status":"closed","ping_status":"closed","template":"","meta":{"_acf_changed":false,"footnotes":""},"tags":[124,130,186],"class_list":["post-2477","page","type-page","status-publish","hentry","tag-comunicacao","tag-multimidia","tag-podcasts"],"acf":[],"_links":{"self":[{"href":"https:\/\/www.ufmg.br\/procult\/wp-json\/wp\/v2\/pages\/2477","targetHints":{"allow":["GET"]}}],"collection":[{"href":"https:\/\/www.ufmg.br\/procult\/wp-json\/wp\/v2\/pages"}],"about":[{"href":"https:\/\/www.ufmg.br\/procult\/wp-json\/wp\/v2\/types\/page"}],"author":[{"embeddable":true,"href":"https:\/\/www.ufmg.br\/procult\/wp-json\/wp\/v2\/users\/1"}],"replies":[{"embeddable":true,"href":"https:\/\/www.ufmg.br\/procult\/wp-json\/wp\/v2\/comments?post=2477"}],"version-history":[{"count":31,"href":"https:\/\/www.ufmg.br\/procult\/wp-json\/wp\/v2\/pages\/2477\/revisions"}],"predecessor-version":[{"id":2509,"href":"https:\/\/www.ufmg.br\/procult\/wp-json\/wp\/v2\/pages\/2477\/revisions\/2509"}],"up":[{"embeddable":true,"href":"https:\/\/www.ufmg.br\/procult\/wp-json\/wp\/v2\/pages\/562"}],"wp:attachment":[{"href":"https:\/\/www.ufmg.br\/procult\/wp-json\/wp\/v2\/media?parent=2477"}],"wp:term":[{"taxonomy":"post_tag","embeddable":true,"href":"https:\/\/www.ufmg.br\/procult\/wp-json\/wp\/v2\/tags?post=2477"}],"curies":[{"name":"wp","href":"https:\/\/api.w.org\/{rel}","templated":true}]}}