{"id":497,"date":"2024-01-15T09:34:46","date_gmt":"2024-01-15T12:34:46","guid":{"rendered":"https:\/\/www.ufmg.br\/procult\/?page_id=497"},"modified":"2024-11-08T14:27:14","modified_gmt":"2024-11-08T17:27:14","slug":"transparencia","status":"publish","type":"page","link":"https:\/\/www.ufmg.br\/procult\/conheca-a-procult\/transparencia\/","title":{"rendered":"Transpar\u00eancia"},"content":{"rendered":"<p>&nbsp;<\/p>\n<p><a href=\"https:\/\/bsky.app\/intent\/compose?text=https:\/\/www.ufmg.br\/procult\/conheca-a-procult\/transparencia\/\" target=\"_blank\" rel=\"noopener\"><img loading=\"lazy\" decoding=\"async\" class=\"alignnone size-full wp-image-2079\" src=\"https:\/\/www.ufmg.br\/procult\/wp-content\/uploads\/2024\/09\/bluesky-butterfly-logo-05.png\" alt=\"\" width=\"24\" height=\"21\" \/><\/a><a href=\"https:\/\/www.facebook.com\/sharer\/sharer.php?u=https:\/\/www.ufmg.br\/procult\/conheca-a-procult\/transparencia\/\" target=\"_blank\" rel=\"noopener\"><img loading=\"lazy\" decoding=\"async\" class=\"alignnone size-full wp-image-1892\" src=\"https:\/\/www.ufmg.br\/procult\/wp-content\/uploads\/2024\/08\/facebook-app-round-icon.png\" alt=\"\" width=\"24\" height=\"24\" \/><\/a><a href=\"https:\/\/twitter.com\/intent\/tweet?text=https:\/\/www.ufmg.br\/procult\/conheca-a-procult\/transparencia\/\" target=\"_blank\" rel=\"noopener\"><img loading=\"lazy\" decoding=\"async\" class=\"alignnone size-full wp-image-1893\" src=\"https:\/\/www.ufmg.br\/procult\/wp-content\/uploads\/2024\/08\/x-social-media-black-icon-1.png\" alt=\"\" width=\"24\" height=\"24\" \/><\/a><a href=\"https:\/\/www.linkedin.com\/sharing\/share-offsite\/?url=https:\/\/www.ufmg.br\/procult\/conheca-a-procult\/transparencia\/\" target=\"_blank\" rel=\"noopener\"><img loading=\"lazy\" decoding=\"async\" class=\"alignnone size-full wp-image-1894\" src=\"https:\/\/www.ufmg.br\/procult\/wp-content\/uploads\/2024\/08\/linkedin-square-icon.png\" alt=\"\" width=\"24\" height=\"24\" \/><\/a><a href=\"https:\/\/api.whatsapp.com\/send?text=https:\/\/www.ufmg.br\/procult\/conheca-a-procult\/transparencia\/\" target=\"_blank\" rel=\"noopener\"><img loading=\"lazy\" decoding=\"async\" class=\"alignnone size-full wp-image-1895\" src=\"https:\/\/www.ufmg.br\/procult\/wp-content\/uploads\/2024\/08\/whatsapp-icon.png\" alt=\"\" width=\"24\" height=\"24\" \/><\/a><a href=\"https:\/\/telegram.me\/share\/url?url=https:\/\/www.ufmg.br\/procult\/conheca-a-procult\/transparencia\/\" target=\"_blank\" rel=\"noopener\"><img loading=\"lazy\" decoding=\"async\" class=\"alignnone size-full wp-image-1896\" src=\"https:\/\/www.ufmg.br\/procult\/wp-content\/uploads\/2024\/08\/telegram-black-icon.png\" alt=\"\" width=\"24\" height=\"24\" \/><\/a><a href=\"mailto:?subject=https:\/\/www.ufmg.br\/procult\/conheca-a-procult\/transparencia\/\"><img loading=\"lazy\" decoding=\"async\" class=\"alignnone size-full wp-image-1891\" src=\"https:\/\/www.ufmg.br\/procult\/wp-content\/uploads\/2024\/08\/envelope-line-icon.png\" alt=\"\" width=\"24\" height=\"24\" \/><\/a><\/p>\n<p>Nesta p\u00e1gina voc\u00ea encontra documentos e orienta\u00e7\u00f5es para acesso a informa\u00e7\u00f5es sobre a Pr\u00f3-reitoria de Cultura da UFMG.<\/p>\n<style>#sp-ea-896 .spcollapsing { height: 0; overflow: hidden; transition-property: height;transition-duration: 500ms;}#sp-ea-896.sp-easy-accordion>.sp-ea-single {margin-bottom: 10px; border: 1px solid #e2e2e2; }#sp-ea-896.sp-easy-accordion>.sp-ea-single>.ea-header a {color: #444;}#sp-ea-896.sp-easy-accordion>.sp-ea-single>.sp-collapse>.ea-body {background: #fff; color: #444;}#sp-ea-896.sp-easy-accordion>.sp-ea-single {background: #eee;}#sp-ea-896.sp-easy-accordion>.sp-ea-single>.ea-header a .ea-expand-icon { float: left; color: #444;font-size: 16px;}<\/style><div id=\"sp_easy_accordion-1776340348\">\n<div id=\"sp-ea-896\" class=\"sp-ea-one sp-easy-accordion\" data-ea-active=\"ea-click\" data-ea-mode=\"vertical\" data-preloader=\"\" data-scroll-active-item=\"\" data-offset-to-scroll=\"0\">\n\n<!-- Start accordion card div. -->\n<div class=\"ea-card  sp-ea-single\">\n\t<!-- Start accordion header. -->\n\t<h3 class=\"ea-header\">\n\t\t<!-- Add anchor tag for header. -->\n\t\t<a class=\"collapsed\" id=\"ea-header-8960\" role=\"button\" data-sptoggle=\"spcollapse\" data-sptarget=\"#collapse8960\" aria-controls=\"collapse8960\" href=\"#\"  aria-expanded=\"false\" tabindex=\"0\">\n\t\t<i aria-hidden=\"true\" role=\"presentation\" class=\"ea-expand-icon eap-icon-ea-expand-plus\"><\/i> Regimentos e resolu\u00e7\u00f5es\t\t<\/a> <!-- Close anchor tag for header. -->\n\t<\/h3>\t<!-- Close header tag. -->\n\t<!-- Start collapsible content div. -->\n\t<div class=\"sp-collapse spcollapse spcollapse\" id=\"collapse8960\" data-parent=\"#sp-ea-896\" role=\"region\" aria-labelledby=\"ea-header-8960\">  <!-- Content div. -->\n\t\t<div class=\"ea-body\">\n\t\t<h6><span style=\"color: #00ccff\"><a style=\"color: #00ccff\" href=\"https:\/\/www.ufmg.br\/procult\/wp-content\/uploads\/2024\/01\/boletim-ufmg-2022-resolucao-procult.pdf\">Resolu\u00e7\u00f5es de cria\u00e7\u00e3o da Procult<\/a><\/span><br \/>\n<span style=\"color: #00ccff\"><a style=\"color: #00ccff\" href=\"https:\/\/www.ufmg.br\/procult\/wp-content\/uploads\/2024\/01\/Regimento-Centro-Cultural.pdf\"> Regimento do Centro Cultural UFMG<\/a><br \/>\n<a style=\"color: #00ccff\" href=\"https:\/\/www.ufmg.br\/procult\/wp-content\/uploads\/2024\/01\/Regimento_Conservatorio.pdf\">Regimento do Conservat\u00f3rio UFMG<\/a><\/span><br \/>\n<span style=\"color: #00ccff\"><a style=\"color: #00ccff\" href=\"https:\/\/www.ufmg.br\/procult\/wp-content\/uploads\/2024\/01\/Regimento_-Espaco-Acervo-Artistico.pdf\"> Regimento do Espa\u00e7o Acervo Art\u00edstico UFMG<\/a><br \/>\n<a style=\"color: #00ccff\" href=\"https:\/\/www.ufmg.br\/procult\/wp-content\/uploads\/2024\/01\/Regimento_Espaco-do-Conhecimento.pdf\">Regimento do Espa\u00e7o do Conhecimento UFMG<\/a><\/span><\/h6>\n\t\t<\/div> <!-- Close content div. -->\n\t<\/div> <!-- Close collapse div. -->\n<\/div> <!-- Close card div. -->\n<!-- Start accordion card div. -->\n<div class=\"ea-card  sp-ea-single\">\n\t<!-- Start accordion header. -->\n\t<h3 class=\"ea-header\">\n\t\t<!-- Add anchor tag for header. -->\n\t\t<a class=\"collapsed\" id=\"ea-header-8961\" role=\"button\" data-sptoggle=\"spcollapse\" data-sptarget=\"#collapse8961\" aria-controls=\"collapse8961\" href=\"#\"  aria-expanded=\"false\" tabindex=\"0\">\n\t\t<i aria-hidden=\"true\" role=\"presentation\" class=\"ea-expand-icon eap-icon-ea-expand-plus\"><\/i> Planos, relat\u00f3rios e demonstra\u00e7\u00f5es cont\u00e1beis\t\t<\/a> <!-- Close anchor tag for header. -->\n\t<\/h3>\t<!-- Close header tag. -->\n\t<!-- Start collapsible content div. -->\n\t<div class=\"sp-collapse spcollapse spcollapse\" id=\"collapse8961\" data-parent=\"#sp-ea-896\" role=\"region\" aria-labelledby=\"ea-header-8961\">  <!-- Content div. -->\n\t\t<div class=\"ea-body\">\n\t\t<p>Na p\u00e1gina Documentos deste site, est\u00e3o dispon\u00edveis links para edi\u00e7\u00f5es dos seguintes itens:<\/p>\n<ul>\n<li>Plano de Desenvolvimento Institucional (PDI)<\/li>\n<li>Relat\u00f3rios de Gest\u00e3o<\/li>\n<li>Demonstra\u00e7\u00f5es Cont\u00e1beis<br \/>\n<span style=\"color: #00ccff\"><a style=\"color: #00ccff\" href=\"https:\/\/www.ufmg.br\/procult\/conheca-a-procult\/documentos\/\" target=\"_blank\" rel=\"noopener\">Acesse aqui<\/a><\/span><\/li>\n<\/ul>\n\t\t<\/div> <!-- Close content div. -->\n\t<\/div> <!-- Close collapse div. -->\n<\/div> <!-- Close card div. -->\n<!-- Start accordion card div. -->\n<div class=\"ea-card  sp-ea-single\">\n\t<!-- Start accordion header. -->\n\t<h3 class=\"ea-header\">\n\t\t<!-- Add anchor tag for header. -->\n\t\t<a class=\"collapsed\" id=\"ea-header-8962\" role=\"button\" data-sptoggle=\"spcollapse\" data-sptarget=\"#collapse8962\" aria-controls=\"collapse8962\" href=\"#\"  aria-expanded=\"false\" tabindex=\"0\">\n\t\t<i aria-hidden=\"true\" role=\"presentation\" class=\"ea-expand-icon eap-icon-ea-expand-plus\"><\/i> Lista de pagamentos\t\t<\/a> <!-- Close anchor tag for header. -->\n\t<\/h3>\t<!-- Close header tag. -->\n\t<!-- Start collapsible content div. -->\n\t<div class=\"sp-collapse spcollapse spcollapse\" id=\"collapse8962\" data-parent=\"#sp-ea-896\" role=\"region\" aria-labelledby=\"ea-header-8962\">  <!-- Content div. -->\n\t\t<div class=\"ea-body\">\n\t\t<p>[Aguarde!]<\/p>\n\t\t<\/div> <!-- Close content div. -->\n\t<\/div> <!-- Close collapse div. -->\n<\/div> <!-- Close card div. -->\n<!-- Start accordion card div. -->\n<div class=\"ea-card  sp-ea-single\">\n\t<!-- Start accordion header. -->\n\t<h3 class=\"ea-header\">\n\t\t<!-- Add anchor tag for header. -->\n\t\t<a class=\"collapsed\" id=\"ea-header-8963\" role=\"button\" data-sptoggle=\"spcollapse\" data-sptarget=\"#collapse8963\" aria-controls=\"collapse8963\" href=\"#\"  aria-expanded=\"false\" tabindex=\"0\">\n\t\t<i aria-hidden=\"true\" role=\"presentation\" class=\"ea-expand-icon eap-icon-ea-expand-plus\"><\/i> Servi\u00e7o de Informa\u00e7\u00e3o ao Cidad\u00e3o da UFMG\t\t<\/a> <!-- Close anchor tag for header. -->\n\t<\/h3>\t<!-- Close header tag. -->\n\t<!-- Start collapsible content div. -->\n\t<div class=\"sp-collapse spcollapse spcollapse\" id=\"collapse8963\" data-parent=\"#sp-ea-896\" role=\"region\" aria-labelledby=\"ea-header-8963\">  <!-- Content div. -->\n\t\t<div class=\"ea-body\">\n\t\t<h6>Canal de comunica\u00e7\u00e3o com o cidad\u00e3o, para acesso \u00e0s informa\u00e7\u00f5es p\u00fablicas produzidas ou sob guarda da Universidade:<br \/>\n<span style=\"color: #00ccff\"><a style=\"color: #00ccff\" href=\"https:\/\/www.ufmg.br\/dgi\/sic\/\" target=\"_blank\" rel=\"noopener\">Acesse o SIC<\/a><\/span><\/h6>\n\t\t<\/div> <!-- Close content div. -->\n\t<\/div> <!-- Close collapse div. -->\n<\/div> <!-- Close card div. -->\n<!-- Start accordion card div. -->\n<div class=\"ea-card  sp-ea-single\">\n\t<!-- Start accordion header. -->\n\t<h3 class=\"ea-header\">\n\t\t<!-- Add anchor tag for header. -->\n\t\t<a class=\"collapsed\" id=\"ea-header-8964\" role=\"button\" data-sptoggle=\"spcollapse\" data-sptarget=\"#collapse8964\" aria-controls=\"collapse8964\" href=\"#\"  aria-expanded=\"false\" tabindex=\"0\">\n\t\t<i aria-hidden=\"true\" role=\"presentation\" class=\"ea-expand-icon eap-icon-ea-expand-plus\"><\/i> Equipe da Procult\t\t<\/a> <!-- Close anchor tag for header. -->\n\t<\/h3>\t<!-- Close header tag. -->\n\t<!-- Start collapsible content div. -->\n\t<div class=\"sp-collapse spcollapse spcollapse\" id=\"collapse8964\" data-parent=\"#sp-ea-896\" role=\"region\" aria-labelledby=\"ea-header-8964\">  <!-- Content div. -->\n\t\t<div class=\"ea-body\">\n\t\t<h6><span style=\"color: #00ccff\"><a style=\"color: #00ccff\" href=\"https:\/\/www.ufmg.br\/procult\/conheca-a-procult\/organizacao\/equipe\/\" target=\"_blank\" rel=\"noopener\">Lista de servidores por setores e \u00f3rg\u00e3os da Procult<\/a><\/span><\/h6>\n\t\t<\/div> <!-- Close content div. -->\n\t<\/div> <!-- Close collapse div. -->\n<\/div> <!-- Close card div. -->\n<!-- Start accordion card div. -->\n<div class=\"ea-card  sp-ea-single\">\n\t<!-- Start accordion header. -->\n\t<h3 class=\"ea-header\">\n\t\t<!-- Add anchor tag for header. -->\n\t\t<a class=\"collapsed\" id=\"ea-header-8965\" role=\"button\" data-sptoggle=\"spcollapse\" data-sptarget=\"#collapse8965\" aria-controls=\"collapse8965\" href=\"#\"  aria-expanded=\"false\" tabindex=\"0\">\n\t\t<i aria-hidden=\"true\" role=\"presentation\" class=\"ea-expand-icon eap-icon-ea-expand-plus\"><\/i> Perguntas frequentes\t\t<\/a> <!-- Close anchor tag for header. -->\n\t<\/h3>\t<!-- Close header tag. -->\n\t<!-- Start collapsible content div. -->\n\t<div class=\"sp-collapse spcollapse spcollapse\" id=\"collapse8965\" data-parent=\"#sp-ea-896\" role=\"region\" aria-labelledby=\"ea-header-8965\">  <!-- Content div. -->\n\t\t<div class=\"ea-body\">\n\t\t<p>Acesse a p\u00e1gina com respostas a perguntas frequentes sobre a Pr\u00f3-reitoria de Cultura:<\/p>\n<h6><span style=\"color: #00ccff\"><a style=\"color: #00ccff\" href=\"https:\/\/www.ufmg.br\/procult\/conheca-a-procult\/transparencia\/perguntas-frequentes\/\" target=\"_blank\" rel=\"noopener\">Perguntas frequentes<\/a><\/span><\/h6>\n\t\t<\/div> <!-- Close content div. -->\n\t<\/div> <!-- Close collapse div. -->\n<\/div> <!-- Close card div. -->\n<!-- Start accordion card div. -->\n<div class=\"ea-card  sp-ea-single\">\n\t<!-- Start accordion header. -->\n\t<h3 class=\"ea-header\">\n\t\t<!-- Add anchor tag for header. -->\n\t\t<a class=\"collapsed\" id=\"ea-header-8966\" role=\"button\" data-sptoggle=\"spcollapse\" data-sptarget=\"#collapse8966\" aria-controls=\"collapse8966\" href=\"#\"  aria-expanded=\"false\" tabindex=\"0\">\n\t\t<i aria-hidden=\"true\" role=\"presentation\" class=\"ea-expand-icon eap-icon-ea-expand-plus\"><\/i> Fale conosco\t\t<\/a> <!-- Close anchor tag for header. -->\n\t<\/h3>\t<!-- Close header tag. -->\n\t<!-- Start collapsible content div. -->\n\t<div class=\"sp-collapse spcollapse spcollapse\" id=\"collapse8966\" data-parent=\"#sp-ea-896\" role=\"region\" aria-labelledby=\"ea-header-8966\">  <!-- Content div. -->\n\t\t<div class=\"ea-body\">\n\t\t<p><span style=\"color: #00ccff\"><a style=\"color: #00ccff\" href=\"https:\/\/www.ufmg.br\/procult\/contato\/\">Acesse a p\u00e1gina Contato deste site para falar com nossa equipe<\/a><\/span><\/p>\n\t\t<\/div> <!-- Close content div. -->\n\t<\/div> <!-- Close collapse div. -->\n<\/div> <!-- Close card div. -->\n<!-- Start accordion card div. -->\n<div class=\"ea-card  sp-ea-single\">\n\t<!-- Start accordion header. -->\n\t<h3 class=\"ea-header\">\n\t\t<!-- Add anchor tag for header. -->\n\t\t<a class=\"collapsed\" id=\"ea-header-8967\" role=\"button\" data-sptoggle=\"spcollapse\" data-sptarget=\"#collapse8967\" aria-controls=\"collapse8967\" href=\"#\"  aria-expanded=\"false\" tabindex=\"0\">\n\t\t<i aria-hidden=\"true\" role=\"presentation\" class=\"ea-expand-icon eap-icon-ea-expand-plus\"><\/i> Ouvidoria Fala.BR\t\t<\/a> <!-- Close anchor tag for header. -->\n\t<\/h3>\t<!-- Close header tag. -->\n\t<!-- Start collapsible content div. -->\n\t<div class=\"sp-collapse spcollapse spcollapse\" id=\"collapse8967\" data-parent=\"#sp-ea-896\" role=\"region\" aria-labelledby=\"ea-header-8967\">  <!-- Content div. -->\n\t\t<div class=\"ea-body\">\n\t\t<h6>\n<span style=\"color: #00ccff\"><a style=\"color: #00ccff\" href=\"https:\/\/falabr.cgu.gov.br\/web\/home\" target=\"_blank\" rel=\"noopener\">Acesse o Fala.BR<\/a><\/span><\/h6>\n\t\t<\/div> <!-- Close content div. -->\n\t<\/div> <!-- Close collapse div. -->\n<\/div> <!-- Close card div. -->\n<!-- Start accordion card div. -->\n<div class=\"ea-card  sp-ea-single\">\n\t<!-- Start accordion header. -->\n\t<h3 class=\"ea-header\">\n\t\t<!-- Add anchor tag for header. -->\n\t\t<a class=\"collapsed\" id=\"ea-header-8968\" role=\"button\" data-sptoggle=\"spcollapse\" data-sptarget=\"#collapse8968\" aria-controls=\"collapse8968\" href=\"#\"  aria-expanded=\"false\" tabindex=\"0\">\n\t\t<i aria-hidden=\"true\" role=\"presentation\" class=\"ea-expand-icon eap-icon-ea-expand-plus\"><\/i> Acesso \u00e0 Informa\u00e7\u00e3o UFMG\t\t<\/a> <!-- Close anchor tag for header. -->\n\t<\/h3>\t<!-- Close header tag. -->\n\t<!-- Start collapsible content div. -->\n\t<div class=\"sp-collapse spcollapse spcollapse\" id=\"collapse8968\" data-parent=\"#sp-ea-896\" role=\"region\" aria-labelledby=\"ea-header-8968\">  <!-- Content div. -->\n\t\t<div class=\"ea-body\">\n\t\t<h6><span style=\"color: #00ccff\"><a style=\"color: #00ccff\" href=\"https:\/\/ufmg.br\/acesso-a-informacao\" target=\"_blank\" rel=\"noopener\"><span style=\"color: #00ccff\">P\u00e1gina<\/span> com lista de informa\u00e7\u00f5es sobre a Universidade<\/a><\/span><\/h6>\n\t\t<\/div> <!-- Close content div. -->\n\t<\/div> <!-- Close collapse div. -->\n<\/div> <!-- Close card div. -->\n<!-- Start accordion card div. -->\n<div class=\"ea-card  sp-ea-single\">\n\t<!-- Start accordion header. -->\n\t<h3 class=\"ea-header\">\n\t\t<!-- Add anchor tag for header. -->\n\t\t<a class=\"collapsed\" id=\"ea-header-8969\" role=\"button\" data-sptoggle=\"spcollapse\" data-sptarget=\"#collapse8969\" aria-controls=\"collapse8969\" href=\"#\"  aria-expanded=\"false\" tabindex=\"0\">\n\t\t<i aria-hidden=\"true\" role=\"presentation\" class=\"ea-expand-icon eap-icon-ea-expand-plus\"><\/i> Receitas e despesas da UFMG\t\t<\/a> <!-- Close anchor tag for header. -->\n\t<\/h3>\t<!-- Close header tag. -->\n\t<!-- Start collapsible content div. -->\n\t<div class=\"sp-collapse spcollapse spcollapse\" id=\"collapse8969\" data-parent=\"#sp-ea-896\" role=\"region\" aria-labelledby=\"ea-header-8969\">  <!-- Content div. -->\n\t\t<div class=\"ea-body\">\n\t\t<h6><span style=\"color: #00ccff\"><a style=\"color: #00ccff\" href=\"https:\/\/ufmg.br\/acesso-a-informacao\/receitas-e-despesas-ai\" target=\"_blank\" rel=\"noopener\">Informa\u00e7\u00f5es sobre acesso a dados de receitas e despesas da UFMG<\/a><\/span><\/h6>\n\t\t<\/div> <!-- Close content div. -->\n\t<\/div> <!-- Close collapse div. -->\n<\/div> <!-- Close card div. -->\n<\/div>\n<\/div>\n\n<p>&nbsp;<\/p>\n<p>&nbsp;<\/p>\n","protected":false},"excerpt":{"rendered":"<p>&nbsp; Nesta p\u00e1gina voc\u00ea encontra documentos e orienta\u00e7\u00f5es para acesso [&hellip;]<\/p>\n","protected":false},"author":1,"featured_media":0,"parent":487,"menu_order":0,"comment_status":"closed","ping_status":"closed","template":"","meta":{"_acf_changed":false,"footnotes":""},"tags":[166,33,51],"class_list":["post-497","page","type-page","status-publish","hentry","tag-acesso-a-informacao","tag-pro-reitoria-de-cultura","tag-transparencia"],"acf":[],"_links":{"self":[{"href":"https:\/\/www.ufmg.br\/procult\/wp-json\/wp\/v2\/pages\/497","targetHints":{"allow":["GET"]}}],"collection":[{"href":"https:\/\/www.ufmg.br\/procult\/wp-json\/wp\/v2\/pages"}],"about":[{"href":"https:\/\/www.ufmg.br\/procult\/wp-json\/wp\/v2\/types\/page"}],"author":[{"embeddable":true,"href":"https:\/\/www.ufmg.br\/procult\/wp-json\/wp\/v2\/users\/1"}],"replies":[{"embeddable":true,"href":"https:\/\/www.ufmg.br\/procult\/wp-json\/wp\/v2\/comments?post=497"}],"version-history":[{"count":16,"href":"https:\/\/www.ufmg.br\/procult\/wp-json\/wp\/v2\/pages\/497\/revisions"}],"predecessor-version":[{"id":2540,"href":"https:\/\/www.ufmg.br\/procult\/wp-json\/wp\/v2\/pages\/497\/revisions\/2540"}],"up":[{"embeddable":true,"href":"https:\/\/www.ufmg.br\/procult\/wp-json\/wp\/v2\/pages\/487"}],"wp:attachment":[{"href":"https:\/\/www.ufmg.br\/procult\/wp-json\/wp\/v2\/media?parent=497"}],"wp:term":[{"taxonomy":"post_tag","embeddable":true,"href":"https:\/\/www.ufmg.br\/procult\/wp-json\/wp\/v2\/tags?post=497"}],"curies":[{"name":"wp","href":"https:\/\/api.w.org\/{rel}","templated":true}]}}