{"id":514,"date":"2024-01-15T09:53:37","date_gmt":"2024-01-15T12:53:37","guid":{"rendered":"https:\/\/www.ufmg.br\/procult\/?page_id=514"},"modified":"2024-09-06T10:56:18","modified_gmt":"2024-09-06T13:56:18","slug":"centro-cultural-ufmg","status":"publish","type":"page","link":"https:\/\/www.ufmg.br\/procult\/espacos-de-cultura\/centro-cultural-ufmg\/","title":{"rendered":"Centro Cultural UFMG"},"content":{"rendered":"<p>&nbsp;<\/p>\n<p><a href=\"https:\/\/bsky.app\/intent\/compose?text=https:\/\/www.ufmg.br\/procult\/espacos-de-cultura\/centro-cultural-ufmg\/\" target=\"_blank\" rel=\"noopener\"><img loading=\"lazy\" decoding=\"async\" class=\"alignnone size-full wp-image-2079\" src=\"https:\/\/www.ufmg.br\/procult\/wp-content\/uploads\/2024\/09\/bluesky-butterfly-logo-05.png\" alt=\"\" width=\"24\" height=\"21\" \/><\/a><a href=\"https:\/\/www.facebook.com\/sharer\/sharer.php?u=https:\/\/www.ufmg.br\/procult\/espacos-de-cultura\/centro-cultural-ufmg\/\" target=\"_blank\" rel=\"noopener\"><img loading=\"lazy\" decoding=\"async\" class=\"alignnone size-full wp-image-1892\" src=\"https:\/\/www.ufmg.br\/procult\/wp-content\/uploads\/2024\/08\/facebook-app-round-icon.png\" alt=\"\" width=\"24\" height=\"24\" \/><\/a><a href=\"https:\/\/twitter.com\/intent\/tweet?text=https:\/\/www.ufmg.br\/procult\/espacos-de-cultura\/centro-cultural-ufmg\/\" target=\"_blank\" rel=\"noopener\"><img loading=\"lazy\" decoding=\"async\" class=\"alignnone size-full wp-image-1893\" src=\"https:\/\/www.ufmg.br\/procult\/wp-content\/uploads\/2024\/08\/x-social-media-black-icon-1.png\" alt=\"\" width=\"24\" height=\"24\" \/><\/a><a href=\"https:\/\/www.linkedin.com\/sharing\/share-offsite\/?url=https:\/\/www.ufmg.br\/procult\/espacos-de-cultura\/centro-cultural-ufmg\/\" target=\"_blank\" rel=\"noopener\"><img loading=\"lazy\" decoding=\"async\" class=\"alignnone size-full wp-image-1894\" src=\"https:\/\/www.ufmg.br\/procult\/wp-content\/uploads\/2024\/08\/linkedin-square-icon.png\" alt=\"\" width=\"24\" height=\"24\" \/><\/a> <a href=\"https:\/\/api.whatsapp.com\/send?text=https:\/\/www.ufmg.br\/procult\/espacos-de-cultura\/centro-cultural-ufmg\/\" target=\"_blank\" rel=\"noopener\"><img loading=\"lazy\" decoding=\"async\" class=\"alignnone size-full wp-image-1895\" src=\"https:\/\/www.ufmg.br\/procult\/wp-content\/uploads\/2024\/08\/whatsapp-icon.png\" alt=\"\" width=\"24\" height=\"24\" \/><\/a><a href=\"https:\/\/telegram.me\/share\/url?url=https:\/\/www.ufmg.br\/procult\/espacos-de-cultura\/centro-cultural-ufmg\/\" target=\"_blank\" rel=\"noopener\"><img loading=\"lazy\" decoding=\"async\" class=\"alignnone size-full wp-image-1896\" src=\"https:\/\/www.ufmg.br\/procult\/wp-content\/uploads\/2024\/08\/telegram-black-icon.png\" alt=\"\" width=\"24\" height=\"24\" \/><\/a><a href=\"mailto:?subject=https:\/\/www.ufmg.br\/procult\/espacos-de-cultura\/centro-cultural-ufmg\/\"><img loading=\"lazy\" decoding=\"async\" class=\"alignnone size-full wp-image-1891\" src=\"https:\/\/www.ufmg.br\/procult\/wp-content\/uploads\/2024\/08\/envelope-line-icon.png\" alt=\"\" width=\"24\" height=\"24\" \/><\/a><\/p>\n<p><img loading=\"lazy\" decoding=\"async\" class=\"alignnone wp-image-1150\" src=\"https:\/\/www.ufmg.br\/procult\/wp-content\/uploads\/2024\/02\/centro-cultural-ufmg-acervo-ufmg-300x225.jpeg\" alt=\"\" width=\"751\" height=\"563\" srcset=\"https:\/\/www.ufmg.br\/procult\/wp-content\/uploads\/2024\/02\/centro-cultural-ufmg-acervo-ufmg-300x225.jpeg 300w, https:\/\/www.ufmg.br\/procult\/wp-content\/uploads\/2024\/02\/centro-cultural-ufmg-acervo-ufmg-1024x768.jpeg 1024w, https:\/\/www.ufmg.br\/procult\/wp-content\/uploads\/2024\/02\/centro-cultural-ufmg-acervo-ufmg-768x576.jpeg 768w, https:\/\/www.ufmg.br\/procult\/wp-content\/uploads\/2024\/02\/centro-cultural-ufmg-acervo-ufmg-1536x1152.jpeg 1536w, https:\/\/www.ufmg.br\/procult\/wp-content\/uploads\/2024\/02\/centro-cultural-ufmg-acervo-ufmg-2048x1536.jpeg 2048w\" sizes=\"auto, (max-width: 751px) 100vw, 751px\" \/><\/p>\n<p>Erguido em 1906 e tombado como patrim\u00f4nio hist\u00f3rico pelo Iepha em 1988, o Centro Cultural UFMG se localiza em um espa\u00e7o privilegiado de Belo Horizonte, no edif\u00edcio Alcindo da Silva Vieira, que integra o Conjunto Paisag\u00edstico e Arquitet\u00f4nico da Pra\u00e7a da Esta\u00e7\u00e3o.<\/p>\n<p>O seu objetivo \u00e9 promover a aproxima\u00e7\u00e3o entre a UFMG e a sociedade, possibilitada pela arte e a a\u00e7\u00e3o cultural, por meio de iniciativas de ensino, de pesquisa e de extens\u00e3o.<\/p>\n<p>Assim, \u00e9 um espa\u00e7o dedicado \u00e0 experimenta\u00e7\u00e3o art\u00edstica, social e cultural, em que a poesia, m\u00fasica, teatro, dan\u00e7a, cinema, fotografia, literatura, v\u00eddeo-arte e cultura se encontram, transformando a vida das pessoas.<\/p>\n<p>&nbsp;<\/p>\n<h4><span style=\"color: #00ccff;\">Atra\u00e7\u00f5es<\/span><\/h4>\n<p>&nbsp;<\/p>\n<div id=\"attachment_1165\" style=\"width: 760px\" class=\"wp-caption alignnone\"><img loading=\"lazy\" decoding=\"async\" aria-describedby=\"caption-attachment-1165\" class=\" wp-image-1165\" src=\"https:\/\/www.ufmg.br\/procult\/wp-content\/uploads\/2024\/02\/festival-verao-2015-oficina-com-Babilak-Bah-foto-lucas-braga-ufmg-300x200.jpg\" alt=\"\" width=\"750\" height=\"500\" srcset=\"https:\/\/www.ufmg.br\/procult\/wp-content\/uploads\/2024\/02\/festival-verao-2015-oficina-com-Babilak-Bah-foto-lucas-braga-ufmg-300x200.jpg 300w, https:\/\/www.ufmg.br\/procult\/wp-content\/uploads\/2024\/02\/festival-verao-2015-oficina-com-Babilak-Bah-foto-lucas-braga-ufmg-1024x683.jpg 1024w, https:\/\/www.ufmg.br\/procult\/wp-content\/uploads\/2024\/02\/festival-verao-2015-oficina-com-Babilak-Bah-foto-lucas-braga-ufmg-768x512.jpg 768w, https:\/\/www.ufmg.br\/procult\/wp-content\/uploads\/2024\/02\/festival-verao-2015-oficina-com-Babilak-Bah-foto-lucas-braga-ufmg-1536x1024.jpg 1536w, https:\/\/www.ufmg.br\/procult\/wp-content\/uploads\/2024\/02\/festival-verao-2015-oficina-com-Babilak-Bah-foto-lucas-braga-ufmg.jpg 2047w\" sizes=\"auto, (max-width: 750px) 100vw, 750px\" \/><p id=\"caption-attachment-1165\" class=\"wp-caption-text\">Babilak Bah em oficina do Festival de Ver\u00e3o UFMG 2015. Lucas Braga\/UFMG<\/p><\/div>\n<p>O Centro Cultural UFMG \u00e9 aberto ao p\u00fablico e oferta v\u00e1rios projetos culturais selecionados anualmente como, por exemplo, o Atelier Aberto; com est\u00edmulo \u00e0 cria\u00e7\u00e3o e pesquisa em variadas linguagens das artes visuais, a Cena Aberta; com incentivo a experimenta\u00e7\u00e3o voltadas para as \u00e1reas de dan\u00e7a, performance e teatro e o CineCentro que oferece a exibi\u00e7\u00e3o de filmes cl\u00e1ssicos ter\u00e7as e quintas-feiras, \u00e0s 19 horas, com entrada franca. As demais programa\u00e7\u00f5es podem ser acessadas no <a href=\"https:\/\/www.ufmg.br\/centrocultural\/\" target=\"_blank\" rel=\"noopener\">site do espa\u00e7o<\/a>.<\/p>\n<p>&nbsp;<\/p>\n<h4><span style=\"color: #00ccff;\">Plataformas digitais<\/span><\/h4>\n<p>&nbsp;<\/p>\n<p><i class=\"wp-svg-globe globe\"><\/i>\u00a0 \u00a0 <span style=\"color: #000000;\"><a style=\"color: #000000;\" href=\"https:\/\/www.ufmg.br\/centrocultural\/\" target=\"_blank\" rel=\"noopener\">www.centrocultural.ufmg.br<\/a><\/span><br \/>\n<i class=\"wp-svg-facebook facebook\"><\/i>\u00a0 \u00a0 <span style=\"color: #000000;\"><a style=\"color: #000000;\" href=\"https:\/\/www.facebook.com\/centroculturalufmg\/\" target=\"_blank\" rel=\"noopener\">www.facebook.com\/ccntroculturalufmg<\/a><\/span><br \/>\n<i class=\"wp-svg-twitter twitter\"><\/i>\u00a0 \u00a0<span style=\"color: #000000;\"><a style=\"color: #000000;\" href=\"https:\/\/www.twitter.com\/ccultufmg\" target=\"_blank\" rel=\"noopener\"> twitter.com\/ccultufmg<\/a><\/span><br \/>\n<i class=\"wp-svg-instagram instagram\"><\/i>\u00a0 \u00a0 <span style=\"color: #000000;\"><a style=\"color: #000000;\" href=\"https:\/\/www.instagram.com\/centroculturalufmg\/\" target=\"_blank\" rel=\"noopener\">www.instagram.com\/centroculturalufmg<\/a><\/span><br \/>\n<i class=\"wp-svg-youtube youtube\"><\/i>\u00a0 \u00a0 <span style=\"color: #000000;\"><a style=\"color: #000000;\" href=\"https:\/\/www.youtube.com\/centroculturalufmg\" target=\"_blank\" rel=\"noopener\">www.youtube.com\/centroculturalufm<\/a><\/span>g<br \/>\n<img loading=\"lazy\" decoding=\"async\" class=\"size-full wp-image-1994 alignleft\" src=\"https:\/\/www.ufmg.br\/procult\/wp-content\/uploads\/2024\/08\/spotify-round-black-icon.png\" alt=\"\" width=\"16\" height=\"16\" \/><span style=\"color: #000000;\"><a style=\"color: #000000;\" href=\"https:\/\/open.spotify.com\/user\/925aubqrhn8hp7vwgwkeor68z?si=7075471ee1d74210\" target=\"_blank\" rel=\"noopener\">Spotify do Centro Cultural UFMG<\/a><\/span><\/p>\n<p>&nbsp;<\/p>\n<h4><span style=\"color: #00ccff;\">Visite o Centro Cultural<\/span><\/h4>\n<style>#sp-ea-1167 .spcollapsing { height: 0; overflow: hidden; transition-property: height;transition-duration: 500ms;}#sp-ea-1167.sp-easy-accordion>.sp-ea-single {margin-bottom: 10px; border: 1px solid #e2e2e2; }#sp-ea-1167.sp-easy-accordion>.sp-ea-single>.ea-header a {color: #444;}#sp-ea-1167.sp-easy-accordion>.sp-ea-single>.sp-collapse>.ea-body {background: #fff; color: #444;}#sp-ea-1167.sp-easy-accordion>.sp-ea-single {background: #eee;}#sp-ea-1167.sp-easy-accordion>.sp-ea-single>.ea-header a .ea-expand-icon { float: left; color: #444;font-size: 16px;}<\/style><div id=\"sp_easy_accordion-1778673700\">\n<div id=\"sp-ea-1167\" class=\"sp-ea-one sp-easy-accordion\" data-ea-active=\"ea-click\" data-ea-mode=\"vertical\" data-preloader=\"\" data-scroll-active-item=\"\" data-offset-to-scroll=\"0\">\n\n<!-- Start accordion card div. -->\n<div class=\"ea-card  sp-ea-single\">\n\t<!-- Start accordion header. -->\n\t<h3 class=\"ea-header\">\n\t\t<!-- Add anchor tag for header. -->\n\t\t<a class=\"collapsed\" id=\"ea-header-11670\" role=\"button\" data-sptoggle=\"spcollapse\" data-sptarget=\"#collapse11670\" aria-controls=\"collapse11670\" href=\"#\"  aria-expanded=\"false\" tabindex=\"0\">\n\t\t<i aria-hidden=\"true\" role=\"presentation\" class=\"ea-expand-icon eap-icon-ea-expand-plus\"><\/i> Hor\u00e1rio de funcionamento\t\t<\/a> <!-- Close anchor tag for header. -->\n\t<\/h3>\t<!-- Close header tag. -->\n\t<!-- Start collapsible content div. -->\n\t<div class=\"sp-collapse spcollapse spcollapse\" id=\"collapse11670\" data-parent=\"#sp-ea-1167\" role=\"region\" aria-labelledby=\"ea-header-11670\">  <!-- Content div. -->\n\t\t<div class=\"ea-body\">\n\t\t<p>Ter\u00e7a-feira a sexta-feira: 9h \u00e0s 20h<br \/>\nS\u00e1bado, domingo e feriado: 9h \u00e0s 17h<br \/>\nSegunda-feira: fechado<\/p>\n\t\t<\/div> <!-- Close content div. -->\n\t<\/div> <!-- Close collapse div. -->\n<\/div> <!-- Close card div. -->\n<!-- Start accordion card div. -->\n<div class=\"ea-card  sp-ea-single\">\n\t<!-- Start accordion header. -->\n\t<h3 class=\"ea-header\">\n\t\t<!-- Add anchor tag for header. -->\n\t\t<a class=\"collapsed\" id=\"ea-header-11671\" role=\"button\" data-sptoggle=\"spcollapse\" data-sptarget=\"#collapse11671\" aria-controls=\"collapse11671\" href=\"#\"  aria-expanded=\"false\" tabindex=\"0\">\n\t\t<i aria-hidden=\"true\" role=\"presentation\" class=\"ea-expand-icon eap-icon-ea-expand-plus\"><\/i> Endere\u00e7o\t\t<\/a> <!-- Close anchor tag for header. -->\n\t<\/h3>\t<!-- Close header tag. -->\n\t<!-- Start collapsible content div. -->\n\t<div class=\"sp-collapse spcollapse spcollapse\" id=\"collapse11671\" data-parent=\"#sp-ea-1167\" role=\"region\" aria-labelledby=\"ea-header-11671\">  <!-- Content div. -->\n\t\t<div class=\"ea-body\">\n\t\t<p>Centro Cultural UFMG<br \/>\nAv. Santos Dumont, 174 - Centro<br \/>\nBelo Horizonte \/ MG - CEP: 30111-140<br \/>\nTelefone: (31) 3409-8290<\/p>\n\t\t<\/div> <!-- Close content div. -->\n\t<\/div> <!-- Close collapse div. -->\n<\/div> <!-- Close card div. -->\n<!-- Start accordion card div. -->\n<div class=\"ea-card  sp-ea-single\">\n\t<!-- Start accordion header. -->\n\t<h3 class=\"ea-header\">\n\t\t<!-- Add anchor tag for header. -->\n\t\t<a class=\"collapsed\" id=\"ea-header-11672\" role=\"button\" data-sptoggle=\"spcollapse\" data-sptarget=\"#collapse11672\" aria-controls=\"collapse11672\" href=\"#\"  aria-expanded=\"false\" tabindex=\"0\">\n\t\t<i aria-hidden=\"true\" role=\"presentation\" class=\"ea-expand-icon eap-icon-ea-expand-plus\"><\/i> Como chegar\t\t<\/a> <!-- Close anchor tag for header. -->\n\t<\/h3>\t<!-- Close header tag. -->\n\t<!-- Start collapsible content div. -->\n\t<div class=\"sp-collapse spcollapse spcollapse\" id=\"collapse11672\" data-parent=\"#sp-ea-1167\" role=\"region\" aria-labelledby=\"ea-header-11672\">  <!-- Content div. -->\n\t\t<div class=\"ea-body\">\n\t\t<h6><span style=\"color: #00ccff\"><a style=\"color: #00ccff\" href=\"https:\/\/www.google.com.br\/maps\/dir\/\/Av.+Santos+Dumont,+174+-+Centro,+Belo+Horizonte+-+MG,+30111-040\/@-19.9170546,-43.9360151,17z\/data=!4m9!4m8!1m0!1m5!1m1!1s0xa699fbd5aaae01:0xab4780c129fa0883!2m2!1d-43.9353846!2d-19.916266!3e0?entry=ttu\" target=\"_blank\" rel=\"noopener\">Consulte rotas e meios de transporte<\/a><\/span><\/h6>\n\t\t<\/div> <!-- Close content div. -->\n\t<\/div> <!-- Close collapse div. -->\n<\/div> <!-- Close card div. -->\n<!-- Start accordion card div. -->\n<div class=\"ea-card  sp-ea-single\">\n\t<!-- Start accordion header. -->\n\t<h3 class=\"ea-header\">\n\t\t<!-- Add anchor tag for header. -->\n\t\t<a class=\"collapsed\" id=\"ea-header-11673\" role=\"button\" data-sptoggle=\"spcollapse\" data-sptarget=\"#collapse11673\" aria-controls=\"collapse11673\" href=\"#\"  aria-expanded=\"false\" tabindex=\"0\">\n\t\t<i aria-hidden=\"true\" role=\"presentation\" class=\"ea-expand-icon eap-icon-ea-expand-plus\"><\/i> Como visitar o CCult\t\t<\/a> <!-- Close anchor tag for header. -->\n\t<\/h3>\t<!-- Close header tag. -->\n\t<!-- Start collapsible content div. -->\n\t<div class=\"sp-collapse spcollapse spcollapse\" id=\"collapse11673\" data-parent=\"#sp-ea-1167\" role=\"region\" aria-labelledby=\"ea-header-11673\">  <!-- Content div. -->\n\t\t<div class=\"ea-body\">\n\t\t<p>Agende visitas em grupo e informe-se sobre como visitar sem agendamento:<\/p>\n<h6><span style=\"color: #00ccff\"><a style=\"color: #00ccff\" href=\"https:\/\/www.ufmg.br\/centrocultural\/visite\/\" target=\"_blank\" rel=\"noopener\">Acesse aqui as informa\u00e7\u00f5es<\/a><\/span><\/h6>\n\t\t<\/div> <!-- Close content div. -->\n\t<\/div> <!-- Close collapse div. -->\n<\/div> <!-- Close card div. -->\n<\/div>\n<\/div>\n\n<p>&nbsp;<\/p>\n<h4><span style=\"color: #00ccff;\">Perguntas frequentes<\/span><\/h4>\n<style>#sp-ea-1170 .spcollapsing { height: 0; overflow: hidden; transition-property: height;transition-duration: 500ms;}#sp-ea-1170.sp-easy-accordion>.sp-ea-single {margin-bottom: 10px; border: 1px solid #e2e2e2; }#sp-ea-1170.sp-easy-accordion>.sp-ea-single>.ea-header a {color: #444;}#sp-ea-1170.sp-easy-accordion>.sp-ea-single>.sp-collapse>.ea-body {background: #fff; color: #444;}#sp-ea-1170.sp-easy-accordion>.sp-ea-single {background: #eee;}#sp-ea-1170.sp-easy-accordion>.sp-ea-single>.ea-header a .ea-expand-icon { float: left; color: #444;font-size: 16px;}<\/style><div id=\"sp_easy_accordion-1778673700\">\n<div id=\"sp-ea-1170\" class=\"sp-ea-one sp-easy-accordion\" data-ea-active=\"ea-click\" data-ea-mode=\"vertical\" data-preloader=\"\" data-scroll-active-item=\"\" data-offset-to-scroll=\"0\">\n\n<!-- Start accordion card div. -->\n<div class=\"ea-card  sp-ea-single\">\n\t<!-- Start accordion header. -->\n\t<h3 class=\"ea-header\">\n\t\t<!-- Add anchor tag for header. -->\n\t\t<a class=\"collapsed\" id=\"ea-header-11700\" role=\"button\" data-sptoggle=\"spcollapse\" data-sptarget=\"#collapse11700\" aria-controls=\"collapse11700\" href=\"#\"  aria-expanded=\"false\" tabindex=\"0\">\n\t\t<i aria-hidden=\"true\" role=\"presentation\" class=\"ea-expand-icon eap-icon-ea-expand-plus\"><\/i> Perguntas e respostas sobre o Centro Cultural UFMG\t\t<\/a> <!-- Close anchor tag for header. -->\n\t<\/h3>\t<!-- Close header tag. -->\n\t<!-- Start collapsible content div. -->\n\t<div class=\"sp-collapse spcollapse spcollapse\" id=\"collapse11700\" data-parent=\"#sp-ea-1170\" role=\"region\" aria-labelledby=\"ea-header-11700\">  <!-- Content div. -->\n\t\t<div class=\"ea-body\">\n\t\t<p>O site do Centro Cultural UFMG disp\u00f5e de lista de perguntas e respostas sobre diversos temas. Consulte:<\/p>\n<h6><a href=\"https:\/\/www.ufmg.br\/centrocultural\/o-centro\/tira-duvidas\/\" target=\"_blank\" rel=\"noopener\"><span style=\"color: #00ccff\">Consulte aqui<\/span><\/a><\/h6>\n\t\t<\/div> <!-- Close content div. -->\n\t<\/div> <!-- Close collapse div. -->\n<\/div> <!-- Close card div. -->\n<\/div>\n<\/div>\n\n<p>&nbsp;<\/p>\n<h4><span style=\"color: #00ccff;\">CCult em imagens<\/span><\/h4>\n<p>&nbsp;<\/p>\n<p><iframe loading=\"lazy\" title=\"YouTube video player\" src=\"https:\/\/www.youtube.com\/embed\/48eWu1dgvg4?si=THGkjBxxjKIEnvW6\" width=\"760\" height=\"515\" frameborder=\"0\" allowfullscreen=\"allowfullscreen\"><\/iframe><\/p>\n\t                <ul class=\"easy-image-gallery thumbnails-8 linked\">\r\n                    <li><a data-fancybox=\"gallery405\" href=\"https:\/\/www.ufmg.br\/procult\/wp-content\/uploads\/2024\/02\/detalhe-piso-ccult-lucas-braga-ufmg-1024x683.jpg\" class=\"eig-popup\" title=\"Detalhe do piso do hall de entrada do Centro Cultural UFMG. Foto: Lucas Braga\/UFMG\" data-caption=\"Detalhe do piso do hall de entrada do Centro Cultural UFMG. Foto: Lucas Braga\/UFMG\" target=\"_blank\"><i class=\"icon-view\"><\/i><span class=\"overlay\"><\/span><img loading=\"lazy\" decoding=\"async\" width=\"150\" height=\"150\" src=\"https:\/\/www.ufmg.br\/procult\/wp-content\/uploads\/2024\/02\/detalhe-piso-ccult-lucas-braga-ufmg-150x150.jpg\" class=\"attachment-thumbnail size-thumbnail\" alt=\"\" srcset=\"https:\/\/www.ufmg.br\/procult\/wp-content\/uploads\/2024\/02\/detalhe-piso-ccult-lucas-braga-ufmg-150x150.jpg 150w, https:\/\/www.ufmg.br\/procult\/wp-content\/uploads\/2024\/02\/detalhe-piso-ccult-lucas-braga-ufmg-340x340.jpg 340w\" sizes=\"auto, (max-width: 150px) 100vw, 150px\" \/><\/a><\/li><li><a data-fancybox=\"gallery405\" href=\"https:\/\/www.ufmg.br\/procult\/wp-content\/uploads\/2024\/02\/festival-inverno-2016-oficina-doc-fotograficos-lucas-braga-ufmg-1024x683.jpg\" class=\"eig-popup\" title=\"Festival de Inverno UFMG 2016. Oficina Document\u00e1rios fotogr\u00e1ficos. Foto: Lucas Braga\/UFMG\" data-caption=\"Festival de Inverno UFMG 2016. Oficina Document\u00e1rios fotogr\u00e1ficos. Foto: Lucas Braga\/UFMG\" target=\"_blank\"><i class=\"icon-view\"><\/i><span class=\"overlay\"><\/span><img loading=\"lazy\" decoding=\"async\" width=\"150\" height=\"150\" src=\"https:\/\/www.ufmg.br\/procult\/wp-content\/uploads\/2024\/02\/festival-inverno-2016-oficina-doc-fotograficos-lucas-braga-ufmg-150x150.jpg\" class=\"attachment-thumbnail size-thumbnail\" alt=\"\" srcset=\"https:\/\/www.ufmg.br\/procult\/wp-content\/uploads\/2024\/02\/festival-inverno-2016-oficina-doc-fotograficos-lucas-braga-ufmg-150x150.jpg 150w, https:\/\/www.ufmg.br\/procult\/wp-content\/uploads\/2024\/02\/festival-inverno-2016-oficina-doc-fotograficos-lucas-braga-ufmg-340x340.jpg 340w\" sizes=\"auto, (max-width: 150px) 100vw, 150px\" \/><\/a><\/li><li><a data-fancybox=\"gallery405\" href=\"https:\/\/www.ufmg.br\/procult\/wp-content\/uploads\/2024\/02\/IMG_0576-hall-superior-ccultufmg-ana-maria-vieira-1024x768.jpg\" class=\"eig-popup\" title=\"Hall superior do Centro Cultural UFMG. Foto: Acervo CCult UFMG\" data-caption=\"Hall superior do Centro Cultural UFMG. Foto: Acervo CCult UFMG\" target=\"_blank\"><i class=\"icon-view\"><\/i><span class=\"overlay\"><\/span><img loading=\"lazy\" decoding=\"async\" width=\"150\" height=\"150\" src=\"https:\/\/www.ufmg.br\/procult\/wp-content\/uploads\/2024\/02\/IMG_0576-hall-superior-ccultufmg-ana-maria-vieira-150x150.jpg\" class=\"attachment-thumbnail size-thumbnail\" alt=\"\" srcset=\"https:\/\/www.ufmg.br\/procult\/wp-content\/uploads\/2024\/02\/IMG_0576-hall-superior-ccultufmg-ana-maria-vieira-150x150.jpg 150w, https:\/\/www.ufmg.br\/procult\/wp-content\/uploads\/2024\/02\/IMG_0576-hall-superior-ccultufmg-ana-maria-vieira-340x340.jpg 340w\" sizes=\"auto, (max-width: 150px) 100vw, 150px\" \/><\/a><\/li><li><a data-fancybox=\"gallery405\" href=\"https:\/\/www.ufmg.br\/procult\/wp-content\/uploads\/2024\/02\/festival-verao-oficina-2015-lucas-braga-ufmg-1024x683.jpg\" class=\"eig-popup\" title=\"Festival de Ver\u00e3o UFMG 2015. Foto: Lucas Braqa\/UFMG\" data-caption=\"Festival de Ver\u00e3o UFMG 2015. Foto: Lucas Braqa\/UFMG\" target=\"_blank\"><i class=\"icon-view\"><\/i><span class=\"overlay\"><\/span><img loading=\"lazy\" decoding=\"async\" width=\"150\" height=\"150\" src=\"https:\/\/www.ufmg.br\/procult\/wp-content\/uploads\/2024\/02\/festival-verao-oficina-2015-lucas-braga-ufmg-150x150.jpg\" class=\"attachment-thumbnail size-thumbnail\" alt=\"\" srcset=\"https:\/\/www.ufmg.br\/procult\/wp-content\/uploads\/2024\/02\/festival-verao-oficina-2015-lucas-braga-ufmg-150x150.jpg 150w, https:\/\/www.ufmg.br\/procult\/wp-content\/uploads\/2024\/02\/festival-verao-oficina-2015-lucas-braga-ufmg-340x340.jpg 340w\" sizes=\"auto, (max-width: 150px) 100vw, 150px\" \/><\/a><\/li><li><a data-fancybox=\"gallery405\" href=\"https:\/\/www.ufmg.br\/procult\/wp-content\/uploads\/2024\/02\/ccult-lucas-braga-ufmg-1024x683.jpg\" class=\"eig-popup\" title=\"Fachada do Centro Cultural UFMG. Foto: Lucas Braga\/UFMG\" data-caption=\"Fachada do Centro Cultural UFMG. Foto: Lucas Braga\/UFMG\" target=\"_blank\"><i class=\"icon-view\"><\/i><span class=\"overlay\"><\/span><img loading=\"lazy\" decoding=\"async\" width=\"150\" height=\"150\" src=\"https:\/\/www.ufmg.br\/procult\/wp-content\/uploads\/2024\/02\/ccult-lucas-braga-ufmg-150x150.jpg\" class=\"attachment-thumbnail size-thumbnail\" alt=\"\" srcset=\"https:\/\/www.ufmg.br\/procult\/wp-content\/uploads\/2024\/02\/ccult-lucas-braga-ufmg-150x150.jpg 150w, https:\/\/www.ufmg.br\/procult\/wp-content\/uploads\/2024\/02\/ccult-lucas-braga-ufmg-340x340.jpg 340w\" sizes=\"auto, (max-width: 150px) 100vw, 150px\" \/><\/a><\/li><li><a data-fancybox=\"gallery405\" href=\"https:\/\/www.ufmg.br\/procult\/wp-content\/uploads\/2024\/02\/IMG_0608-1024x768.jpg\" class=\"eig-popup\" title=\"Exposi\u00e7\u00e3o Poesia Afrocolombiana, 2023. Curadoria: S\u00f4nia Queiroz. Foto: Acervo CCult\" data-caption=\"Exposi\u00e7\u00e3o Poesia Afrocolombiana, 2023. Curadoria: S\u00f4nia Queiroz. Foto: Acervo CCult\" target=\"_blank\"><i class=\"icon-view\"><\/i><span class=\"overlay\"><\/span><img loading=\"lazy\" decoding=\"async\" width=\"150\" height=\"150\" src=\"https:\/\/www.ufmg.br\/procult\/wp-content\/uploads\/2024\/02\/IMG_0608-150x150.jpg\" class=\"attachment-thumbnail size-thumbnail\" alt=\"\" srcset=\"https:\/\/www.ufmg.br\/procult\/wp-content\/uploads\/2024\/02\/IMG_0608-150x150.jpg 150w, https:\/\/www.ufmg.br\/procult\/wp-content\/uploads\/2024\/02\/IMG_0608-340x340.jpg 340w\" sizes=\"auto, (max-width: 150px) 100vw, 150px\" \/><\/a><\/li><li><a data-fancybox=\"gallery405\" href=\"https:\/\/www.ufmg.br\/procult\/wp-content\/uploads\/2024\/02\/centro-cultural-ufmg-1024x644.jpg\" class=\"eig-popup\" title=\"Antiga foto do edif\u00edcio do Centro Cultural (\u00e0 direita), projetado no final do s\u00e9culo 19 para abrigar um hotel.\" data-caption=\"Antiga foto do edif\u00edcio do Centro Cultural (\u00e0 direita), projetado no final do s\u00e9culo 19 para abrigar um hotel.\" target=\"_blank\"><i class=\"icon-view\"><\/i><span class=\"overlay\"><\/span><img loading=\"lazy\" decoding=\"async\" width=\"150\" height=\"150\" src=\"https:\/\/www.ufmg.br\/procult\/wp-content\/uploads\/2024\/02\/centro-cultural-ufmg-150x150.jpg\" class=\"attachment-thumbnail size-thumbnail\" alt=\"\" srcset=\"https:\/\/www.ufmg.br\/procult\/wp-content\/uploads\/2024\/02\/centro-cultural-ufmg-150x150.jpg 150w, https:\/\/www.ufmg.br\/procult\/wp-content\/uploads\/2024\/02\/centro-cultural-ufmg-340x340.jpg 340w\" sizes=\"auto, (max-width: 150px) 100vw, 150px\" \/><\/a><\/li><li><a data-fancybox=\"gallery405\" href=\"https:\/\/www.ufmg.br\/procult\/wp-content\/uploads\/2024\/02\/detalhe-corrimao-escada-ccult-foto-lucas-braga-ufmg-1024x683.jpg\" class=\"eig-popup\" title=\"Detalhe de corrim\u00e3o da escada do Centro Cultural UFMG. Foto: Lucas Braga UFMG\" data-caption=\"Detalhe de corrim\u00e3o da escada do Centro Cultural UFMG. Foto: Lucas Braga UFMG\" target=\"_blank\"><i class=\"icon-view\"><\/i><span class=\"overlay\"><\/span><img loading=\"lazy\" decoding=\"async\" width=\"150\" height=\"150\" src=\"https:\/\/www.ufmg.br\/procult\/wp-content\/uploads\/2024\/02\/detalhe-corrimao-escada-ccult-foto-lucas-braga-ufmg-150x150.jpg\" class=\"attachment-thumbnail size-thumbnail\" alt=\"\" srcset=\"https:\/\/www.ufmg.br\/procult\/wp-content\/uploads\/2024\/02\/detalhe-corrimao-escada-ccult-foto-lucas-braga-ufmg-150x150.jpg 150w, https:\/\/www.ufmg.br\/procult\/wp-content\/uploads\/2024\/02\/detalhe-corrimao-escada-ccult-foto-lucas-braga-ufmg-340x340.jpg 340w\" sizes=\"auto, (max-width: 150px) 100vw, 150px\" \/><\/a><\/li><\/ul>\n<p>&nbsp;<\/p>\n","protected":false},"excerpt":{"rendered":"<p>&nbsp; Erguido em 1906 e tombado como patrim\u00f4nio hist\u00f3rico pelo [&hellip;]<\/p>\n","protected":false},"author":1,"featured_media":0,"parent":502,"menu_order":0,"comment_status":"closed","ping_status":"closed","template":"","meta":{"_acf_changed":false,"footnotes":""},"tags":[72,59,33],"class_list":["post-514","page","type-page","status-publish","hentry","tag-centro-cultural-ufmg","tag-espacos-de-cultura","tag-pro-reitoria-de-cultura"],"acf":[],"_links":{"self":[{"href":"https:\/\/www.ufmg.br\/procult\/wp-json\/wp\/v2\/pages\/514","targetHints":{"allow":["GET"]}}],"collection":[{"href":"https:\/\/www.ufmg.br\/procult\/wp-json\/wp\/v2\/pages"}],"about":[{"href":"https:\/\/www.ufmg.br\/procult\/wp-json\/wp\/v2\/types\/page"}],"author":[{"embeddable":true,"href":"https:\/\/www.ufmg.br\/procult\/wp-json\/wp\/v2\/users\/1"}],"replies":[{"embeddable":true,"href":"https:\/\/www.ufmg.br\/procult\/wp-json\/wp\/v2\/comments?post=514"}],"version-history":[{"count":24,"href":"https:\/\/www.ufmg.br\/procult\/wp-json\/wp\/v2\/pages\/514\/revisions"}],"predecessor-version":[{"id":2143,"href":"https:\/\/www.ufmg.br\/procult\/wp-json\/wp\/v2\/pages\/514\/revisions\/2143"}],"up":[{"embeddable":true,"href":"https:\/\/www.ufmg.br\/procult\/wp-json\/wp\/v2\/pages\/502"}],"wp:attachment":[{"href":"https:\/\/www.ufmg.br\/procult\/wp-json\/wp\/v2\/media?parent=514"}],"wp:term":[{"taxonomy":"post_tag","embeddable":true,"href":"https:\/\/www.ufmg.br\/procult\/wp-json\/wp\/v2\/tags?post=514"}],"curies":[{"name":"wp","href":"https:\/\/api.w.org\/{rel}","templated":true}]}}