{"id":564,"date":"2024-01-15T10:55:20","date_gmt":"2024-01-15T13:55:20","guid":{"rendered":"https:\/\/www.ufmg.br\/procult\/?page_id=564"},"modified":"2024-09-06T12:38:06","modified_gmt":"2024-09-06T15:38:06","slug":"atendimento-a-imprensa","status":"publish","type":"page","link":"https:\/\/www.ufmg.br\/procult\/comunicacao\/atendimento-a-imprensa\/","title":{"rendered":"Atendimento \u00e0 imprensa"},"content":{"rendered":"<p><a href=\"https:\/\/bsky.app\/intent\/compose?text=https:\/\/www.ufmg.br\/procult\/comunicacao\/atendimento-a-imprensa\/\" target=\"_blank\" rel=\"noopener\"><img loading=\"lazy\" decoding=\"async\" class=\"alignnone size-full wp-image-2079\" src=\"https:\/\/www.ufmg.br\/procult\/wp-content\/uploads\/2024\/09\/bluesky-butterfly-logo-05.png\" alt=\"\" width=\"24\" height=\"21\" \/><\/a>\u00a0<a href=\"https:\/\/www.facebook.com\/sharer\/sharer.php?u=https:\/\/www.ufmg.br\/procult\/comunicacao\/atendimento-a-imprensa\/\" target=\"_blank\" rel=\"noopener\"><img loading=\"lazy\" decoding=\"async\" class=\"alignnone size-full wp-image-1892\" src=\"https:\/\/www.ufmg.br\/procult\/wp-content\/uploads\/2024\/08\/facebook-app-round-icon.png\" alt=\"\" width=\"24\" height=\"24\" \/><\/a> <a href=\"https:\/\/twitter.com\/intent\/tweet?text=https:\/\/www.ufmg.br\/procult\/comunicacao\/atendimento-a-imprensa\/\" target=\"_blank\" rel=\"noopener\"><img loading=\"lazy\" decoding=\"async\" class=\"alignnone size-full wp-image-1893\" src=\"https:\/\/www.ufmg.br\/procult\/wp-content\/uploads\/2024\/08\/x-social-media-black-icon-1.png\" alt=\"\" width=\"24\" height=\"24\" \/><\/a> <a href=\"https:\/\/www.linkedin.com\/sharing\/share-offsite\/?url=https:\/\/www.ufmg.br\/procult\/comunicacao\/atendimento-a-imprensa\/\" target=\"_blank\" rel=\"noopener\"><img loading=\"lazy\" decoding=\"async\" class=\"alignnone size-full wp-image-1894\" src=\"https:\/\/www.ufmg.br\/procult\/wp-content\/uploads\/2024\/08\/linkedin-square-icon.png\" alt=\"\" width=\"24\" height=\"24\" \/><\/a> <a href=\"https:\/\/api.whatsapp.com\/send?text=https:\/\/www.ufmg.br\/procult\/comunicacao\/atendimento-a-imprensa\/\" target=\"_blank\" rel=\"noopener\"><img loading=\"lazy\" decoding=\"async\" class=\"alignnone size-full wp-image-1895\" src=\"https:\/\/www.ufmg.br\/procult\/wp-content\/uploads\/2024\/08\/whatsapp-icon.png\" alt=\"\" width=\"24\" height=\"24\" \/><\/a> <a href=\"https:\/\/telegram.me\/share\/url?url=https:\/\/www.ufmg.br\/procult\/comunicacao\/atendimento-a-imprensa\/\" target=\"_blank\" rel=\"noopener\"><img loading=\"lazy\" decoding=\"async\" class=\"alignnone size-full wp-image-1896\" src=\"https:\/\/www.ufmg.br\/procult\/wp-content\/uploads\/2024\/08\/telegram-black-icon.png\" alt=\"\" width=\"24\" height=\"24\" \/><\/a> <a href=\"mailto:?subject=https:\/\/www.ufmg.br\/procult\/comunicacao\/atendimento-a-imprensa\/\"><img loading=\"lazy\" decoding=\"async\" class=\"alignnone size-full wp-image-1891\" src=\"https:\/\/www.ufmg.br\/procult\/wp-content\/uploads\/2024\/08\/envelope-line-icon.png\" alt=\"\" width=\"24\" height=\"24\" \/><\/a><\/p>\n<div id=\"attachment_2040\" style=\"width: 361px\" class=\"wp-caption alignleft\"><img loading=\"lazy\" decoding=\"async\" aria-describedby=\"caption-attachment-2040\" class=\" wp-image-2040\" src=\"https:\/\/www.ufmg.br\/procult\/wp-content\/uploads\/2024\/08\/autor-rochak-shukla-freepik-reproducao-scaled.jpg\" alt=\"\" width=\"351\" height=\"309\" srcset=\"https:\/\/www.ufmg.br\/procult\/wp-content\/uploads\/2024\/08\/autor-rochak-shukla-freepik-reproducao-scaled.jpg 2560w, https:\/\/www.ufmg.br\/procult\/wp-content\/uploads\/2024\/08\/autor-rochak-shukla-freepik-reproducao-300x265.jpg 300w, https:\/\/www.ufmg.br\/procult\/wp-content\/uploads\/2024\/08\/autor-rochak-shukla-freepik-reproducao-1024x903.jpg 1024w, https:\/\/www.ufmg.br\/procult\/wp-content\/uploads\/2024\/08\/autor-rochak-shukla-freepik-reproducao-768x677.jpg 768w, https:\/\/www.ufmg.br\/procult\/wp-content\/uploads\/2024\/08\/autor-rochak-shukla-freepik-reproducao-1536x1354.jpg 1536w, https:\/\/www.ufmg.br\/procult\/wp-content\/uploads\/2024\/08\/autor-rochak-shukla-freepik-reproducao-2048x1806.jpg 2048w\" sizes=\"auto, (max-width: 351px) 100vw, 351px\" \/><p id=\"caption-attachment-2040\" class=\"wp-caption-text\">lmagem de Rochak Shukla no Freepik<\/p><\/div>\n<p>&nbsp;<\/p>\n<p>&nbsp;<\/p>\n<p>Jornalistas e assessores de comunica\u00e7\u00e3o podem entrar em contato com os profissionais de comunica\u00e7\u00e3o da Pr\u00f3-reitoria de Cultura por:<\/p>\n<p><i class=\"wp-svg-phone phone\"><\/i>\u00a0 \u00a0 (31) 3409-6411<br \/>\n<i class=\"wp-svg-mail-2 mail-2\"><\/i>\u00a0 \u00a0 comunicacao@procult.ufmg.br<\/p>\n","protected":false},"excerpt":{"rendered":"<p>\u00a0 &nbsp; &nbsp; Jornalistas e assessores de comunica\u00e7\u00e3o podem entrar [&hellip;]<\/p>\n","protected":false},"author":1,"featured_media":0,"parent":562,"menu_order":0,"comment_status":"closed","ping_status":"closed","template":"","meta":{"_acf_changed":false,"footnotes":""},"tags":[126,124],"class_list":["post-564","page","type-page","status-publish","hentry","tag-atendimento-a-imprensa","tag-comunicacao"],"acf":[],"_links":{"self":[{"href":"https:\/\/www.ufmg.br\/procult\/wp-json\/wp\/v2\/pages\/564","targetHints":{"allow":["GET"]}}],"collection":[{"href":"https:\/\/www.ufmg.br\/procult\/wp-json\/wp\/v2\/pages"}],"about":[{"href":"https:\/\/www.ufmg.br\/procult\/wp-json\/wp\/v2\/types\/page"}],"author":[{"embeddable":true,"href":"https:\/\/www.ufmg.br\/procult\/wp-json\/wp\/v2\/users\/1"}],"replies":[{"embeddable":true,"href":"https:\/\/www.ufmg.br\/procult\/wp-json\/wp\/v2\/comments?post=564"}],"version-history":[{"count":14,"href":"https:\/\/www.ufmg.br\/procult\/wp-json\/wp\/v2\/pages\/564\/revisions"}],"predecessor-version":[{"id":2158,"href":"https:\/\/www.ufmg.br\/procult\/wp-json\/wp\/v2\/pages\/564\/revisions\/2158"}],"up":[{"embeddable":true,"href":"https:\/\/www.ufmg.br\/procult\/wp-json\/wp\/v2\/pages\/562"}],"wp:attachment":[{"href":"https:\/\/www.ufmg.br\/procult\/wp-json\/wp\/v2\/media?parent=564"}],"wp:term":[{"taxonomy":"post_tag","embeddable":true,"href":"https:\/\/www.ufmg.br\/procult\/wp-json\/wp\/v2\/tags?post=564"}],"curies":[{"name":"wp","href":"https:\/\/api.w.org\/{rel}","templated":true}]}}