{"id":621,"date":"2024-01-15T12:07:00","date_gmt":"2024-01-15T15:07:00","guid":{"rendered":"https:\/\/www.ufmg.br\/procult\/?page_id=621"},"modified":"2026-02-12T15:11:13","modified_gmt":"2026-02-12T18:11:13","slug":"enderecos-e-horarios","status":"publish","type":"page","link":"https:\/\/www.ufmg.br\/procult\/conheca-a-procult\/enderecos-e-horarios\/","title":{"rendered":"Endere\u00e7os e hor\u00e1rios"},"content":{"rendered":"<p>&nbsp;<\/p>\n<p><a href=\"https:\/\/bsky.app\/intent\/compose?text=https:\/\/www.ufmg.br\/procult\/conheca-a-procult\/enderecos-e-horarios-de-funcionamento\/\" target=\"_blank\" rel=\"noopener\"><img loading=\"lazy\" decoding=\"async\" class=\"alignnone size-full wp-image-2079\" src=\"https:\/\/www.ufmg.br\/procult\/wp-content\/uploads\/2024\/09\/bluesky-butterfly-logo-05.png\" alt=\"\" width=\"24\" height=\"21\" \/><\/a><a href=\"https:\/\/www.facebook.com\/sharer\/sharer.php?u=https:\/\/www.ufmg.br\/procult\/conheca-a-procult\/enderecos-e-horarios-de-funcionamento\/\" target=\"_blank\" rel=\"noopener\"><img loading=\"lazy\" decoding=\"async\" class=\"alignnone size-full wp-image-1892\" src=\"https:\/\/www.ufmg.br\/procult\/wp-content\/uploads\/2024\/08\/facebook-app-round-icon.png\" alt=\"\" width=\"24\" height=\"24\" \/><\/a><a href=\"https:\/\/twitter.com\/intent\/tweet?text=https:\/\/www.ufmg.br\/procult\/conheca-a-procult\/enderecos-e-horarios-de-funcionamento\/\" target=\"_blank\" rel=\"noopener\"><img loading=\"lazy\" decoding=\"async\" class=\"alignnone size-full wp-image-1893\" src=\"https:\/\/www.ufmg.br\/procult\/wp-content\/uploads\/2024\/08\/x-social-media-black-icon-1.png\" alt=\"\" width=\"24\" height=\"24\" \/><\/a><a href=\"https:\/\/www.linkedin.com\/sharing\/share-offsite\/?url=https:\/\/www.ufmg.br\/procult\/conheca-a-procult\/enderecos-e-horarios-de-funcionamento\/\" target=\"_blank\" rel=\"noopener\"><img loading=\"lazy\" decoding=\"async\" class=\"alignnone size-full wp-image-1894\" src=\"https:\/\/www.ufmg.br\/procult\/wp-content\/uploads\/2024\/08\/linkedin-square-icon.png\" alt=\"\" width=\"24\" height=\"24\" \/><\/a><a href=\"https:\/\/api.whatsapp.com\/send?text=https:\/\/www.ufmg.br\/procult\/conheca-a-procult\/enderecos-e-horarios-de-funcionamento\/\" target=\"_blank\" rel=\"noopener\"><img loading=\"lazy\" decoding=\"async\" class=\"alignnone size-full wp-image-1895\" src=\"https:\/\/www.ufmg.br\/procult\/wp-content\/uploads\/2024\/08\/whatsapp-icon.png\" alt=\"\" width=\"24\" height=\"24\" \/><\/a><a href=\"https:\/\/telegram.me\/share\/url?url=https:\/\/www.ufmg.br\/procult\/conheca-a-procult\/enderecos-e-horarios-de-funcionamento\/\" target=\"_blank\" rel=\"noopener\"><img loading=\"lazy\" decoding=\"async\" class=\"alignnone size-full wp-image-1896\" src=\"https:\/\/www.ufmg.br\/procult\/wp-content\/uploads\/2024\/08\/telegram-black-icon.png\" alt=\"\" width=\"24\" height=\"24\" \/><\/a><a href=\"mailto:?subject=https:\/\/www.ufmg.br\/procult\/conheca-a-procult\/enderecos-e-horarios-de-funcionamento\/\"><img loading=\"lazy\" decoding=\"async\" class=\"alignnone size-full wp-image-1891\" src=\"https:\/\/www.ufmg.br\/procult\/wp-content\/uploads\/2024\/08\/envelope-line-icon.png\" alt=\"\" width=\"24\" height=\"24\" \/><\/a><\/p>\n<h4><span style=\"color: #00ccff;\">Sede\u00a0<\/span><\/h4>\n<p><img loading=\"lazy\" decoding=\"async\" class=\"aligncenter wp-image-3489 size-large\" src=\"https:\/\/www.ufmg.br\/procult\/wp-content\/uploads\/2026\/02\/IMG_9992-1024x683.jpg\" alt=\"\" width=\"1024\" height=\"683\" srcset=\"https:\/\/www.ufmg.br\/procult\/wp-content\/uploads\/2026\/02\/IMG_9992-1024x683.jpg 1024w, https:\/\/www.ufmg.br\/procult\/wp-content\/uploads\/2026\/02\/IMG_9992-300x200.jpg 300w, https:\/\/www.ufmg.br\/procult\/wp-content\/uploads\/2026\/02\/IMG_9992-768x512.jpg 768w, https:\/\/www.ufmg.br\/procult\/wp-content\/uploads\/2026\/02\/IMG_9992-1536x1024.jpg 1536w, https:\/\/www.ufmg.br\/procult\/wp-content\/uploads\/2026\/02\/IMG_9992-2048x1365.jpg 2048w\" sizes=\"auto, (max-width: 1024px) 100vw, 1024px\" \/><\/p>\n<p><strong>Endere\u00e7o<\/strong><\/p>\n<p>Rua Professor Edmundo Linz, 250 (pr\u00f3ximo ao Restaurante Setorial I) &#8211; Campus Pampulha UFMG<br \/>\nBelo Horizonte &#8211; MG &#8211; CEP: 31270-901<\/p>\n<p><i class=\"wp-svg-phone phone\"><\/i>\u00a0 (31) 3409-6411<br \/>\n<i class=\"wp-svg-mail-2 mail-2\"><\/i>\u00a0 info@dac.ufmg.br<\/p>\n<p><strong>Hor\u00e1rio de funcionamento<\/strong><\/p>\n<p>Segunda a sexta: 8h \u00e0s 12h &#8211; 13 \u00e0s 17h<\/p>\n<p><strong>Como chegar<\/strong><\/p>\n<p><a href=\"https:\/\/www.google.com.br\/maps\/dir\/\/Av.+Pres.+Ant%C3%B4nio+Carlos,+6.280+-+Pampulha,+Belo+Horizonte+-+MG,+31270-122\/@-19.8671725,-43.9971196,13z\/data=!4m9!4m8!1m0!1m5!1m1!1s0xa690627b8cc0af:0x63ec648d3e42a625!2m2!1d-43.95592!2d-19.867258!3e0?entry=ttu\" target=\"_blank\" rel=\"noopener\">Consulte rotas e meios de transporte<\/a><\/p>\n<p><strong>Plataformas digitais<\/strong><\/p>\n<p><i class=\"wp-svg-globe globe\"><\/i>\u00a0<span style=\"color: #000000;\"> \u00a0 <a style=\"color: #000000;\" href=\"https:\/\/www.ufmg.br\/cultura\">www.ufmg.br\/cultura<\/a><\/span><br \/>\n<i class=\"wp-svg-facebook facebook\"><\/i>\u00a0 \u00a0 <span style=\"color: #000000;\"><a style=\"color: #000000;\" href=\"https:\/\/www.facebook.com\/cultura.ufmg\" target=\"_blank\" rel=\"noopener\">www.facebook.com\/culturaufmg<\/a><\/span><br \/>\n<i class=\"wp-svg-twitter twitter\"><\/i>\u00a0 \u00a0 <span style=\"color: #000000;\"><a style=\"color: #000000;\" href=\"https:\/\/twitter.com\/CulturaUFMG\" target=\"_blank\" rel=\"noopener\">twitter.com\/CulturaUFMG<\/a><\/span><br \/>\n<i class=\"wp-svg-instagram instagram\"><\/i>\u00a0 \u00a0 <span style=\"color: #000000;\"><a style=\"color: #000000;\" href=\"https:\/\/www.instagram.com\/culturaufmg\" target=\"_blank\" rel=\"noopener\">www.instagram.com\/culturaufmg<\/a><\/span><br \/>\n<i class=\"wp-svg-youtube youtube\"><\/i>\u00a0 \u00a0<span style=\"color: #000000;\"> <a style=\"color: #000000;\" href=\"https:\/\/www.youtube.com\/culturaufmg\" target=\"_blank\" rel=\"noopener\">www.youtube.com\/culturaufmg<\/a><\/span><\/p>\n<p>&nbsp;<\/p>\n<hr \/>\n<p>&nbsp;<\/p>\n<h4><span style=\"color: #00ccff;\">Campus Cultural UFMG em Tiradentes<\/span><\/h4>\n<p>&nbsp;<\/p>\n<p><img loading=\"lazy\" decoding=\"async\" class=\"alignnone wp-image-2249\" src=\"https:\/\/www.ufmg.br\/procult\/wp-content\/uploads\/2024\/09\/IMG_1251-scaled.jpg\" alt=\"\" width=\"751\" height=\"501\" srcset=\"https:\/\/www.ufmg.br\/procult\/wp-content\/uploads\/2024\/09\/IMG_1251-scaled.jpg 2560w, https:\/\/www.ufmg.br\/procult\/wp-content\/uploads\/2024\/09\/IMG_1251-300x200.jpg 300w, https:\/\/www.ufmg.br\/procult\/wp-content\/uploads\/2024\/09\/IMG_1251-1024x683.jpg 1024w, https:\/\/www.ufmg.br\/procult\/wp-content\/uploads\/2024\/09\/IMG_1251-768x512.jpg 768w, https:\/\/www.ufmg.br\/procult\/wp-content\/uploads\/2024\/09\/IMG_1251-1536x1024.jpg 1536w, https:\/\/www.ufmg.br\/procult\/wp-content\/uploads\/2024\/09\/IMG_1251-2048x1365.jpg 2048w\" sizes=\"auto, (max-width: 751px) 100vw, 751px\" \/><\/p>\n<p>&nbsp;<\/p>\n<p><strong>Endere\u00e7o<\/strong><\/p>\n<p>Rua Direita, 5 &#8211; Centro<br \/>\nTiradentes &#8211; MG &#8211; CEP: 36325-000<\/p>\n<p><i class=\"wp-svg-phone phone\"><\/i>\u00a0 (32) 3355-1550<br \/>\n<i class=\"wp-svg-mail-2 mail-2\"><\/i> \u00a0campustiradentes@procult.ufmg.br<\/p>\n<p><strong>Hor\u00e1rio de visita\u00e7\u00e3o<\/strong><\/p>\n<p>Museu Casa Padre Toledo<br \/>\nRua Padre Toledo, 190 \u2013 (31) 98408 3279<br \/>\nTer\u00e7a a sexta: 9h \u00e0s 17h | S\u00e1bado, 10h \u00e0s 19h | Domingo, 9h \u00e0s 17h<\/p>\n<p>Centro de Estudos e Biblioteca<br \/>\nRua Padre Toledo, 158 \u2013 (31) 98411 6205<br \/>\nSegunda a sexta: 8h30 \u00e0s 12h e das 13h \u00e0s 16h<\/p>\n<p>Quatro Cantos Espa\u00e7o Cultural<br \/>\nRua Direita, 5 \u2013 (31) 98378 0157<br \/>\nTer\u00e7a a domingo: 9h \u00e0s 21h<\/p>\n<p><strong>Como chegar<\/strong><\/p>\n<p><a href=\"https:\/\/www.google.com.br\/maps\/dir\/\/R.+Direita,+5+-+Tiradentes,+MG,+36325-000\/@-21.1095493,-44.218562,13z\/data=!3m1!4b1!4m9!4m8!1m0!1m5!1m1!1s0xa1b8aead55ecef:0xadfd401797630568!2m2!1d-44.1773625!2d-21.1096343!3e0?entry=ttu&amp;g_ep=EgoyMDI0MDkwOS4wIKXMDSoASAFQAw%3D%3D\" target=\"_blank\" rel=\"noopener\">Consulte rotas e meios de transporte<\/a><\/p>\n<p><strong>Plataformas digitais<\/strong><\/p>\n<p><i class=\"wp-svg-globe globe\"><\/i>\u00a0 \u00a0 <span style=\"color: #000000;\"><a style=\"color: #000000;\" href=\"https:\/\/www.ufmg.br\/campustiradentes\" target=\"_blank\" rel=\"noopener\">www.ufmg.br\/campustiradentes<\/a><\/span><br \/>\n<i class=\"wp-svg-facebook facebook\"><\/i>\u00a0 \u00a0 <span style=\"color: #000000;\"><a style=\"color: #000000;\" href=\"https:\/\/www.facebook.com\/campustiradentes\/\" target=\"_blank\" rel=\"noopener\">www.facebook.com\/campustiradentes<\/a><\/span><br \/>\n<i class=\"wp-svg-instagram instagram\"><\/i>\u00a0 \u00a0<span style=\"color: #000000;\"><a style=\"color: #000000;\" href=\"https:\/\/www.instagram.com\/campustiradentes\" target=\"_blank\" rel=\"noopener\"> www.instagram.com\/campustiradentes<\/a><\/span><br \/>\n<i class=\"wp-svg-youtube youtube\"><\/i> \u00a0<span style=\"color: #000000;\"> <a style=\"color: #000000;\" href=\"https:\/\/www.youtube.com\/CampusCulturalUFMGTiradentes\" target=\"_blank\" rel=\"noopener\">www.youtube.com\/CampusCulturalUFMGTiradentes<\/a><\/span><\/p>\n<p>&nbsp;<\/p>\n<hr \/>\n<p>&nbsp;<\/p>\n<h4><span style=\"color: #00ccff;\"><strong>Centro Cultural UFMG<\/strong><\/span><\/h4>\n<p>&nbsp;<\/p>\n<p><img loading=\"lazy\" decoding=\"async\" class=\"wp-image-842 alignnone\" src=\"https:\/\/www.ufmg.br\/procult\/wp-content\/uploads\/2024\/01\/20472137700_4c7ba9ef85_k-300x200.jpg\" alt=\"\" width=\"750\" height=\"499\" srcset=\"https:\/\/www.ufmg.br\/procult\/wp-content\/uploads\/2024\/01\/20472137700_4c7ba9ef85_k-300x200.jpg 300w, https:\/\/www.ufmg.br\/procult\/wp-content\/uploads\/2024\/01\/20472137700_4c7ba9ef85_k-1024x683.jpg 1024w, https:\/\/www.ufmg.br\/procult\/wp-content\/uploads\/2024\/01\/20472137700_4c7ba9ef85_k-768x512.jpg 768w, https:\/\/www.ufmg.br\/procult\/wp-content\/uploads\/2024\/01\/20472137700_4c7ba9ef85_k-1536x1024.jpg 1536w, https:\/\/www.ufmg.br\/procult\/wp-content\/uploads\/2024\/01\/20472137700_4c7ba9ef85_k.jpg 2048w\" sizes=\"auto, (max-width: 750px) 100vw, 750px\" \/><\/p>\n<p><span style=\"color: #000000;\"><strong>Endere\u00e7o<\/strong><\/span><\/p>\n<p>Avenida Santos Dumont, 174 &#8211; Centro<br \/>\nBelo Horizonte &#8211; MG &#8211; CEP: 30111-140<\/p>\n<p><i class=\"wp-svg-phone phone\"><\/i> (31) 3409-8290<br \/>\n<i class=\"wp-svg-mail-2 mail-2\"><\/i> dir@centrocultural.ufmg.br<\/p>\n<p><span style=\"color: #000000;\"><strong>Hor\u00e1rio de visita\u00e7\u00e3o<\/strong><\/span><\/p>\n<p>Ter\u00e7a-feira a sexta-feira: 9h \u00e0s 20h<br \/>\nS\u00e1bado, domingo e feriado: 9h \u00e0s 17h<\/p>\n<p><strong>Como chegar<\/strong><\/p>\n<p><a href=\"https:\/\/www.google.com.br\/maps\/dir\/\/Av.+Santos+Dumont,+174+-+Centro,+Belo+Horizonte+-+MG,+30111-040\/@-19.9170546,-43.9360151,17z\/data=!4m9!4m8!1m0!1m5!1m1!1s0xa699fbd5aaae01:0xab4780c129fa0883!2m2!1d-43.9353846!2d-19.916266!3e0?entry=ttu\" target=\"_blank\" rel=\"noopener\">Consulte rotas e meios de transporte<\/a><\/p>\n<p><strong><span style=\"color: #999999;\"><br \/>\n<span style=\"color: #000000;\">Plataformas digitais<\/span><\/span><\/strong><\/p>\n<p><i class=\"wp-svg-globe globe\"><\/i>\u00a0 \u00a0 <span style=\"color: #000000;\"><a style=\"color: #000000;\" href=\"https:\/\/www.ufmg.br\/centrocultural\/\" target=\"_blank\" rel=\"noopener\">www.centrocultural.ufmg.br<\/a><\/span><br \/>\n<i class=\"wp-svg-facebook facebook\"><\/i>\u00a0 \u00a0 <span style=\"color: #000000;\"><a style=\"color: #000000;\" href=\"https:\/\/www.facebook.com\/centroculturalufmg\/\" target=\"_blank\" rel=\"noopener\">www.facebook.com\/ccntroculturalufmg<\/a><\/span><br \/>\n<i class=\"wp-svg-twitter twitter\"><\/i>\u00a0 \u00a0<span style=\"color: #000000;\"><a style=\"color: #000000;\" href=\"https:\/\/www.twitter.com\/ccultufmg\" target=\"_blank\" rel=\"noopener\"> twitter.com\/ccultufmg<\/a><\/span><br \/>\n<i class=\"wp-svg-instagram instagram\"><\/i>\u00a0 \u00a0 <span style=\"color: #000000;\"><a style=\"color: #000000;\" href=\"https:\/\/www.instagram.com\/centroculturalufmg\/\" target=\"_blank\" rel=\"noopener\">www.instagram.com\/centroculturalufmg<\/a><\/span><br \/>\n<i class=\"wp-svg-youtube youtube\"><\/i>\u00a0 \u00a0 <span style=\"color: #000000;\"><a style=\"color: #000000;\" href=\"https:\/\/www.youtube.com\/centroculturalufmg\" target=\"_blank\" rel=\"noopener\">www.youtube.com\/centroculturalufm<\/a><\/span>g<br \/>\n<img loading=\"lazy\" decoding=\"async\" class=\"size-full wp-image-1994 alignleft\" src=\"https:\/\/www.ufmg.br\/procult\/wp-content\/uploads\/2024\/08\/spotify-round-black-icon.png\" alt=\"\" width=\"16\" height=\"16\" \/><span style=\"color: #000000;\"><a style=\"color: #000000;\" href=\"https:\/\/open.spotify.com\/user\/925aubqrhn8hp7vwgwkeor68z?si=7075471ee1d74210\" target=\"_blank\" rel=\"noopener\">Spotify do Centro Cultural UFMG<\/a><\/span><\/p>\n<p>&nbsp;<\/p>\n<hr \/>\n<p>&nbsp;<\/p>\n<h4><span style=\"color: #00ccff;\"><strong>Conservat\u00f3rio UFMG<\/strong><\/span><\/h4>\n<p>&nbsp;<\/p>\n<p><strong><img loading=\"lazy\" decoding=\"async\" class=\"wp-image-858 alignnone\" src=\"https:\/\/www.ufmg.br\/procult\/wp-content\/uploads\/2024\/01\/16467602768_166ff4b7a5_k-300x200.jpg\" alt=\"\" width=\"750\" height=\"499\" srcset=\"https:\/\/www.ufmg.br\/procult\/wp-content\/uploads\/2024\/01\/16467602768_166ff4b7a5_k-300x200.jpg 300w, https:\/\/www.ufmg.br\/procult\/wp-content\/uploads\/2024\/01\/16467602768_166ff4b7a5_k-1024x683.jpg 1024w, https:\/\/www.ufmg.br\/procult\/wp-content\/uploads\/2024\/01\/16467602768_166ff4b7a5_k-768x512.jpg 768w, https:\/\/www.ufmg.br\/procult\/wp-content\/uploads\/2024\/01\/16467602768_166ff4b7a5_k-1536x1024.jpg 1536w, https:\/\/www.ufmg.br\/procult\/wp-content\/uploads\/2024\/01\/16467602768_166ff4b7a5_k.jpg 2048w\" sizes=\"auto, (max-width: 750px) 100vw, 750px\" \/><\/strong><\/p>\n<p><span style=\"color: #333333;\"><strong>Endere\u00e7o<\/strong><\/span><\/p>\n<p>Avenida Afonso Pena, 1.534 &#8211; Centro<br \/>\nBelo Horizonte &#8211; MG &#8211; CEP: 30130-005<\/p>\n<p><i class=\"wp-svg-phone phone\"><\/i> (31) 3409-8300<br \/>\n<i class=\"wp-svg-mail-2 mail-2\"><\/i> conservatorioufmgsecretaria@gmail.com<\/p>\n<p><strong><span style=\"color: #333333;\">Hor\u00e1rio de visita\u00e7\u00e3o<\/span><\/strong><\/p>\n<p>Segunda a sexta-feira: 8h \u00e0s 22h<\/p>\n<p><strong>Como chegar<\/strong><\/p>\n<p><a href=\"https:\/\/www.google.com.br\/maps\/dir\/\/Av.+Afonso+Pena,+1.534+-+Centro+-+Belo+Horizonte+-+MG\/@-19.8993149,-44.0319047,12z\/data=!4m2!4m1!3e0?entry=ttu\" target=\"_blank\" rel=\"noopener\">Consulte rotas e meios de transporte<\/a><\/p>\n<p><span style=\"color: #999999;\"><strong><br \/>\n<span style=\"color: #333333;\">Plataformas digitais<\/span><\/strong><\/span><\/p>\n<p><i class=\"wp-svg-globe globe\"><\/i>\u00a0 \u00a0 <span style=\"color: #000000;\"><a style=\"color: #000000;\" href=\"https:\/\/www.ufmg.br\/conservatorio\/\" target=\"_blank\" rel=\"noopener\">www.conservatorio.ufmg.br<\/a><\/span><br \/>\n<i class=\"wp-svg-facebook facebook\"><\/i>\u00a0 \u00a0 <span style=\"color: #000000;\"><a style=\"color: #000000;\" href=\"https:\/\/www.facebook.com\/conservatorioufmg\" target=\"_blank\" rel=\"noopener\">www.facebook.com\/conservatorioufmg<\/a><\/span><br \/>\n<i class=\"wp-svg-instagram instagram\"><\/i>\u00a0 \u00a0 <span style=\"color: #000000;\"><a style=\"color: #000000;\" href=\"https:\/\/www.instagram.com\/conservatorioufmg\/\" target=\"_blank\" rel=\"noopener\">www.instagram.com\/conservatorioufmg<\/a><\/span><br \/>\n<i class=\"wp-svg-youtube youtube\"><\/i>\u00a0 \u00a0 \u00a0<span style=\"color: #000000;\"><a style=\"color: #000000;\" href=\"https:\/\/www.youtube.com\/c\/conservatorioufmg\" target=\"_blank\" rel=\"noopener\">www.youtube.com\/c\/Conservat\u00f3rioUFMG<\/a><\/span><\/p>\n<p>&nbsp;<\/p>\n<hr \/>\n<p>&nbsp;<\/p>\n<h4><span style=\"color: #00ccff;\"><strong>Espa\u00e7o Acervo Art\u00edstico UFMG<\/strong><\/span><\/h4>\n<p>&nbsp;<\/p>\n<p><img loading=\"lazy\" decoding=\"async\" class=\"wp-image-888 alignnone\" src=\"https:\/\/www.ufmg.br\/procult\/wp-content\/uploads\/2024\/01\/29475041085_19f0043da6_k-300x200.jpg\" alt=\"\" width=\"750\" height=\"499\" srcset=\"https:\/\/www.ufmg.br\/procult\/wp-content\/uploads\/2024\/01\/29475041085_19f0043da6_k-300x200.jpg 300w, https:\/\/www.ufmg.br\/procult\/wp-content\/uploads\/2024\/01\/29475041085_19f0043da6_k-1024x683.jpg 1024w, https:\/\/www.ufmg.br\/procult\/wp-content\/uploads\/2024\/01\/29475041085_19f0043da6_k-768x512.jpg 768w, https:\/\/www.ufmg.br\/procult\/wp-content\/uploads\/2024\/01\/29475041085_19f0043da6_k-1536x1024.jpg 1536w, https:\/\/www.ufmg.br\/procult\/wp-content\/uploads\/2024\/01\/29475041085_19f0043da6_k.jpg 2048w\" sizes=\"auto, (max-width: 750px) 100vw, 750px\" \/><\/p>\n<p><strong>Endere\u00e7o<\/strong><\/p>\n<p>Av. Ant\u00f4nio Carlos, 6.627 &#8211; Campus Pampulha UFMG<br \/>\nPr\u00e9dio da Biblioteca Central &#8211; Andar t\u00e9rreo<br \/>\nBelo Horizonte &#8211; MG &#8211; CEP: 31270-901<\/p>\n<p><i class=\"wp-svg-phone phone\"><\/i> (31) 3409-3271<br \/>\n<i class=\"wp-svg-mail-2 mail-2\"><\/i> acervo@dac.ufmg.br<\/p>\n<p><strong>Hor\u00e1rio de visita\u00e7\u00e3o<\/strong><\/p>\n<p>Visita\u00e7\u00e3o sob consulta<\/p>\n<p><strong>Como chegar<\/strong><\/p>\n<p><a href=\"https:\/\/www.google.com.br\/maps\/dir\/\/Av.+Pres.+Ant%C3%B4nio+Carlos,+6.280+-+Pampulha,+Belo+Horizonte+-+MG,+31270-122\/@-19.8671725,-43.9971196,13z\/data=!4m9!4m8!1m0!1m5!1m1!1s0xa690627b8cc0af:0x63ec648d3e42a625!2m2!1d-43.95592!2d-19.867258!3e0?entry=ttu\" target=\"_blank\" rel=\"noopener\">Consulte rotas e meios de transporte<\/a><\/p>\n<p><strong>Plataformas digitais<\/strong><\/p>\n<p><i class=\"wp-svg-globe globe\"><\/i>\u00a0<span style=\"color: #000000;\"> \u00a0 <a style=\"color: #000000;\" href=\"https:\/\/www.ufmg.br\/cultura\">www.ufmg.br\/cultura<\/a><\/span><br \/>\n<i class=\"wp-svg-facebook facebook\"><\/i>\u00a0 \u00a0 <span style=\"color: #000000;\"><a style=\"color: #000000;\" href=\"https:\/\/www.facebook.com\/cultura.ufmg\" target=\"_blank\" rel=\"noopener\">www.facebook.com\/culturaufmg<\/a><\/span><br \/>\n<i class=\"wp-svg-twitter twitter\"><\/i>\u00a0 \u00a0 <span style=\"color: #000000;\"><a style=\"color: #000000;\" href=\"https:\/\/twitter.com\/CulturaUFMG\" target=\"_blank\" rel=\"noopener\">twitter.com\/CulturaUFMG<\/a><\/span><br \/>\n<i class=\"wp-svg-instagram instagram\"><\/i>\u00a0 \u00a0 <span style=\"color: #000000;\"><a style=\"color: #000000;\" href=\"https:\/\/www.instagram.com\/culturaufmg\" target=\"_blank\" rel=\"noopener\">www.instagram.com\/culturaufmg<\/a><\/span><br \/>\n<i class=\"wp-svg-youtube youtube\"><\/i>\u00a0 \u00a0<span style=\"color: #000000;\"> <a style=\"color: #000000;\" href=\"https:\/\/www.youtube.com\/culturaufmg\" target=\"_blank\" rel=\"noopener\">www.youtube.com\/culturaufmg<\/a><\/span><\/p>\n<p>&nbsp;<\/p>\n<hr \/>\n<p>&nbsp;<\/p>\n<h4><span style=\"color: #00ccff;\"><strong>Espa\u00e7o do Conhecimento UFMG<\/strong><\/span><\/h4>\n<p>&nbsp;<\/p>\n<p><img loading=\"lazy\" decoding=\"async\" class=\"wp-image-877 alignnone\" src=\"https:\/\/www.ufmg.br\/procult\/wp-content\/uploads\/2024\/01\/15365332257_8a002d6bde_o-300x200.jpg\" alt=\"\" width=\"750\" height=\"499\" srcset=\"https:\/\/www.ufmg.br\/procult\/wp-content\/uploads\/2024\/01\/15365332257_8a002d6bde_o-300x200.jpg 300w, https:\/\/www.ufmg.br\/procult\/wp-content\/uploads\/2024\/01\/15365332257_8a002d6bde_o-1024x683.jpg 1024w, https:\/\/www.ufmg.br\/procult\/wp-content\/uploads\/2024\/01\/15365332257_8a002d6bde_o-768x512.jpg 768w, https:\/\/www.ufmg.br\/procult\/wp-content\/uploads\/2024\/01\/15365332257_8a002d6bde_o-1536x1024.jpg 1536w, https:\/\/www.ufmg.br\/procult\/wp-content\/uploads\/2024\/01\/15365332257_8a002d6bde_o-2048x1365.jpg 2048w\" sizes=\"auto, (max-width: 750px) 100vw, 750px\" \/><\/p>\n<p><span style=\"color: #333333;\"><strong>Endere\u00e7o<\/strong><\/span><\/p>\n<p>Pra\u00e7a da Liberdade, s\/n &#8211; Funcion\u00e1rios<br \/>\nBelo Horizonte &#8211; MG &#8211; CEP: 30140-010<\/p>\n<p><i class=\"wp-svg-phone phone\"><\/i> (31) 3409-8350<br \/>\n<i class=\"wp-svg-mail-2 mail-2\"><\/i> secretaria@espacoconhecimento.ufmg.br<\/p>\n<p><span style=\"color: #333333;\"><strong>Hor\u00e1rio de visita\u00e7\u00e3o<\/strong><\/span><\/p>\n<p>Ter\u00e7a a sexta: 10h \u00e0s 17h<br \/>\nS\u00e1bado: 10h \u00e0s 21h<br \/>\nDomingo: 10h \u00e0s 17h<\/p>\n<p><strong>Como chegar<\/strong><\/p>\n<p><a href=\"https:\/\/www.google.com.br\/maps\/dir\/\/Espa%C3%A7o+do+Conhecimento+UFMG+-+Pra%C3%A7a+da+Liberdade+-+Funcion%C3%A1rios,+Belo+Horizonte+-+MG\/@-19.9318701,-43.98012,13z\/data=!4m9!4m8!1m0!1m5!1m1!1s0xa699dc2a30fd55:0xf458840f17330880!2m2!1d-43.9389204!2d-19.9319555!3e0?entry=ttu\" target=\"_blank\" rel=\"noopener\">Consulte rotas e meios de transporte<\/a><\/p>\n<p><span style=\"color: #333333;\"><strong>Plataformas digitais<\/strong><\/span><\/p>\n<p><i class=\"wp-svg-globe globe\"><\/i>\u00a0 \u00a0 <span style=\"color: #000000;\"><a style=\"color: #000000;\" href=\"https:\/\/www.ufmg.br\/espacodoconhecimento\/\" target=\"_blank\" rel=\"noopener\">ufmg.br\/espacodoconhecimento<\/a><\/span><br \/>\n<i class=\"wp-svg-facebook facebook\"><\/i>\u00a0 \u00a0 <span style=\"color: #000000;\"><a style=\"color: #000000;\" href=\"https:\/\/www.facebook.com\/espacodoconhecimentoufmg\" target=\"_blank\" rel=\"noopener\">www.facebook.com\/espacodoconhecimentoufmg<\/a><\/span><br \/>\n<i class=\"wp-svg-twitter twitter\"><\/i>\u00a0 \u00a0 <span style=\"color: #000000;\"><a style=\"color: #000000;\" href=\"https:\/\/www.twitter.com\/espacoufmg\" target=\"_blank\" rel=\"noopener\">twitter.com\/espacoufmg<\/a><\/span><br \/>\n<i class=\"wp-svg-instagram instagram\"><\/i>\u00a0 \u00a0 <span style=\"color: #000000;\"><a style=\"color: #000000;\" href=\"https:\/\/www.instagram.com\/espacoufmg\/\" target=\"_blank\" rel=\"noopener\">www.instagram.com\/espacoufmg<\/a><\/span><br \/>\n<i class=\"wp-svg-youtube youtube\"><\/i>\u00a0 \u00a0 <span style=\"color: #000000;\"><a style=\"color: #000000;\" href=\"https:\/\/www.youtube.com\/espacoufmg\" target=\"_blank\" rel=\"noopener\">www.youtube.com\/espacoufmg<\/a><\/span><br \/>\n<img loading=\"lazy\" decoding=\"async\" class=\"size-full wp-image-1994 alignleft\" src=\"https:\/\/www.ufmg.br\/procult\/wp-content\/uploads\/2024\/08\/spotify-round-black-icon.png\" alt=\"\" width=\"16\" height=\"16\" \/> <span style=\"color: #000000;\"><a style=\"color: #000000;\" href=\"https:\/\/open.spotify.com\/user\/espacoufmg\" target=\"_blank\" rel=\"noopener\">open.spotify.com\/user\/espacoufmg<\/a><\/span><\/p>\n<p>&nbsp;<\/p>\n<p>&nbsp;<\/p>\n","protected":false},"excerpt":{"rendered":"<p>&nbsp; Sede\u00a0 Endere\u00e7o Rua Professor Edmundo Linz, 250 (pr\u00f3ximo ao [&hellip;]<\/p>\n","protected":false},"author":1,"featured_media":0,"parent":487,"menu_order":0,"comment_status":"closed","ping_status":"closed","template":"","meta":{"_acf_changed":false,"footnotes":""},"tags":[55,57,59,134],"class_list":["post-621","page","type-page","status-publish","hentry","tag-como-chegar","tag-endereco","tag-espacos-de-cultura","tag-horarios-de-funcionamento"],"acf":[],"_links":{"self":[{"href":"https:\/\/www.ufmg.br\/procult\/wp-json\/wp\/v2\/pages\/621","targetHints":{"allow":["GET"]}}],"collection":[{"href":"https:\/\/www.ufmg.br\/procult\/wp-json\/wp\/v2\/pages"}],"about":[{"href":"https:\/\/www.ufmg.br\/procult\/wp-json\/wp\/v2\/types\/page"}],"author":[{"embeddable":true,"href":"https:\/\/www.ufmg.br\/procult\/wp-json\/wp\/v2\/users\/1"}],"replies":[{"embeddable":true,"href":"https:\/\/www.ufmg.br\/procult\/wp-json\/wp\/v2\/comments?post=621"}],"version-history":[{"count":102,"href":"https:\/\/www.ufmg.br\/procult\/wp-json\/wp\/v2\/pages\/621\/revisions"}],"predecessor-version":[{"id":3490,"href":"https:\/\/www.ufmg.br\/procult\/wp-json\/wp\/v2\/pages\/621\/revisions\/3490"}],"up":[{"embeddable":true,"href":"https:\/\/www.ufmg.br\/procult\/wp-json\/wp\/v2\/pages\/487"}],"wp:attachment":[{"href":"https:\/\/www.ufmg.br\/procult\/wp-json\/wp\/v2\/media?parent=621"}],"wp:term":[{"taxonomy":"post_tag","embeddable":true,"href":"https:\/\/www.ufmg.br\/procult\/wp-json\/wp\/v2\/tags?post=621"}],"curies":[{"name":"wp","href":"https:\/\/api.w.org\/{rel}","templated":true}]}}