{"id":231,"date":"2025-09-18T17:01:01","date_gmt":"2025-09-18T20:01:01","guid":{"rendered":"https:\/\/www.ufmg.br\/proex\/cridh\/?page_id=231"},"modified":"2025-09-30T09:52:05","modified_gmt":"2025-09-30T12:52:05","slug":"cridh","status":"publish","type":"page","link":"https:\/\/www.ufmg.br\/proex\/cridh\/cridh\/","title":{"rendered":"CRIDH- Centro de Refer\u00eancia e Informa\u00e7\u00e3o em Direitos Humanos"},"content":{"rendered":"\n<p>O Portal do CRIDH est\u00e1 sendo desenvolvido como uma plataforma online, um site voltado \u00e0 sistematiza\u00e7\u00e3o, organiza\u00e7\u00e3o e dissemina\u00e7\u00e3o de informa\u00e7\u00f5es, materiais, tecnologias sociais e produ\u00e7\u00f5es acad\u00eamicas que possam subsidiar a\u00e7\u00f5es de extens\u00e3o e processos formativos em direitos humanos.<\/p>\n\n\n\n<p>De forma geral, a ideia \u00e9 que o Portal atue como um Centro de Refer\u00eancia, conforme seu pr\u00f3prio nome sugere. Isso se justifica pela grande quantidade de material sobre direitos humanos disperso em diferentes plataformas. Assim, o objetivo principal \u00e9 reunir essas informa\u00e7\u00f5es em um \u00fanico espa\u00e7o, sem a pretens\u00e3o de ser exaustivo, sempre referenciando portais, sites e plataformas j\u00e1 consolidadas na \u00e1rea. A prioridade ser\u00e1 direcionar sempre para fontes oficiais, como:<\/p>\n\n\n\n<p><strong>Exemplos locais e estaduais:<\/strong><\/p>\n\n\n\n<ul class=\"wp-block-list\">\n<li>Observat\u00f3rio de Direitos Humanos da Prefeitura de Belo Horizonte:<a href=\"https:\/\/prefeitura.pbh.gov.br\/noticias\/prefeitura-reativa-observatorio-de-direitos-humanos-em-belo-horizonte\"> prefeitura.pbh.gov.br<br><\/a><\/li>\n\n\n\n<li>Observat\u00f3rio PopRua (UFMG):<a href=\"https:\/\/obpoprua.direito.ufmg.br\/\"> obpoprua.direito.ufmg.br<br><\/a><\/li>\n\n\n\n<li>ObservaLEI e Cl\u00ednica de Direitos Humanos (UFMG):<a href=\"https:\/\/observalei.direito.ufmg.br\/clinica-de-direitos-humanos\/\"> observalei.direito.ufmg.br<br><\/a><\/li>\n\n\n\n<li>Subsecretaria de Direitos Humanos do Governo de Minas Gerais:<a href=\"https:\/\/social.mg.gov.br\/component\/content\/article\/113-direitos-humanos\/2283-subsecretaria-de-direitos-humanos\"> social.mg.gov.br<br><\/a><\/li>\n\n\n\n<li>ObservaMinas:<a href=\"https:\/\/www.observaminas.social.mg.gov.br\/\"> observaminas.social.mg.gov.br<br><\/a><\/li>\n\n\n\n<li>SERDH (Secretaria de Estado de Desenvolvimento Social &#8211; MG):<a href=\"https:\/\/serdh.mg.gov.br\/\"> serdh.mg.gov.br<br><\/a><\/li>\n<\/ul>\n\n\n\n<p><strong>\u00c2mbito nacional:<\/strong><\/p>\n\n\n\n<ul class=\"wp-block-list\">\n<li>Observat\u00f3rio Nacional de Direitos Humanos:<a href=\"https:\/\/observadh.mdh.gov.br\/\"> observadh.mdh.gov.br<br><\/a><\/li>\n\n\n\n<li>Observat\u00f3rio dos Direitos Humanos do Poder Judici\u00e1rio (CNJ):<a href=\"https:\/\/www.cnj.jus.br\/direitos-humanos\/observatorio-dos-direitos-humanos-do-poder-judiciario\/\"> cnj.jus.br<br><\/a><\/li>\n<\/ul>\n\n\n\n<p>Esses exemplos s\u00e3o apenas ilustrativos; n\u00e3o nos limitamos a eles. O foco principal \u00e9 priorizar iniciativas desenvolvidas no Estado de Minas Gerais, mas, sempre que poss\u00edvel, tamb\u00e9m buscamos expandir para a\u00e7\u00f5es e refer\u00eancias de outros locais do Brasil.Ob<\/p>\n\n\n\n<p><strong>Objetivos do CRIDH<\/strong><\/p>\n\n\n\n<ul class=\"wp-block-list\">\n<li>Organizar cole\u00e7\u00f5es tem\u00e1ticas sobre direitos humanos;<\/li>\n<\/ul>\n\n\n\n<ul class=\"wp-block-list\">\n<li>Sistematizar dados georreferenciados sobre DH em MG;<\/li>\n<\/ul>\n\n\n\n<ul class=\"wp-block-list\">\n<li>Repertoriar produ\u00e7\u00f5es acad\u00eamicas e a\u00e7\u00f5es extensionistas da UFMG;<\/li>\n<\/ul>\n\n\n\n<ul class=\"wp-block-list\">\n<li>Criar um cat\u00e1logo de organiza\u00e7\u00f5es por eixo tem\u00e1tico.<\/li>\n<\/ul>\n\n\n\n<p><\/p>\n\n\n\n<div class=\"wp-block-essential-blocks-advanced-image  root-eb-advanced-image-bnaw7\"><div class=\"eb-parent-wrapper eb-parent-eb-advanced-image-bnaw7 \"><figure class=\"eb-advanced-image-wrapper eb-advanced-image-bnaw7 no-effect\" data-id=\"eb-advanced-image-bnaw7\"><div class=\"eb-image-wrapper\"><div class=\"eb-image-wrapper-inner eb-img-style-rounded\"><img decoding=\"async\" src=\"https:\/\/www.ufmg.br\/proex\/cridh\/wp-content\/uploads\/2025\/09\/e761c1f8f20ce353544df1867b3933e3_1637937085044_1516706657.png\" alt=\"\"\/><\/div><\/div><\/figure><\/div><\/div>\n\n\n\n<blockquote class=\"wp-block-quote is-style-plain is-layout-flow wp-block-quote-is-layout-flow\">\n<p class=\"has-text-align-center\">Fonte: 2\u00b0 <em>Jornada de Direitos Humanos:\u00a0direitos como constru\u00e7\u00e3o coletiva<\/em><\/p>\n<\/blockquote>\n\n\n\n<p><\/p>\n","protected":false},"excerpt":{"rendered":"<p>O Portal do CRIDH est\u00e1 sendo desenvolvido como uma plataforma online, um site voltado \u00e0 sistematiza\u00e7\u00e3o, organiza\u00e7\u00e3o e dissemina\u00e7\u00e3o de [&hellip;]<\/p>\n","protected":false},"author":2,"featured_media":0,"parent":0,"menu_order":0,"comment_status":"closed","ping_status":"closed","template":"","meta":{"_eb_attr":"","_uag_custom_page_level_css":"","site-sidebar-layout":"default","site-content-layout":"","ast-site-content-layout":"default","site-content-style":"default","site-sidebar-style":"default","ast-global-header-display":"","ast-banner-title-visibility":"","ast-main-header-display":"","ast-hfb-above-header-display":"","ast-hfb-below-header-display":"","ast-hfb-mobile-header-display":"","site-post-title":"","ast-breadcrumbs-content":"","ast-featured-img":"","footer-sml-layout":"","ast-disable-related-posts":"","theme-transparent-header-meta":"","adv-header-id-meta":"","stick-header-meta":"","header-above-stick-meta":"","header-main-stick-meta":"","header-below-stick-meta":"","astra-migrate-meta-layouts":"default","ast-page-background-enabled":"default","ast-page-background-meta":{"desktop":{"background-color":"var(--ast-global-color-5)","background-image":"","background-repeat":"repeat","background-position":"center center","background-size":"auto","background-attachment":"scroll","background-type":"","background-media":"","overlay-type":"","overlay-color":"","overlay-opacity":"","overlay-gradient":""},"tablet":{"background-color":"","background-image":"","background-repeat":"repeat","background-position":"center center","background-size":"auto","background-attachment":"scroll","background-type":"","background-media":"","overlay-type":"","overlay-color":"","overlay-opacity":"","overlay-gradient":""},"mobile":{"background-color":"","background-image":"","background-repeat":"repeat","background-position":"center center","background-size":"auto","background-attachment":"scroll","background-type":"","background-media":"","overlay-type":"","overlay-color":"","overlay-opacity":"","overlay-gradient":""}},"ast-content-background-meta":{"desktop":{"background-color":"var(--ast-global-color-4)","background-image":"","background-repeat":"repeat","background-position":"center center","background-size":"auto","background-attachment":"scroll","background-type":"","background-media":"","overlay-type":"","overlay-color":"","overlay-opacity":"","overlay-gradient":""},"tablet":{"background-color":"var(--ast-global-color-4)","background-image":"","background-repeat":"repeat","background-position":"center center","background-size":"auto","background-attachment":"scroll","background-type":"","background-media":"","overlay-type":"","overlay-color":"","overlay-opacity":"","overlay-gradient":""},"mobile":{"background-color":"var(--ast-global-color-4)","background-image":"","background-repeat":"repeat","background-position":"center center","background-size":"auto","background-attachment":"scroll","background-type":"","background-media":"","overlay-type":"","overlay-color":"","overlay-opacity":"","overlay-gradient":""}},"footnotes":""},"class_list":["post-231","page","type-page","status-publish","hentry"],"uagb_featured_image_src":{"full":false,"thumbnail":false,"medium":false,"medium_large":false,"large":false,"1536x1536":false,"2048x2048":false,"tainacan-small":false,"tainacan-medium":false,"tainacan-medium-full":false,"tainacan-large-full":false},"uagb_author_info":{"display_name":"Lorena Tavares de Paula","author_link":"https:\/\/www.ufmg.br\/proex\/cridh\/author\/lorena-ltpgmail-com\/"},"uagb_comment_info":0,"uagb_excerpt":"O Portal do CRIDH est\u00e1 sendo desenvolvido como uma plataforma online, um site voltado \u00e0 sistematiza\u00e7\u00e3o, organiza\u00e7\u00e3o e dissemina\u00e7\u00e3o de [&hellip;]","_links":{"self":[{"href":"https:\/\/www.ufmg.br\/proex\/cridh\/wp-json\/wp\/v2\/pages\/231","targetHints":{"allow":["GET"]}}],"collection":[{"href":"https:\/\/www.ufmg.br\/proex\/cridh\/wp-json\/wp\/v2\/pages"}],"about":[{"href":"https:\/\/www.ufmg.br\/proex\/cridh\/wp-json\/wp\/v2\/types\/page"}],"author":[{"embeddable":true,"href":"https:\/\/www.ufmg.br\/proex\/cridh\/wp-json\/wp\/v2\/users\/2"}],"replies":[{"embeddable":true,"href":"https:\/\/www.ufmg.br\/proex\/cridh\/wp-json\/wp\/v2\/comments?post=231"}],"version-history":[{"count":8,"href":"https:\/\/www.ufmg.br\/proex\/cridh\/wp-json\/wp\/v2\/pages\/231\/revisions"}],"predecessor-version":[{"id":4135,"href":"https:\/\/www.ufmg.br\/proex\/cridh\/wp-json\/wp\/v2\/pages\/231\/revisions\/4135"}],"wp:attachment":[{"href":"https:\/\/www.ufmg.br\/proex\/cridh\/wp-json\/wp\/v2\/media?parent=231"}],"curies":[{"name":"wp","href":"https:\/\/api.w.org\/{rel}","templated":true}]}}