{"id":371,"date":"2025-09-30T09:29:53","date_gmt":"2025-09-30T12:29:53","guid":{"rendered":"https:\/\/www.ufmg.br\/proex\/cridh\/?page_id=371"},"modified":"2025-10-08T15:44:56","modified_gmt":"2025-10-08T18:44:56","slug":"udh","status":"publish","type":"page","link":"https:\/\/www.ufmg.br\/proex\/cridh\/udh\/","title":{"rendered":"UDH"},"content":{"rendered":"\n<p><\/p>\n\n\n\n<div class=\"wp-block-columns is-layout-flex wp-container-core-columns-is-layout-28f84493 wp-block-columns-is-layout-flex\">\n<div class=\"wp-block-column is-layout-flow wp-block-column-is-layout-flow\" style=\"flex-basis:100%\">\n<div class=\"wp-block-group is-layout-constrained wp-block-group-is-layout-constrained\">\n<figure class=\"wp-block-image size-full wp-container-content-5f80b302\"><img decoding=\"async\" width=\"786\" height=\"288\" src=\"https:\/\/www.ufmg.br\/proex\/cridh\/wp-content\/uploads\/2024\/08\/destaque_principal.png\" alt=\"\" class=\"wp-image-54\" srcset=\"https:\/\/www.ufmg.br\/proex\/cridh\/wp-content\/uploads\/2024\/08\/destaque_principal.png 786w, https:\/\/www.ufmg.br\/proex\/cridh\/wp-content\/uploads\/2024\/08\/destaque_principal-300x110.png 300w, https:\/\/www.ufmg.br\/proex\/cridh\/wp-content\/uploads\/2024\/08\/destaque_principal-768x281.png 768w\" sizes=\"(max-width: 786px) 100vw, 786px\" \/><\/figure>\n\n\n\n<p>A Universidade dos Direitos Humanos \u00e9 uma diretoria da Pr\u00f3-Reitoria de Extens\u00e3o da UFMG que tem por objetivo contribuir para a promo\u00e7\u00e3o e defesa da agenda dos direitos humanos, por meio de articula\u00e7\u00f5es e parcerias com institui\u00e7\u00f5es, movimentos, coletivos e organiza\u00e7\u00f5es da sociedade civil. Com o prop\u00f3sito de potencializar nossas a\u00e7\u00f5es, estabelecemos como eixos centrais de atua\u00e7\u00e3o da diretoria: o trabalho com a Educa\u00e7\u00e3o em Direitos Humanos; a sistematiza\u00e7\u00e3o e dissemina\u00e7\u00e3o de informa\u00e7\u00f5es; e as redes interdisciplinares em direitos humanos.<\/p>\n\n\n\n<p><\/p>\n\n\n\n<p><strong>Equipe<br><\/strong>Maria Guiomar da Cunha Frota&nbsp;\u2013 diretora<br>Ada Lopes &#8211; Assistente Social<br>Raquel Serafim &#8211; Assistente em Administra\u00e7\u00e3o<\/p>\n\n\n\n<p><strong>Endere\u00e7o<br><\/strong>Reitoria \u2013 6\u00ba andar, sala 6007<\/p>\n\n\n\n<p><strong>Contato<\/strong>:<br>E-mail:&nbsp;<a href=\"mailto:udh@proex.ufmg.br\" target=\"_blank\" rel=\"noreferrer noopener\">udh@proex.ufmg.br<\/a><br>Telefone: (31) 3409-4065<\/p>\n<\/div>\n<\/div>\n<\/div>\n\n\n\n<p><\/p>\n","protected":false},"excerpt":{"rendered":"<p>A Universidade dos Direitos Humanos \u00e9 uma diretoria da Pr\u00f3-Reitoria de Extens\u00e3o da UFMG que tem por objetivo contribuir para [&hellip;]<\/p>\n","protected":false},"author":3,"featured_media":0,"parent":0,"menu_order":0,"comment_status":"closed","ping_status":"closed","template":"","meta":{"_eb_attr":"","_uag_custom_page_level_css":"","site-sidebar-layout":"default","site-content-layout":"","ast-site-content-layout":"default","site-content-style":"default","site-sidebar-style":"default","ast-global-header-display":"","ast-banner-title-visibility":"","ast-main-header-display":"","ast-hfb-above-header-display":"","ast-hfb-below-header-display":"","ast-hfb-mobile-header-display":"","site-post-title":"","ast-breadcrumbs-content":"","ast-featured-img":"","footer-sml-layout":"","ast-disable-related-posts":"","theme-transparent-header-meta":"","adv-header-id-meta":"","stick-header-meta":"","header-above-stick-meta":"","header-main-stick-meta":"","header-below-stick-meta":"","astra-migrate-meta-layouts":"default","ast-page-background-enabled":"default","ast-page-background-meta":{"desktop":{"background-color":"var(--ast-global-color-5)","background-image":"","background-repeat":"repeat","background-position":"center center","background-size":"auto","background-attachment":"scroll","background-type":"","background-media":"","overlay-type":"","overlay-color":"","overlay-opacity":"","overlay-gradient":""},"tablet":{"background-color":"","background-image":"","background-repeat":"repeat","background-position":"center center","background-size":"auto","background-attachment":"scroll","background-type":"","background-media":"","overlay-type":"","overlay-color":"","overlay-opacity":"","overlay-gradient":""},"mobile":{"background-color":"","background-image":"","background-repeat":"repeat","background-position":"center center","background-size":"auto","background-attachment":"scroll","background-type":"","background-media":"","overlay-type":"","overlay-color":"","overlay-opacity":"","overlay-gradient":""}},"ast-content-background-meta":{"desktop":{"background-color":"var(--ast-global-color-4)","background-image":"","background-repeat":"repeat","background-position":"center center","background-size":"auto","background-attachment":"scroll","background-type":"","background-media":"","overlay-type":"","overlay-color":"","overlay-opacity":"","overlay-gradient":""},"tablet":{"background-color":"var(--ast-global-color-4)","background-image":"","background-repeat":"repeat","background-position":"center center","background-size":"auto","background-attachment":"scroll","background-type":"","background-media":"","overlay-type":"","overlay-color":"","overlay-opacity":"","overlay-gradient":""},"mobile":{"background-color":"var(--ast-global-color-4)","background-image":"","background-repeat":"repeat","background-position":"center center","background-size":"auto","background-attachment":"scroll","background-type":"","background-media":"","overlay-type":"","overlay-color":"","overlay-opacity":"","overlay-gradient":""}},"footnotes":""},"class_list":["post-371","page","type-page","status-publish","hentry"],"uagb_featured_image_src":{"full":false,"thumbnail":false,"medium":false,"medium_large":false,"large":false,"1536x1536":false,"2048x2048":false,"tainacan-small":false,"tainacan-medium":false,"tainacan-medium-full":false,"tainacan-large-full":false},"uagb_author_info":{"display_name":"Ada Lopes","author_link":"https:\/\/www.ufmg.br\/proex\/cridh\/author\/ada\/"},"uagb_comment_info":0,"uagb_excerpt":"A Universidade dos Direitos Humanos \u00e9 uma diretoria da Pr\u00f3-Reitoria de Extens\u00e3o da UFMG que tem por objetivo contribuir para [&hellip;]","_links":{"self":[{"href":"https:\/\/www.ufmg.br\/proex\/cridh\/wp-json\/wp\/v2\/pages\/371","targetHints":{"allow":["GET"]}}],"collection":[{"href":"https:\/\/www.ufmg.br\/proex\/cridh\/wp-json\/wp\/v2\/pages"}],"about":[{"href":"https:\/\/www.ufmg.br\/proex\/cridh\/wp-json\/wp\/v2\/types\/page"}],"author":[{"embeddable":true,"href":"https:\/\/www.ufmg.br\/proex\/cridh\/wp-json\/wp\/v2\/users\/3"}],"replies":[{"embeddable":true,"href":"https:\/\/www.ufmg.br\/proex\/cridh\/wp-json\/wp\/v2\/comments?post=371"}],"version-history":[{"count":9,"href":"https:\/\/www.ufmg.br\/proex\/cridh\/wp-json\/wp\/v2\/pages\/371\/revisions"}],"predecessor-version":[{"id":1536,"href":"https:\/\/www.ufmg.br\/proex\/cridh\/wp-json\/wp\/v2\/pages\/371\/revisions\/1536"}],"wp:attachment":[{"href":"https:\/\/www.ufmg.br\/proex\/cridh\/wp-json\/wp\/v2\/media?parent=371"}],"curies":[{"name":"wp","href":"https:\/\/api.w.org\/{rel}","templated":true}]}}