{"id":715,"date":"2025-12-03T16:46:01","date_gmt":"2025-12-03T19:46:01","guid":{"rendered":"https:\/\/www.ufmg.br\/proex\/jornadadh\/?page_id=715"},"modified":"2025-12-04T16:01:23","modified_gmt":"2025-12-04T19:01:23","slug":"lancamentos","status":"publish","type":"page","link":"https:\/\/www.ufmg.br\/proex\/jornadadh\/lancamentos\/","title":{"rendered":"Lan\u00e7amentos"},"content":{"rendered":"\n<p>Durante a decorrer do evento teremos o lan\u00e7amento in\u00e9dito dois lan\u00e7amentos de produ\u00e7\u00f5es extensionistas da UDH\/PROEX\/UFMG<\/p>\n\n\n\n<h2>CRIDH<\/h2>\n\n\n\n<p>O Centro de Refer\u00eancia e Informa\u00e7\u00e3o em Direitos Humanos \u2013 uma tecnologia social para qualificar e ampliar o acesso p\u00fablico a uma constela\u00e7\u00e3o qualificada de informa\u00e7\u00f5es, conhecimentos, saberes, movimentos e redes, destinadas a promo\u00e7\u00e3o e defesa dos direitos humanos. A equipe do CRIDH UFMG conta com a coordenado geral das professoras, Maria Guiomar Frota e Lorena Tavares, a coordena\u00e7\u00e3o t\u00e9cnica da assistente social Ada Lopes e participa\u00e7\u00e3o das bolsistas de extens\u00e3o de p\u00f3s-gradua\u00e7\u00e3o e de gradua\u00e7\u00e3o.<\/p>\n\n\n\n<h2>Livro &#8221;Educa\u00e7\u00e3o para os direitos humanos: perspectivas contempor\u00e2neas&#8221;<\/h2>\n\n\n\n<p><\/p>\n\n\n\n<p>O Livro Educa\u00e7\u00e3o para os direitos humanos: perspectivas contempor\u00e2neas- uma colet\u00e2nea de textos que interrogam sobre os desafios e possibilidades de uma educa\u00e7\u00e3o para os direitos humanos, escrito por pesquisadoras e pesquisadores da UFMG, de distintas universidades p\u00fablicas e tamb\u00e9m do Minist\u00e9rio de Cidadania e de Direitos Humanos.<\/p>\n\n\n\n<p><\/p>\n\n\n\n<p> <\/p>\n","protected":false},"excerpt":{"rendered":"<p>Durante a decorrer do evento teremos o lan\u00e7amento in\u00e9dito dois [&hellip;]<\/p>\n","protected":false},"author":2,"featured_media":0,"parent":0,"menu_order":0,"comment_status":"closed","ping_status":"closed","template":"","meta":[],"acf":[],"_links":{"self":[{"href":"https:\/\/www.ufmg.br\/proex\/jornadadh\/wp-json\/wp\/v2\/pages\/715"}],"collection":[{"href":"https:\/\/www.ufmg.br\/proex\/jornadadh\/wp-json\/wp\/v2\/pages"}],"about":[{"href":"https:\/\/www.ufmg.br\/proex\/jornadadh\/wp-json\/wp\/v2\/types\/page"}],"author":[{"embeddable":true,"href":"https:\/\/www.ufmg.br\/proex\/jornadadh\/wp-json\/wp\/v2\/users\/2"}],"replies":[{"embeddable":true,"href":"https:\/\/www.ufmg.br\/proex\/jornadadh\/wp-json\/wp\/v2\/comments?post=715"}],"version-history":[{"count":6,"href":"https:\/\/www.ufmg.br\/proex\/jornadadh\/wp-json\/wp\/v2\/pages\/715\/revisions"}],"predecessor-version":[{"id":727,"href":"https:\/\/www.ufmg.br\/proex\/jornadadh\/wp-json\/wp\/v2\/pages\/715\/revisions\/727"}],"wp:attachment":[{"href":"https:\/\/www.ufmg.br\/proex\/jornadadh\/wp-json\/wp\/v2\/media?parent=715"}],"curies":[{"name":"wp","href":"https:\/\/api.w.org\/{rel}","templated":true}]}}