{"id":10420,"date":"2023-11-06T14:14:08","date_gmt":"2023-11-06T16:14:08","guid":{"rendered":"https:\/\/www.ufmg.br\/proex\/?page_id=10420"},"modified":"2023-11-07T10:17:38","modified_gmt":"2023-11-07T12:17:38","slug":"cenex-ica","status":"publish","type":"page","link":"https:\/\/www.ufmg.br\/proex\/cenex-ica\/","title":{"rendered":"Cenex ICA"},"content":{"rendered":"<p>O Centro de Extens\u00e3o (Cenex) \u00e9 o \u00f3rg\u00e3o colegiado do Instituto de Ci\u00eancias Agr\u00e1rias (ICA) \u2013 campus da UFMG em Montes Claros \u2013 respons\u00e1vel por apoiar a gest\u00e3o das atividades de extens\u00e3o na unidade.<\/p>\n<p>O ICA desenvolve atividades extensionistas nas \u00e1reas de Administra\u00e7\u00e3o, Agronomia, Engenharia Agr\u00edcola e Ambiental, Engenharia de Alimentos, Engenharia Florestal e Zootecnia. Programas, projetos, cursos, palestras, aulas p\u00fablicas, a\u00e7\u00f5es de divulga\u00e7\u00e3o cient\u00edfica e cursinho popular est\u00e3o entre as atividades desenvolvidas.<\/p>\n<h3><strong>Projetos\u00a0<\/strong><\/h3>\n<p>&nbsp;<\/p>\n<p><a title=\"https:\/\/sistemas.ufmg.br\/siex\/VerIdentificacao.do?id=89109&amp;tipo=Projeto\" href=\"https:\/\/www.instagram.com\/anatomizando.ufmg\/\" target=\"_blank\" rel=\"noopener\">Anatomizando<\/a><\/p>\n<p>O projeto <em>Anatomizando<\/em> visa difundir e popularizar conhecimentos sobre anatomia bot\u00e2nica. A iniciativa aproxima o p\u00fablico do mundo microsc\u00f3pico das plantas e contribui para a melhoria do ensino da gradua\u00e7\u00e3o.<\/p>\n<p><strong>ExpStat<\/strong><\/p>\n<p>O site <a href=\"https:\/\/www.expstat.com\/\" target=\"_blank\" rel=\"noopener\">ExpStat<\/a>\u00a0re\u00fane materiais did\u00e1ticos associados a conhecimentos de estat\u00edstica experimental, intelig\u00eancia artificial e an\u00e1lise de imagens.<\/p>\n<p>O site permite o acesso a aulas, materiais de estudo, pesquisas, eventos, entre outras informa\u00e7\u00f5es. H\u00e1 tamb\u00e9m a produ\u00e7\u00e3o do podcast <em>ExpCast.<\/em><\/p>\n<p><a href=\"https:\/\/www.instagram.com\/viveiroicaufmg\/\" target=\"_blank\" rel=\"noopener\">Viveiro de mudas<\/a><\/p>\n<p>O ICA conta com um viveiro de mudas frut\u00edferas, ornamentais e silviculturais, o qual possui t\u00e9cnicas modernas e eficientes de propaga\u00e7\u00e3o das plantas. Al\u00e9m de contribuir para o aprendizado de estudantes de gradua\u00e7\u00e3o e p\u00f3s-gradua\u00e7\u00e3o do Instituto, o viveiro \u00e9 utilizado para treinamentos e visitas de pessoas externas \u00e0 Universidade.<\/p>\n<p><strong>Reciclagem Urbana<\/strong><\/p>\n<div id=\"attachment_10533\" style=\"width: 760px\" class=\"wp-caption alignnone\"><img aria-describedby=\"caption-attachment-10533\" loading=\"lazy\" class=\"wp-image-10533\" title=\"Projeto Reciclagem Urbana promove a\u00e7\u00f5es de conscientiza\u00e7\u00e3o socioambiental | Foto: projeto \u201cReciclagem urbana: Educando para Transformar\u201d\" src=\"https:\/\/www.ufmg.br\/proex\/wp-content\/uploads\/2023\/09\/Reciclando-ok-300x225.jpg\" alt=\"Projeto Reciclagem Urbana promove a\u00e7\u00f5es de conscientiza\u00e7\u00e3o socioambiental | Foto: projeto \u201cReciclagem urbana: Educando para Transformar\u201d\" width=\"750\" height=\"563\" srcset=\"https:\/\/www.ufmg.br\/proex\/wp-content\/uploads\/2023\/09\/Reciclando-ok-300x225.jpg 300w, https:\/\/www.ufmg.br\/proex\/wp-content\/uploads\/2023\/09\/Reciclando-ok-1024x768.jpg 1024w, https:\/\/www.ufmg.br\/proex\/wp-content\/uploads\/2023\/09\/Reciclando-ok-768x576.jpg 768w, https:\/\/www.ufmg.br\/proex\/wp-content\/uploads\/2023\/09\/Reciclando-ok-1536x1152.jpg 1536w, https:\/\/www.ufmg.br\/proex\/wp-content\/uploads\/2023\/09\/Reciclando-ok.jpg 1672w\" sizes=\"(max-width: 750px) 100vw, 750px\" \/><p id=\"caption-attachment-10533\" class=\"wp-caption-text\">Projeto Reciclagem Urbana promove a\u00e7\u00f5es de conscientiza\u00e7\u00e3o socioambiental | Foto: projeto &#8216;Reciclagem urbana: Educando para Transformar&#8217;<\/p><\/div>\n<p>O projeto <em>Reciclagem urbana<\/em> possibilita a conscientiza\u00e7\u00e3o da comunidade interna e externa sobre as t\u00e9cnicas de reciclagem de res\u00edduos s\u00f3lidos, descarte de org\u00e2nicos e destino de res\u00edduos.<\/p>\n<p>O projeto apresenta articula\u00e7\u00e3o com as pol\u00edticas p\u00fablicas por meio da participa\u00e7\u00e3o dos seus coordenadores no Comit\u00ea de Pol\u00edticas P\u00fablicas de Controle das <em>Leishmanioses<\/em> da Secretaria Municipal de Sa\u00fade de Montes Claros.<\/p>\n<p><a title=\"https:\/\/sistemas.ufmg.br\/siex\/VerIdentificacao.do?id=93091&amp;tipo=Projeto\" href=\"https:\/\/www.instagram.com\/solosnaescolaufmg\" target=\"_blank\" rel=\"noopener\">Solos na escola<\/a><\/p>\n<p class=\"_aacl _aaco _aacu _aacx _aad6 _aade\" dir=\"auto\">O projeto <em>Solos na escola <\/em>tem como objetivo popularizar e disseminar o ensino de solos nas redes de ensino estadual e municipal de Montes Claros.<\/p>\n<p><strong>Floricultura e Jardinagem<\/strong><\/p>\n<p>O projeto de divulga\u00e7\u00e3o e implementa\u00e7\u00e3o da pr\u00e1tica do xeropaisagismo, que \u00e9 um termo utilizado para jardins constitu\u00eddos de grupos de plantas xer\u00f3fitas.<\/p>\n<p><strong>Por dentro da c\u00e9lula<\/strong><\/p>\n<p><em>Por dentro da c\u00e9lula<\/em> busca estimular o aprendizado sobre ci\u00eancias entre alunos do ensino m\u00e9dio por meio da intera\u00e7\u00e3o entre o ensino superior e a educa\u00e7\u00e3o b\u00e1sica.<\/p>\n<div>\n<div>\n<p><a title=\"https:\/\/sistemas.ufmg.br\/siex\/VerIdentificacao.do?id=87419&amp;tipo=Projeto\" href=\"https:\/\/www.instagram.com\/neprotec.ufmg_oficial\/\" target=\"_blank\" rel=\"noopener\">NEProTeC <\/a><\/p>\n<p>O NEProTeC \u00e9 um grupo criado por alunos do campus de Montes Claros com o objetivo de estudar os principais cereais utilizados na alimenta\u00e7\u00e3o humana e animal. O grupo de estudos \u00e9 voltado principalmente para a pesquisa de novas tecnologias dos principais cereais produzidos no Brasil.<\/p>\n<\/div>\n<p><a href=\"https:\/\/www.instagram.com\/herbarionortemineiro\/\" target=\"_blank\" rel=\"noopener\">Herb\u00e1rio Norte Mineiro<\/a><\/p>\n<\/div>\n<p>O Herb\u00e1rio Norte Mineiro possui uma cole\u00e7\u00e3o bot\u00e2nica que resguarda material testemunho de esp\u00e9cies de plantas que representam os mais variados ambientes da regi\u00e3o norte do estado de Minas Gerais. Essa cole\u00e7\u00e3o \u00e9 frequentemente visitada por turmas de estudantes do ensino b\u00e1sico.<\/p>\n<p><strong>Visitas monitoradas ao ICA<\/strong><\/p>\n<p>O projeto visa apresentar o ICA \u00e0 sociedade norte-mineira, contribuindo para uma maior visibilidade sobre o conhecimento produzido na unidade e sobre seus espa\u00e7os.<\/p>\n<p><a href=\"https:\/\/cursinhoicaufmg.wixsite.com\/comunica\" target=\"_blank\" rel=\"noopener\">ComuniCA<\/a><\/p>\n<div id=\"bgLayers_comp-js29syid2\" class=\"MW5IWV\" data-hook=\"bgLayers\">\n<p>Cursinho comunit\u00e1rio preparat\u00f3rio para o Enem ministrado por alunos de gradua\u00e7\u00e3o, p\u00f3s gradua\u00e7\u00e3o e t\u00e9cnico-administrativos.<\/p>\n<\/div>\n<p><strong>Apicultura para Todos<\/strong><\/p>\n<div><\/div>\n<div>\n<div id=\"attachment_10546\" style=\"width: 760px\" class=\"wp-caption alignnone\"><img aria-describedby=\"caption-attachment-10546\" loading=\"lazy\" class=\"wp-image-10546\" title=\"Estudantes de ensino b\u00e1sico em atividade de Apicultura | Foto: Projeto Apicultura para Todos\" src=\"https:\/\/www.ufmg.br\/proex\/wp-content\/uploads\/2023\/10\/Foto15-300x225.jpg\" alt=\"Estudantes do projeto Apicultura para Todos \/ Foto: Divulga\u00e7\u00e3o Apicultura para Todos\" width=\"750\" height=\"563\" srcset=\"https:\/\/www.ufmg.br\/proex\/wp-content\/uploads\/2023\/10\/Foto15-300x225.jpg 300w, https:\/\/www.ufmg.br\/proex\/wp-content\/uploads\/2023\/10\/Foto15-768x576.jpg 768w, https:\/\/www.ufmg.br\/proex\/wp-content\/uploads\/2023\/10\/Foto15.jpg 1024w\" sizes=\"(max-width: 750px) 100vw, 750px\" \/><p id=\"caption-attachment-10546\" class=\"wp-caption-text\">Estudantes de ensino b\u00e1sico em atividade de Apicultura | Foto: Projeto Apicultura para Todos<\/p><\/div>\n<\/div>\n<p>O projeto <em>Apicultura para Todos<\/em> visa promover a apicultura no norte de Minas Gerais, em especial em Montes Claros e cidades lim\u00edtrofes, divulgando a apicultura e sua import\u00e2ncia para a sociedade.<\/p>\n<p><a title=\"https:\/\/sistemas.ufmg.br\/siex\/VerIdentificacao.do?id=87440&amp;tipo=Programa\" href=\"https:\/\/www.ufmg.br\/proex\/wp-content\/uploads\/2023\/10\/PRODERA-Projetos-Vinculados.pdf\" target=\"_blank\" rel=\"noopener\">Prodera<\/a><\/p>\n<div>\n<p>O Programa de Desenvolvimento Rural e Apoio a Reforma Agr\u00e1ria (Prodera) nasce da colabora\u00e7\u00e3o entre agricultores assentados em \u00e1reas de reforma agr\u00e1ria, estudantes e professores do ICA, com a finalidade de articular um conjunto de a\u00e7\u00f5es relacionadas ao desenvolvimento rural e a reforma agr\u00e1ria.<\/p>\n<p><a title=\"https:\/\/sistemas.ufmg.br\/siex\/VerIdentificacao.do?id=92821&amp;tipo=Programa\" href=\"https:\/\/www.ica.ufmg.br\/nutrica\/\" target=\"_blank\" rel=\"noopener\">A\u00e7\u00f5es integradas contra a subnutri\u00e7\u00e3o<\/a><\/p>\n<p>O projeto tem como objetivo combater a subnutri\u00e7\u00e3o infantil e a anemia por meio da divulga\u00e7\u00e3o de conhecimentos sobre o assunto. A iniciativa busca tamb\u00e9m ampliar a atua\u00e7\u00e3o dos estudantes do curso de Engenharia de Alimentos e contribuir para solu\u00e7\u00e3o de problemas socioecon\u00f4micos e ambientais de Montes Claros.<\/p>\n<\/div>\n<h3>Eventos<\/h3>\n<p>&nbsp;<\/p>\n<p><a title=\"https:\/\/sistemas.ufmg.br\/siex\/VerIdentificacao.do?id=93691&amp;tipo=Evento\" href=\"https:\/\/www.instagram.com\/geflopufmg\/\" target=\"_blank\" rel=\"noopener\">Ciclo de capacita\u00e7\u00f5es em Floricultura e Jardinagem<\/a><\/p>\n<div>\n<p>Essas capacita\u00e7\u00f5es re\u00fanem profissionais da \u00e1rea, colecionadores, produtores rurais e futuros empreendedores, que podem conhecer diversos segmentos da floricultura e jardinagem e a partir dessa oportunidade iniciar um novo neg\u00f3cio.<\/p>\n<\/div>\n<p><strong>Oficinas de forma\u00e7\u00e3o em vida rural<\/strong><\/p>\n<p>As oficinas t\u00eam como p\u00fablico-alvo estudantes da <a href=\"https:\/\/irpaa.org\/\" target=\"_blank\" rel=\"noopener\">Escola Fam\u00edlia Agr\u00edcola Tabocal<\/a>, sediada na fazenda Granja Primaveira, a 6 km da cidade de S\u00e3o Francisco, Minas Gerais. A escola \u00e9 direcionada especialmente para filhos de agricultores familiares e tamb\u00e9m para aquelas pessoas que t\u00eam afinidades com as atividades agr\u00e1rias.<\/p>\n<div>\n<p>Conhe\u00e7a mais sobre a extens\u00e3o do ICA por meio do <a href=\"https:\/\/www.ica.ufmg.br\/\" target=\"_blank\" rel=\"noopener\">site da unidade<\/a>\u00a0e<a href=\"https:\/\/www.instagram.com\/icacenex\/\" target=\"_blank\" rel=\"noopener\"> rede social do Cenex\/ICA.<\/a><\/p>\n<\/div>\n<div>Veja tamb\u00e9m as iniciativas de extens\u00e3o do Instituto registradas no <a href=\"https:\/\/sistemas.ufmg.br\/siex\/PrepararPesquisarAcaoExtensao.do?clean=1\" target=\"_blank\" rel=\"noopener\">Siex<\/a> \u2013 Sistema de Informa\u00e7\u00e3o da Extens\u00e3o da UFMG (utilize os campos de pesquisa da plataforma para encontrar atividades e informa\u00e7\u00f5es desejadas).<\/div>\n<div><\/div>\n<div><\/div>\n<div><\/div>\n<div><\/div>\n<div><\/div>\n<div><\/div>\n<div><\/div>\n","protected":false},"excerpt":{"rendered":"<p>O Centro de Extens\u00e3o (Cenex) \u00e9 o \u00f3rg\u00e3o colegiado do [&hellip;]<\/p>\n","protected":false},"author":2,"featured_media":0,"parent":0,"menu_order":0,"comment_status":"closed","ping_status":"closed","template":"","meta":[],"tags":[775,23,777],"_links":{"self":[{"href":"https:\/\/www.ufmg.br\/proex\/wp-json\/wp\/v2\/pages\/10420"}],"collection":[{"href":"https:\/\/www.ufmg.br\/proex\/wp-json\/wp\/v2\/pages"}],"about":[{"href":"https:\/\/www.ufmg.br\/proex\/wp-json\/wp\/v2\/types\/page"}],"author":[{"embeddable":true,"href":"https:\/\/www.ufmg.br\/proex\/wp-json\/wp\/v2\/users\/2"}],"replies":[{"embeddable":true,"href":"https:\/\/www.ufmg.br\/proex\/wp-json\/wp\/v2\/comments?post=10420"}],"version-history":[{"count":111,"href":"https:\/\/www.ufmg.br\/proex\/wp-json\/wp\/v2\/pages\/10420\/revisions"}],"predecessor-version":[{"id":10921,"href":"https:\/\/www.ufmg.br\/proex\/wp-json\/wp\/v2\/pages\/10420\/revisions\/10921"}],"wp:attachment":[{"href":"https:\/\/www.ufmg.br\/proex\/wp-json\/wp\/v2\/media?parent=10420"}],"wp:term":[{"taxonomy":"post_tag","embeddable":true,"href":"https:\/\/www.ufmg.br\/proex\/wp-json\/wp\/v2\/tags?post=10420"}],"curies":[{"name":"wp","href":"https:\/\/api.w.org\/{rel}","templated":true}]}}