{"id":10652,"date":"2023-10-16T09:50:32","date_gmt":"2023-10-16T12:50:32","guid":{"rendered":"https:\/\/www.ufmg.br\/proex\/?page_id=10652"},"modified":"2024-08-05T15:39:39","modified_gmt":"2024-08-05T18:39:39","slug":"daj","status":"publish","type":"page","link":"https:\/\/www.ufmg.br\/proex\/daj\/","title":{"rendered":"DAJ &#8211; Divis\u00e3o de Assist\u00eancia Judici\u00e1ria"},"content":{"rendered":"<p><strong>At\u00e9 13 de agosto<\/strong>, est\u00e3o abertas as inscri\u00e7\u00f5es para a sele\u00e7\u00e3o de um bolsista de a\u00e7\u00f5es afirmativas e um volunt\u00e1rio para a Divis\u00e3o de Assist\u00eancia Judici\u00e1ria (DAJ), da Faculdade de Direito.<\/p>\n<p>Poder\u00e3o concorrer estudantes do curso de gradua\u00e7\u00e3o em Psicologia da UFMG a partir do 4\u00ba per\u00edodo.<\/p>\n<p>Os estudantes v\u00e3o atuar no projeto de extens\u00e3o de Psicologia da DAJ, no per\u00edodo de agosto de 2024 a julho de 2025.<\/p>\n<p>As inscri\u00e7\u00f5es s\u00e3o realizadas exclusivamente por meio de <a href=\"https:\/\/forms.gle\/uN9RdJ8qV4222WbQ8\" target=\"_blank\" rel=\"noopener\">formul\u00e1rio eletr\u00f4nico.<\/a><\/p>\n<p>Saiba mais informa\u00e7\u00f5es no <a href=\"https:\/\/drive.google.com\/file\/d\/1_h2cSUTSfJ3L2rsDhZJjQaW5OnO5Y_AH\/view\" target=\"_blank\" rel=\"noopener\">edital de sele\u00e7\u00e3o.<\/a><\/p>\n<p><strong>Sobre o projeto<\/strong><\/p>\n<p>O <a href=\"https:\/\/psijuridicaufmg.wordpress.com\/extensao\/\" target=\"_blank\" rel=\"noopener\">Projeto Atendimento Interdisciplinar no Plant\u00e3o da Divis\u00e3o de Assist\u00eancia Judici\u00e1ria<\/a> visa oferecer atendimento interdisciplinar na DAJ, contribuindo <span id=\"yiv3191186971yui_3_16_0_ym19_1_1489957807229_26819\"><span id=\"yiv3191186971yui_3_16_0_ym19_1_1489957807229_26821\">para a interface entre Psicologia e Direito e para que as pessoas atendidas possam refletir sobre aspectos que transcendem o campo jur\u00eddico<\/span><\/span>.<\/p>\n<p>Entre as atividades do projeto, est\u00e3o os atendimentos semanais no Plant\u00e3o da DAJ (localizado no pr\u00e9dio de gradua\u00e7\u00e3o do curso de Direito) e as supervis\u00f5es.<\/p>\n<p>&nbsp;<\/p>\n","protected":false},"excerpt":{"rendered":"<p>At\u00e9 13 de agosto, est\u00e3o abertas as inscri\u00e7\u00f5es para a [&hellip;]<\/p>\n","protected":false},"author":2,"featured_media":0,"parent":0,"menu_order":0,"comment_status":"closed","ping_status":"closed","template":"","meta":[],"tags":[23,25,29],"_links":{"self":[{"href":"https:\/\/www.ufmg.br\/proex\/wp-json\/wp\/v2\/pages\/10652"}],"collection":[{"href":"https:\/\/www.ufmg.br\/proex\/wp-json\/wp\/v2\/pages"}],"about":[{"href":"https:\/\/www.ufmg.br\/proex\/wp-json\/wp\/v2\/types\/page"}],"author":[{"embeddable":true,"href":"https:\/\/www.ufmg.br\/proex\/wp-json\/wp\/v2\/users\/2"}],"replies":[{"embeddable":true,"href":"https:\/\/www.ufmg.br\/proex\/wp-json\/wp\/v2\/comments?post=10652"}],"version-history":[{"count":13,"href":"https:\/\/www.ufmg.br\/proex\/wp-json\/wp\/v2\/pages\/10652\/revisions"}],"predecessor-version":[{"id":13349,"href":"https:\/\/www.ufmg.br\/proex\/wp-json\/wp\/v2\/pages\/10652\/revisions\/13349"}],"wp:attachment":[{"href":"https:\/\/www.ufmg.br\/proex\/wp-json\/wp\/v2\/media?parent=10652"}],"wp:term":[{"taxonomy":"post_tag","embeddable":true,"href":"https:\/\/www.ufmg.br\/proex\/wp-json\/wp\/v2\/tags?post=10652"}],"curies":[{"name":"wp","href":"https:\/\/api.w.org\/{rel}","templated":true}]}}