{"id":1067,"date":"2021-08-21T21:15:52","date_gmt":"2021-08-22T00:15:52","guid":{"rendered":"https:\/\/www.ufmg.br\/proex\/?page_id=1067"},"modified":"2021-12-29T17:02:06","modified_gmt":"2021-12-29T19:02:06","slug":"comunidade-universitaria-conta-com-rede-de-servicos-em-saude-mental","status":"publish","type":"page","link":"https:\/\/www.ufmg.br\/proex\/comunidade-universitaria-conta-com-rede-de-servicos-em-saude-mental\/","title":{"rendered":"Comunidade conta com rede de servi\u00e7os a dist\u00e2ncia em sa\u00fade mental"},"content":{"rendered":"<p>A a Rede de Sa\u00fade Mental e a Comiss\u00e3o Permanente de Sa\u00fade Mental da UFMG oferecem uma ampla rede de servi\u00e7os de acolhimento a dist\u00e2ncia para comunidade da UFMG. A disponibiliza\u00e7\u00e3o dos atendimentos integra o <em>Projeto de acolhimento a Dist\u00e2ncia<\/em>, que foi<a href=\"https:\/\/www.ufmg.br\/proex\/wp-content\/uploads\/2021\/12\/Comunicado.pdf\" target=\"_blank\" rel=\"noopener\"> lan\u00e7ado na pandemia de covid-19.<\/a><\/p>\n<p>Estudantes, professores, t\u00e9cnico-administrativos e terceirizados, al\u00e9m de profissionais de sa\u00fade que est\u00e3o na linha de frente no combate ao novo coronav\u00edrus, contam com suporte nas \u00e1reas de psicologia, terapia ocupacional, assist\u00eancia social e enfermagem. Essa rede n\u00e3o apenas oferece orienta\u00e7\u00f5es especializadas como est\u00e1 preparada para conversar e ouvir desabafos e relatos de problemas.<\/p>\n<p>Os servi\u00e7os funcionam de segunda a sexta, das 8h \u00e0s 21h, em escalas variadas dentro desse per\u00edodo, a depender da disponibilidade do profissional solicitado. <a href=\"https:\/\/ufmg.br\/storage\/5\/5\/0\/8\/550870c8cdc34cc07421dce708cbd582_15864392993275_680406204.pdf\" target=\"_blank\" rel=\"noopener\">Veja lista dos profissionais dispon\u00edveis e seus contatos<\/a><b>.<\/b> Com perfil heterog\u00eaneo, os profissionais est\u00e3o capacitados a prestar aux\u00edlio a quem mais precisa, sobretudo no momento de agravamento de casos de sofrimento mental.<\/p>\n<p><strong>Site Sa\u00fade Mental<\/strong><\/p>\n<p>A UFMG oferece ainda uma <a href=\"https:\/\/www.ufmg.br\/saudemental\/\" target=\"_blank\" rel=\"noopener\">p\u00e1gina na Internet<\/a> para estudantes, servidores t\u00e9cnico-administrativos, docentes, trabalhadores terceirizados, familiares e amigos que estejam ou conhe\u00e7am alguma pessoa em situa\u00e7\u00e3o de sofrimento mental.<\/p>\n<p>O site \u00e9 mais uma a\u00e7\u00e3o que se soma ao acolhimento a dist\u00e2ncia, implantado no in\u00edcio da pandemia, e aos servi\u00e7os de escuta e acolhimento j\u00e1 realizados por quase 50% das unidades acad\u00eamicas.<\/p>\n<p style=\"font-weight: 400;\">O canal de comunica\u00e7\u00e3o agrega conte\u00fado multim\u00eddia, como textos, v\u00eddeos sobre depoimentos de supera\u00e7\u00e3o, refer\u00eancias te\u00f3ricas, espa\u00e7o para comunica\u00e7\u00e3o, indica\u00e7\u00e3o de filmes, de legisla\u00e7\u00e3o e de contatos dos servi\u00e7os e <a href=\"https:\/\/www.ufmg.br\/saudemental\/rede-de-apoio\/\" target=\"_blank\" rel=\"noopener\">redes de apoio<\/a>\u00a0e\u00a0<a href=\"https:\/\/www.ufmg.br\/saudemental\/rede-de-apoio\/canais-de-acolhimento-internos-e-escutas\/\" target=\"_blank\" rel=\"noopener\">canais de acolhimento<\/a>\u00a0oferecidos pela pr\u00f3pria Universidade e atendimento especializado oferecido\u00a0<a href=\"https:\/\/www.ufmg.br\/saudemental\/rede-de-apoio\/canais-de-atendimento-externos\/\" target=\"_blank\" rel=\"noopener\">pelo Sistema \u00danico de Sa\u00fade (SUS)<\/a>, que integram a Rede de Sa\u00fade Mental.<\/p>\n<p>Assista a um relato de supera\u00e7\u00e3o feito pela aluna Mayara Mello, do curso de Zootecnia do campus Montes Claros (V\u00eddeo YouTube UFMG).<\/p>\n<div class=\"video-container\"><iframe loading=\"lazy\" title=\"Mayara Mello: transformando o sofrimento em solidariedade\" width=\"500\" height=\"281\" src=\"https:\/\/www.youtube.com\/embed\/vWwJx6uTxr4?feature=oembed\" frameborder=\"0\" allow=\"accelerometer; autoplay; clipboard-write; encrypted-media; gyroscope; picture-in-picture\" allowfullscreen><\/iframe><\/div>\n<p>&nbsp;<\/p>\n<p>&nbsp;<\/p>\n<p>&nbsp;<\/p>\n","protected":false},"excerpt":{"rendered":"<p>A a Rede de Sa\u00fade Mental e a Comiss\u00e3o Permanente [&hellip;]<\/p>\n","protected":false},"author":2,"featured_media":0,"parent":0,"menu_order":0,"comment_status":"closed","ping_status":"closed","template":"","meta":[],"tags":[437,447,439,443,133,189,23,25,435,449,407,375,441,445],"_links":{"self":[{"href":"https:\/\/www.ufmg.br\/proex\/wp-json\/wp\/v2\/pages\/1067"}],"collection":[{"href":"https:\/\/www.ufmg.br\/proex\/wp-json\/wp\/v2\/pages"}],"about":[{"href":"https:\/\/www.ufmg.br\/proex\/wp-json\/wp\/v2\/types\/page"}],"author":[{"embeddable":true,"href":"https:\/\/www.ufmg.br\/proex\/wp-json\/wp\/v2\/users\/2"}],"replies":[{"embeddable":true,"href":"https:\/\/www.ufmg.br\/proex\/wp-json\/wp\/v2\/comments?post=1067"}],"version-history":[{"count":22,"href":"https:\/\/www.ufmg.br\/proex\/wp-json\/wp\/v2\/pages\/1067\/revisions"}],"predecessor-version":[{"id":4025,"href":"https:\/\/www.ufmg.br\/proex\/wp-json\/wp\/v2\/pages\/1067\/revisions\/4025"}],"wp:attachment":[{"href":"https:\/\/www.ufmg.br\/proex\/wp-json\/wp\/v2\/media?parent=1067"}],"wp:term":[{"taxonomy":"post_tag","embeddable":true,"href":"https:\/\/www.ufmg.br\/proex\/wp-json\/wp\/v2\/tags?post=1067"}],"curies":[{"name":"wp","href":"https:\/\/api.w.org\/{rel}","templated":true}]}}