{"id":11128,"date":"2023-12-04T14:28:40","date_gmt":"2023-12-04T16:28:40","guid":{"rendered":"https:\/\/www.ufmg.br\/proex\/?page_id=11128"},"modified":"2023-12-04T14:30:38","modified_gmt":"2023-12-04T16:30:38","slug":"programa-florestas","status":"publish","type":"page","link":"https:\/\/www.ufmg.br\/proex\/programa-florestas\/","title":{"rendered":"Programa Florestas"},"content":{"rendered":"<p>Est\u00e3o abertas as inscri\u00e7\u00f5es para a sele\u00e7\u00e3o de 01 bolsista na modalidade PBEXT e 02 volunt\u00e1rios para desenvolver atividades relacionadas \u00e0s demandas dos projetos vinculados e a\u00e7\u00f5es do <strong>Programa Florestas<\/strong>, do Instituto de Ci\u00eancias Agr\u00e1rias.<\/p>\n<h4><strong>Pr\u00e9-requisitos<\/strong><\/h4>\n<ul>\n<li>Estar matriculado nos cursos de Engenharia Florestal, Agronomia ou Engenharia<br \/>\nAgr\u00edcola da UFMG;<\/li>\n<\/ul>\n<p><strong>Os volunt\u00e1rios independem dos seguintes requisitos:<\/strong><\/p>\n<ul>\n<li>Estar cursando o quarto per\u00edodo ou per\u00edodo superior em 2023-2;<\/li>\n<li>Ter disponibilidade para atividades no per\u00edodo de f\u00e9rias;<\/li>\n<li>N\u00e3o possuir qualquer outro tipo de bolsa, exceto apoio pela FUMP;<\/li>\n<li>Ter aptid\u00e3o para realizar trabalhos em equipe;<\/li>\n<li>Ter interesse ou a afinidade em trabalhar em assentamentos, comunidades e<br \/>\npropriedades rurais, com agricultores familiares e silvicultores, al\u00e9m de empresas<br \/>\nagr\u00edcolas e florestais;<\/li>\n<li>Ter afinidade para trabalhar com educa\u00e7\u00e3o ambiental em escolas urbanas e rurais;<\/li>\n<li>Ter facilidade ou interesse em desenvolver a habilidade de falar em p\u00fablico e viajar para<br \/>\ncomunidades rurais durante a semana, ou nos finais de semana e feriados;<\/li>\n<li>Ter criatividade, habilidade ou o interesse em desenvolv\u00ea-las para a produ\u00e7\u00e3o de<br \/>\nv\u00eddeos, folhetos e cartilhas relacionados aos temas do projeto.<\/li>\n<\/ul>\n<p>As inscri\u00e7\u00f5es v\u00e3o at\u00e9 o dia <strong>11 de dezembro<\/strong> e para realizar a inscri\u00e7\u00e3o o candidato(a) deve mandar um e-mail para <a href=\"mailto:leticiarenatacarvalho@yahoo.com.br\" target=\"_blank\" rel=\"noopener\">leticiarenatacarvalho@yahoo.com.br<\/a> \u00a0com os seguintes documentos:<\/p>\n<ul>\n<li>Preenchimento de ficha de inscri\u00e7\u00e3o dispon\u00edvel no Anexo 1;<\/li>\n<li>C\u00f3pia do Hist\u00f3rico ou de documento que ateste o rendimento semestral global (RSG) de<br \/>\ntodos os per\u00edodos cursados (documento disponibilizado pela internet);<\/li>\n<li>Curr\u00edculo Lattes &#8211; CNPq &#8211; contendo atividades de ensino, pesquisa e extens\u00e3o;<\/li>\n<li>C\u00f3pia de documento que comprove conta banc\u00e1ria no Banco do Brasil, individual e tipo conta<br \/>\ncorrente;<\/li>\n<li>C\u00f3pia do documento de identidade e do CP.<\/li>\n<\/ul>\n<p>Para mais informa\u00e7\u00f5es leia o <a href=\"https:\/\/www.ufmg.br\/proex\/wp-content\/uploads\/2023\/12\/Edital-selecao-bolsistas-extensao-PROGRAMA-FLORESTAS-2023-2.pdf\" target=\"_blank\" rel=\"noopener\">edital<\/a><\/p>\n","protected":false},"excerpt":{"rendered":"<p>Est\u00e3o abertas as inscri\u00e7\u00f5es para a sele\u00e7\u00e3o de 01 bolsista [&hellip;]<\/p>\n","protected":false},"author":2,"featured_media":0,"parent":0,"menu_order":0,"comment_status":"closed","ping_status":"closed","template":"","meta":[],"tags":[],"_links":{"self":[{"href":"https:\/\/www.ufmg.br\/proex\/wp-json\/wp\/v2\/pages\/11128"}],"collection":[{"href":"https:\/\/www.ufmg.br\/proex\/wp-json\/wp\/v2\/pages"}],"about":[{"href":"https:\/\/www.ufmg.br\/proex\/wp-json\/wp\/v2\/types\/page"}],"author":[{"embeddable":true,"href":"https:\/\/www.ufmg.br\/proex\/wp-json\/wp\/v2\/users\/2"}],"replies":[{"embeddable":true,"href":"https:\/\/www.ufmg.br\/proex\/wp-json\/wp\/v2\/comments?post=11128"}],"version-history":[{"count":2,"href":"https:\/\/www.ufmg.br\/proex\/wp-json\/wp\/v2\/pages\/11128\/revisions"}],"predecessor-version":[{"id":11132,"href":"https:\/\/www.ufmg.br\/proex\/wp-json\/wp\/v2\/pages\/11128\/revisions\/11132"}],"wp:attachment":[{"href":"https:\/\/www.ufmg.br\/proex\/wp-json\/wp\/v2\/media?parent=11128"}],"wp:term":[{"taxonomy":"post_tag","embeddable":true,"href":"https:\/\/www.ufmg.br\/proex\/wp-json\/wp\/v2\/tags?post=11128"}],"curies":[{"name":"wp","href":"https:\/\/api.w.org\/{rel}","templated":true}]}}