{"id":11210,"date":"2023-12-18T18:53:57","date_gmt":"2023-12-18T20:53:57","guid":{"rendered":"https:\/\/www.ufmg.br\/proex\/?page_id=11210"},"modified":"2025-03-26T11:48:25","modified_gmt":"2025-03-26T14:48:25","slug":"escoladeveraodh","status":"publish","type":"page","link":"https:\/\/www.ufmg.br\/proex\/escoladeveraodh\/","title":{"rendered":"Escola de Ver\u00e3o &#8211; Educa\u00e7\u00e3o em Direitos Humanos"},"content":{"rendered":"<h4><em><strong>Curso de extens\u00e3o gratuito em Direitos Humanos oferecido pela <\/strong>Associa\u00e7\u00e3o das Universidades do Grupo Montevid\u00e9u (AUGM) e UFMG<\/em><\/h4>\n<p>&nbsp;<\/p>\n<div id=\"attachment_14777\" style=\"width: 760px\" class=\"wp-caption alignnone\"><img aria-describedby=\"caption-attachment-14777\" loading=\"lazy\" class=\"wp-image-14777\" src=\"https:\/\/www.ufmg.br\/proex\/wp-content\/uploads\/2025\/02\/5a-Escola-de-Verao-\u2013-Educacao-em-Direitos-Humanos-UFMG-300x200.jpg\" alt=\"Participantes no encerramento da 5\u00aa Escola de Ver\u00e3o\u00a0 | Foto: Eduardo Maia\/Proex UFMG\" width=\"750\" height=\"500\" srcset=\"https:\/\/www.ufmg.br\/proex\/wp-content\/uploads\/2025\/02\/5a-Escola-de-Verao-\u2013-Educacao-em-Direitos-Humanos-UFMG-300x200.jpg 300w, https:\/\/www.ufmg.br\/proex\/wp-content\/uploads\/2025\/02\/5a-Escola-de-Verao-\u2013-Educacao-em-Direitos-Humanos-UFMG-1024x683.jpg 1024w, https:\/\/www.ufmg.br\/proex\/wp-content\/uploads\/2025\/02\/5a-Escola-de-Verao-\u2013-Educacao-em-Direitos-Humanos-UFMG-768x512.jpg 768w, https:\/\/www.ufmg.br\/proex\/wp-content\/uploads\/2025\/02\/5a-Escola-de-Verao-\u2013-Educacao-em-Direitos-Humanos-UFMG-1536x1024.jpg 1536w, https:\/\/www.ufmg.br\/proex\/wp-content\/uploads\/2025\/02\/5a-Escola-de-Verao-\u2013-Educacao-em-Direitos-Humanos-UFMG-2048x1365.jpg 2048w\" sizes=\"(max-width: 750px) 100vw, 750px\" \/><p id=\"caption-attachment-14777\" class=\"wp-caption-text\">Participantes no encerramento da 5\u00aa Escola de Ver\u00e3o\u00a0 | Foto: Eduardo Maia\/Proex UFMG<\/p><\/div>\n<p data-start=\"86\" data-end=\"180\">A UFMG se orgulhou de receber a 5\u00aa edi\u00e7\u00e3o da Escola de Ver\u00e3o \u2013 Educa\u00e7\u00e3o em Direitos Humanos.<\/p>\n<p>O evento foi realizado de 24 a 28 de fevereiro de 2025, em Belo Horizonte, no campus Pampulha da Universidade.<\/p>\n<p><strong>Local<\/strong>: CAD2 (Centro de Atividades Did\u00e1ticas) | Audit\u00f3rio A102<\/p>\n<p><a href=\"https:\/\/www.ufmg.br\/proex\/noticia\/ufmg-inaugura-a-5a-escola-de-verao-com-o-compromisso-de-fortalecer-os-direitos-humanos\/\" target=\"_blank\" rel=\"noopener\">Primeiro dia<\/a><\/p>\n<p><a href=\"https:\/\/www.ufmg.br\/proex\/noticia\/segundo-dia-da-5a-escola-de-verao-debate-o-direito-humano-a-educacao\/\" target=\"_blank\" rel=\"noopener\">Segundo dia<\/a><\/p>\n<p><a href=\"https:\/\/www.ufmg.br\/proex\/noticia\/5a-escola-de-verao-homenageia-idoso-em-situacao-de-rua-assassinado-em-belo-horizonte\/\" target=\"_blank\" rel=\"noopener\">Terceiro dia<\/a><\/p>\n<p><a href=\"https:\/\/www.ufmg.br\/proex\/noticia\/direitos-indigenas-marcam-reflexoes-do-quarto-dia-da-escola-de-verao-em-educacao-em-direitos-humanos\/\" target=\"_blank\" rel=\"noopener\">Quarto dia<\/a><\/p>\n<p><a href=\"https:\/\/www.ufmg.br\/proex\/noticia\/homenagem-e-debates-sobre-igualdade-racial-e-seguranca-universitaria-marcam-encerramento-da-5a-escola-de-verao\/\" target=\"_blank\" rel=\"noopener\">Quinto dia<\/a><\/p>\n<p><strong>PROGRAMA\u00c7\u00c3O<\/strong><\/p>\n<p><strong>Segunda-feira, 24 de fevereiro<br \/>\n<\/strong><\/p>\n<p>8h \u2013 Credenciamento dos participantes<\/p>\n<p>9h \u00e0s 10h30\u00a0\u2013 Abertura<br \/>\nSandra Goulart Almeida (reitora da UFMG)<br \/>\nAlessandro Fernandes Moreira (vice-reitor da UFMG)<br \/>\nGlaucinei Rodrigues Corr\u00eaa (pr\u00f3-reitor de extens\u00e3o da UFMG)<br \/>\nB\u00e1rbara Orfan\u00f2 (diretora adjunta DRI\/UFMG)<br \/>\nMaria Guiomar Frota (UDH | coordenadora da V Escola de Ver\u00e3o)<\/p>\n<p>10h30 \u00e0s 12h \u2013 Confer\u00eancia O ciclo das pol\u00edticas p\u00fablicas de direitos humanos no \u00e2mbito do Mercosul<br \/>\nPatricia Gainza &#8211; diretora de Pesquisa do Instituto de Pol\u00edticas P\u00fablicas em Direitos Humanos do Mercosul (IPPDH, Argentina)<\/p>\n<p>14h \u00e0s 16h \u2013Forma\u00e7\u00e3o cl\u00ednica em direitos humanos em universidades p\u00fablicas como contribui\u00e7\u00e3o para a garantia da n\u00e3o repet\u00eancia<br \/>\nIn\u00e9s Robles (Universidad de Valpara\u00edso, Chile)<\/p>\n<p>16h30 \u00e0s 17h30 \u2013 Espet\u00e1culo teatral A Paix\u00e3o de Tito | Gabriel Castro Cavalcante (ator) e Juarez Guimar\u00e3es Dias (dramaturgia)<strong><br \/>\n<\/strong><\/p>\n<p><strong>Ter\u00e7a-feira, 25 de fevereiro<br \/>\n<\/strong><\/p>\n<p>9h \u00e0s 12h \u2013 O lugar da educa\u00e7\u00e3o na defesa da democracia e dos direitos humanos<br \/>\nDenise Carreira (Universidade de S\u00e3o Paulo\/USP, Brasil)<\/p>\n<p>14h \u00e0s 17h \u2013 Direito Penal, poder punitivo e direitos humanos, no plano internacional<br \/>\nRui Dissenha (Universidade Federal do Paran\u00e1\/UFPR, Brasil)<\/p>\n<p><strong>Quarta-feira, 26 de fevereiro<br \/>\n<\/strong><\/p>\n<p>9h \u00e0s 12h \u2013 Viola\u00e7\u00f5es e defesa dos direitos humanos da popula\u00e7\u00e3o em situa\u00e7\u00e3o de rua<br \/>\nAndr\u00e9 Luiz Freitas Dias (UFMG, Brasil)<\/p>\n<p class=\"western\" align=\"justify\">14h \u00e0s 17h \u2013 Oficina BordA\u00e7\u00e3o (Coletivo Pontos de Luta, Brasil)<\/p>\n<p><strong>Quinta-feira, 27 de fevereiro<br \/>\n<\/strong><\/p>\n<p>9h \u00e0s 12h \u2013 Interculturalidade e Direitos Ind\u00edgenas<br \/>\nMar\u00eda del Carmen Cortizo (Universidade de Santa Catarina\/UFSC, Brasil)<\/p>\n<p>14h \u00e0s 17h \u2013 Mundos ind\u00edgenas e direitos humanos, n\u00e3o-humanos, mais-que-humanos: a luta pelos territ\u00f3rios origin\u00e1rios do povo Kaiow\u00e1.<br \/>\nLuciana Oliveira (UFMG, Brasil)<\/p>\n<p><strong>Sexta-feira, 28 de fevereiro<br \/>\n<\/strong><\/p>\n<p>9h \u00e0s 12h \u2013 Igualdade Racial<br \/>\nRenisia Cristina Garcia Filice (Universidade de Bras\u00edlia\/UnB, Brasil)<\/p>\n<p>14h \u00e0s 17h &#8211; Educa\u00e7\u00e3o em direitos humanos, grupos vulner\u00e1veis e seguran\u00e7a em espa\u00e7os universit\u00e1rios<br \/>\nRicardo Barbosa de Lima (Universidade Federal de Goi\u00e1s\/UFG, Brasil)<\/p>\n<p><a href=\"https:\/\/www.ufmg.br\/proex\/wp-content\/uploads\/2025\/02\/Programacao-Escola-de-Verao-Direitos-Humanos-Proex-UFMG.pdf\" target=\"_blank\" rel=\"noopener\">Programa\u00e7\u00e3o em PDF<\/a><\/p>\n<p><b>EDI\u00c7\u00d5ES ANTERIORES<\/b><\/p>\n<p><a href=\"https:\/\/ufmg.br\/comunicacao\/noticias\/ufmg-inaugura-escola-de-verao-em-educacao-e-direitos-humanos\" target=\"_blank\" rel=\"noopener\">2020<\/a><br \/>\n<a href=\"https:\/\/www.youtube.com\/playlist?list=PL_AztmKDIPEYUhLfK9fJnlXaLEDFiX5BD\" target=\"_blank\" rel=\"noopener\">2021<\/a><br \/>\n<a href=\"https:\/\/www.youtube.com\/playlist?list=PL_AztmKDIPEYhwcfR8OS7ApIrj-oiQjiP\" target=\"_blank\" rel=\"noopener\">2023<\/a><br \/>\n<a href=\"https:\/\/www.youtube.com\/playlist?list=PL_AztmKDIPEaLOPSCVV710LjumOlNdK_W\" target=\"_blank\" rel=\"noopener\">2024<\/a><\/p>\n<p>Para mais informa\u00e7\u00f5es e esclarecimentos, entre em contato:<br \/>\n<strong>E-mail:<\/strong> <a href=\"mailto:udh@proex.ufmg.br\">udh@proex.ufmg.br<\/a><br \/>\n<strong>Telefone<\/strong>: (31) 3409-4065<\/p>\n<p>&nbsp;<\/p>\n","protected":false},"excerpt":{"rendered":"<p>Curso de extens\u00e3o gratuito em Direitos Humanos oferecido pela Associa\u00e7\u00e3o [&hellip;]<\/p>\n","protected":false},"author":2,"featured_media":0,"parent":0,"menu_order":0,"comment_status":"closed","ping_status":"closed","template":"","meta":[],"tags":[443,787,23],"_links":{"self":[{"href":"https:\/\/www.ufmg.br\/proex\/wp-json\/wp\/v2\/pages\/11210"}],"collection":[{"href":"https:\/\/www.ufmg.br\/proex\/wp-json\/wp\/v2\/pages"}],"about":[{"href":"https:\/\/www.ufmg.br\/proex\/wp-json\/wp\/v2\/types\/page"}],"author":[{"embeddable":true,"href":"https:\/\/www.ufmg.br\/proex\/wp-json\/wp\/v2\/users\/2"}],"replies":[{"embeddable":true,"href":"https:\/\/www.ufmg.br\/proex\/wp-json\/wp\/v2\/comments?post=11210"}],"version-history":[{"count":197,"href":"https:\/\/www.ufmg.br\/proex\/wp-json\/wp\/v2\/pages\/11210\/revisions"}],"predecessor-version":[{"id":14905,"href":"https:\/\/www.ufmg.br\/proex\/wp-json\/wp\/v2\/pages\/11210\/revisions\/14905"}],"wp:attachment":[{"href":"https:\/\/www.ufmg.br\/proex\/wp-json\/wp\/v2\/media?parent=11210"}],"wp:term":[{"taxonomy":"post_tag","embeddable":true,"href":"https:\/\/www.ufmg.br\/proex\/wp-json\/wp\/v2\/tags?post=11210"}],"curies":[{"name":"wp","href":"https:\/\/api.w.org\/{rel}","templated":true}]}}