{"id":11558,"date":"2024-02-08T15:19:48","date_gmt":"2024-02-08T17:19:48","guid":{"rendered":"https:\/\/www.ufmg.br\/proex\/?page_id=11558"},"modified":"2024-02-15T09:26:01","modified_gmt":"2024-02-15T11:26:01","slug":"projeto-ideia-real","status":"publish","type":"page","link":"https:\/\/www.ufmg.br\/proex\/projeto-ideia-real\/","title":{"rendered":"Projeto Ideia Real"},"content":{"rendered":"<p>Est\u00e3o abertas, <strong>at\u00e9 as 19h do dia 16 de fevereiro de 2024,<\/strong> as inscri\u00e7\u00f5es para uma vaga de bolsa de extens\u00e3o na modalidade PBEXT A\u00e7\u00f5es Afirmativas para o projeto Idea Real, do Instituto de Ci\u00eancias biol\u00f3gicas da UFMG.<\/p>\n<p>Podem se inscrever qualquer estudante que esteja regularmente matriculado em qualquer curso de gradua\u00e7\u00e3o da UFMG e deve ter ingressado pelo sistema de cotas e\/ou classificados(as) socioeconomicamente no n\u00edvel I, II ou III pela FUMP, estudantes m\u00e3es com crian\u00e7a cursando o Ensino Infantil ou Fundamental na rede p\u00fablica de ensino, estudantes travestis e transexuais, estudantes com defici\u00eancia, estudantes ind\u00edgenas e quilombolas, estudantes refugiados(as).<\/p>\n<h5><strong>Inscri\u00e7\u00f5es<\/strong><\/h5>\n<p>As inscri\u00e7\u00f5es ser\u00e3o feitas atrav\u00e9s de <a href=\"https:\/\/forms.gle\/wWhftJqDiYtu1wLE6\" target=\"_blank\" rel=\"noopener\">formul\u00e1rio on-line<\/a> e no ato da inscri\u00e7\u00e3o deve-se apresentar os seguintes documentos:<\/p>\n<ul>\n<li>Hist\u00f3rico Escolar atualizado, incluindo o Rendimento Semestral Global;<\/li>\n<li>Curr\u00edculo atualizado pode ser ou n\u00e3o o curr\u00edculo Lattes;<\/li>\n<li>Formul\u00e1rio de Inscri\u00e7\u00e3o preenchida;<\/li>\n<li>Comprovante para concorrer \u00e0 modalidade de bolsa PBEXT A\u00c7\u00c3O AFIRMATIVA (Registro<br \/>\nAcad\u00eamico ou equivalente)<\/li>\n<\/ul>\n<p><strong>O estudante realizar\u00e1 as seguintes atividades: <\/strong><\/p>\n<ul>\n<li>Gerar conte\u00fado de divulga\u00e7\u00e3o cient\u00edfica relacionado com a atua\u00e7\u00e3o do laborat\u00f3rio IdeaReal, como textos, imagens, v\u00eddeos ou \u00e1udios para p\u00fablico leigo;<\/li>\n<li>Atuar na gest\u00e3o das redes sociais e site do laborat\u00f3rio IdeaReal;<\/li>\n<li>Realizar experimentos quanto ao comportamento do p\u00fablico que segue as redes do laborat\u00f3rio IdeaReal;<\/li>\n<\/ul>\n<p>Para mais informa\u00e7\u00f5es acesse o <a href=\"https:\/\/www.ufmg.br\/proex\/wp-content\/uploads\/2024\/02\/Edital-Idea-Real-2.pdf\" target=\"_blank\" rel=\"noopener\">edital<\/a>.<\/p>\n","protected":false},"excerpt":{"rendered":"<p>Est\u00e3o abertas, at\u00e9 as 19h do dia 16 de fevereiro [&hellip;]<\/p>\n","protected":false},"author":2,"featured_media":0,"parent":0,"menu_order":0,"comment_status":"closed","ping_status":"closed","template":"","meta":[],"tags":[],"_links":{"self":[{"href":"https:\/\/www.ufmg.br\/proex\/wp-json\/wp\/v2\/pages\/11558"}],"collection":[{"href":"https:\/\/www.ufmg.br\/proex\/wp-json\/wp\/v2\/pages"}],"about":[{"href":"https:\/\/www.ufmg.br\/proex\/wp-json\/wp\/v2\/types\/page"}],"author":[{"embeddable":true,"href":"https:\/\/www.ufmg.br\/proex\/wp-json\/wp\/v2\/users\/2"}],"replies":[{"embeddable":true,"href":"https:\/\/www.ufmg.br\/proex\/wp-json\/wp\/v2\/comments?post=11558"}],"version-history":[{"count":2,"href":"https:\/\/www.ufmg.br\/proex\/wp-json\/wp\/v2\/pages\/11558\/revisions"}],"predecessor-version":[{"id":11578,"href":"https:\/\/www.ufmg.br\/proex\/wp-json\/wp\/v2\/pages\/11558\/revisions\/11578"}],"wp:attachment":[{"href":"https:\/\/www.ufmg.br\/proex\/wp-json\/wp\/v2\/media?parent=11558"}],"wp:term":[{"taxonomy":"post_tag","embeddable":true,"href":"https:\/\/www.ufmg.br\/proex\/wp-json\/wp\/v2\/tags?post=11558"}],"curies":[{"name":"wp","href":"https:\/\/api.w.org\/{rel}","templated":true}]}}