{"id":11565,"date":"2024-02-08T16:57:49","date_gmt":"2024-02-08T18:57:49","guid":{"rendered":"https:\/\/www.ufmg.br\/proex\/?page_id=11565"},"modified":"2024-02-08T16:57:49","modified_gmt":"2024-02-08T18:57:49","slug":"farmex","status":"publish","type":"page","link":"https:\/\/www.ufmg.br\/proex\/farmex\/","title":{"rendered":"FARMEX: Educa\u00e7\u00e3o em Sa\u00fade"},"content":{"rendered":"<p>Est\u00e3o abertas, <strong>at\u00e9 23 de fevereiro de 2024<\/strong>, as inscri\u00e7\u00f5es de candidatos(as) para 02 (duas) bolsas de extens\u00e3o, sendo uma na modalidade PBEXT e outra na modalidade PBEXT-AF.<\/p>\n<p>Podem se inscrever estudantes regularmente matriculados(as) no(s) curso(s) de gradua\u00e7\u00e3o em <strong>Medicina<\/strong>,<strong> Farm\u00e1cia<\/strong>, <strong>Enfermagem <\/strong>ou<strong> Ci\u00eancias Biol\u00f3gicas<\/strong> da UFMG.<\/p>\n<h5>Inscri\u00e7\u00f5es<\/h5>\n<p>Para se inscrever, basta mandar um e-mail para <a href=\"mailto:dfar@icb.ufmg.br\" target=\"_blank\" rel=\"noopener\">dfar@icb.ufmg.br<\/a>, identificando no campo assunto <strong>Sele\u00e7\u00e3o FARMEX<\/strong>.<\/p>\n<p>No ato da inscri\u00e7\u00e3o os (as) candidatos(as) dever\u00e3o apresentar os seguintes documentos:<\/p>\n<ul>\n<li>Hist\u00f3rico Escolar;<\/li>\n<li>Texto contendo uma exposi\u00e7\u00e3o dos motivos que levaram o(a) estudante a pleitear sua participa\u00e7\u00e3o no projeto, destacando aspectos positivos de negativos do projeto observados na p\u00e1gina do <a href=\"https:\/\/www.instagram.com\/farmex_ufmg\/\" target=\"_blank\" rel=\"noopener\">Instagram<\/a>, em uma lauda, com fonte Arial 12 e espa\u00e7amento entre linhas de 1,5;<\/li>\n<li>Envio de um v\u00eddeo, de at\u00e9 2 minutos, em que o candidato se apresente, ressalte suas habilidades e o por que deveria ser aprovado para participar do projeto de extens\u00e3o;<\/li>\n<li>Envio de um v\u00eddeo, de at\u00e9 1 minuto e meio, sobre um tema em sa\u00fade que ainda n\u00e3o tenha sido abordado pelo projeto, em que o candidato demonstre suas habilidades na confec\u00e7\u00e3o e edi\u00e7\u00e3o de v\u00eddeo para as redes sociais;<\/li>\n<li>Comprovante ou autodeclara\u00e7\u00e3o para concorrer \u00e0 modalidade de bolsa PBEXT A\u00c7\u00c3O AFIRMATIVA.<\/li>\n<\/ul>\n<p>Para obter mais informa\u00e7\u00f5es, acesse o <a href=\"https:\/\/www.ufmg.br\/proex\/wp-content\/uploads\/2024\/02\/Edital-FARMEX.pdf\" target=\"_blank\" rel=\"noopener\">edital<\/a>.<\/p>\n","protected":false},"excerpt":{"rendered":"<p>Est\u00e3o abertas, at\u00e9 23 de fevereiro de 2024, as inscri\u00e7\u00f5es [&hellip;]<\/p>\n","protected":false},"author":2,"featured_media":0,"parent":0,"menu_order":0,"comment_status":"closed","ping_status":"closed","template":"","meta":[],"tags":[],"_links":{"self":[{"href":"https:\/\/www.ufmg.br\/proex\/wp-json\/wp\/v2\/pages\/11565"}],"collection":[{"href":"https:\/\/www.ufmg.br\/proex\/wp-json\/wp\/v2\/pages"}],"about":[{"href":"https:\/\/www.ufmg.br\/proex\/wp-json\/wp\/v2\/types\/page"}],"author":[{"embeddable":true,"href":"https:\/\/www.ufmg.br\/proex\/wp-json\/wp\/v2\/users\/2"}],"replies":[{"embeddable":true,"href":"https:\/\/www.ufmg.br\/proex\/wp-json\/wp\/v2\/comments?post=11565"}],"version-history":[{"count":1,"href":"https:\/\/www.ufmg.br\/proex\/wp-json\/wp\/v2\/pages\/11565\/revisions"}],"predecessor-version":[{"id":11568,"href":"https:\/\/www.ufmg.br\/proex\/wp-json\/wp\/v2\/pages\/11565\/revisions\/11568"}],"wp:attachment":[{"href":"https:\/\/www.ufmg.br\/proex\/wp-json\/wp\/v2\/media?parent=11565"}],"wp:term":[{"taxonomy":"post_tag","embeddable":true,"href":"https:\/\/www.ufmg.br\/proex\/wp-json\/wp\/v2\/tags?post=11565"}],"curies":[{"name":"wp","href":"https:\/\/api.w.org\/{rel}","templated":true}]}}