{"id":11777,"date":"2024-02-27T09:38:56","date_gmt":"2024-02-27T12:38:56","guid":{"rendered":"https:\/\/www.ufmg.br\/proex\/?page_id=11777"},"modified":"2025-11-18T10:42:10","modified_gmt":"2025-11-18T13:42:10","slug":"editalintegrado","status":"publish","type":"page","link":"https:\/\/www.ufmg.br\/proex\/editalintegrado\/","title":{"rendered":"Edital Integrado &#8211; 05\/2024"},"content":{"rendered":"<p style=\"font-weight: 400;\"><span style=\"font-weight: 400;\">Prezado(a) Coordenador(a),<\/span><\/p>\n<p style=\"font-weight: 400;\"><span style=\"font-weight: 400;\">De acordo com o item 8.1.7 do <a href=\"https:\/\/www.ufmg.br\/proex\/wp-content\/uploads\/2024\/02\/Edital-PROEX-05.2024.docx.pdf\" target=\"_blank\" rel=\"noopener\">edital 05\/2024<\/a>, a Pr\u00f3-Reitoria de Extens\u00e3o solicita o envio do relat\u00f3rio final de execu\u00e7\u00e3o da atividade. <\/span><\/p>\n<p style=\"font-weight: 400;\"><span style=\"font-weight: 400;\">Juntamente com relat\u00f3rio dever\u00e1 ser encaminhado o formul\u00e1rio do <a href=\"https:\/\/sistemas.ufmg.br\/siex\/Principal.do\" target=\"_blank\" rel=\"noopener\">SIEX<\/a> (em PDF) com informa\u00e7\u00f5es atualizadas referentes ao p\u00fablico atingido, resultados e produtos.<\/span><\/p>\n<p style=\"font-weight: 400;\"><span style=\"font-weight: 400;\">Acesse o <a href=\"https:\/\/www.ufmg.br\/proex\/wp-content\/uploads\/2025\/05\/MODELO-RELATORIO-FINAL-Edital-no05_2024.docx\" target=\"_blank\" rel=\"noopener\">modelo do relat\u00f3rio<\/a> para preenchimento. \u00c9 necess\u00e1rio atender ao limite de 10 p\u00e1ginas.<\/span><\/p>\n<p><strong>Retifica\u00e7\u00f5es\u00a0<\/strong><\/p>\n<p>A Proex comunica as seguintes retifica\u00e7\u00f5es do Edital Integrado:<\/p>\n<p><a href=\"https:\/\/www.ufmg.br\/proex\/wp-content\/uploads\/2025\/05\/Edital-Integrado-05_2024_Entrega-do-Relatorio-Final.pdf\" target=\"_blank\" rel=\"noopener\">Retifica\u00e7\u00e3o 5<\/a><br \/>\n&#8220;Item 10. Cronograma<br \/>\nOnde se l\u00ea:<br \/>\nCadastro dos pedidos de compras pelo(a) coordenador(a): 21 de maio a 15 de agosto de 2024<br \/>\nData limite para entrega dos materiais de consumo, bens adquiridos, servi\u00e7os e pagamento de fornecedores: 30 de novembro de 2024<br \/>\nEnvio de relat\u00f3rio final de execu\u00e7\u00e3o do objeto: 31 de maio de 2025.&#8221;<br \/>\nLeia-se:<br \/>\nCadastro dos pedidos de compras pelo(a) coordenador(a): 31 de janeiro de 2025<br \/>\nData limite para entrega dos materiais de consumo, bens adquiridos, servi\u00e7os e pagamento de fornecedores: 30 de abril de 2025<br \/>\nEnvio de relat\u00f3rio final de execu\u00e7\u00e3o do objeto: <strong>30 de junho de 2025.&#8221;<\/strong><\/p>\n<p><strong>Retifica\u00e7\u00e3o 4<br \/>\n<\/strong>&#8220;Item 10. Cronograma<br \/>\nOnde se l\u00ea:<br \/>\nCadastro dos pedidos de compras pelo(a) coordenador(a): 21 de maio a 15 de agosto de 2024<br \/>\nData limite para entrega dos materiais de consumo, bens adquiridos, servi\u00e7os e pagamento de fornecedores: 30 de novembro de 2024<br \/>\nEnvio de relat\u00f3rio final de execu\u00e7\u00e3o do objeto: 30 de novembro de 2024.&#8221;<br \/>\nLeia-se:<br \/>\nCadastro dos pedidos de compras pelo(a) coordenador(a):<strong> 31 de janeiro de 2025<\/strong><br \/>\nData limite para entrega dos materiais de consumo, bens adquiridos, servi\u00e7os e pagamento de fornecedores: <strong>30 de abril de 2025<\/strong><br \/>\nEnvio de relat\u00f3rio final de execu\u00e7\u00e3o do objeto: <strong>31 de maio de 2025.&#8221;<\/strong><\/p>\n<p><strong>Retifica\u00e7\u00e3o 3<br \/>\n<\/strong>&#8220;Item 10. Cronograma<br \/>\nOnde se l\u00ea:<br \/>\nData limite para entrega dos materiais de consumo, bens adquiridos, servi\u00e7os e pagamento de fornecedores: 31 de outubro de 2024<strong><br \/>\n<\/strong>Leia-se:<br \/>\nData limite para entrega dos materiais de consumo, bens adquiridos, servi\u00e7os e pagamento de fornecedores: <strong>30 de novembro de 2024<\/strong>.&#8221;<\/p>\n<p><strong>Retifica\u00e7\u00e3o 2<br \/>\n<\/strong>&#8220;Item 10. Cronograma<br \/>\nOnde se l\u00ea:<br \/>\nCadastro dos pedidos de compras pelo(a) coordenador(a): 21 de maio a 14 de julho de 2024<strong><br \/>\n<\/strong>Leia-se:<br \/>\nCadastro dos pedidos de compras pelo(a) coordenador(a):<strong> 21 de maio a 15 de agosto de 2024.&#8221;<\/strong><\/p>\n<p><strong>Retifica\u00e7\u00e3o 1<br \/>\n<\/strong>&#8220;Item 10. Cronograma<br \/>\nOnde se l\u00ea:<br \/>\nDivulga\u00e7\u00e3o do resultado preliminar: 23 de abril de 2024<br \/>\nInterposi\u00e7\u00e3o de recursos: 23 de abril a 02 de maio de 2024<br \/>\nDivulga\u00e7\u00e3o do resultado final: 10 de maio de 2024<br \/>\nCadastro dos pedidos de compras pelo(a) coordenador(a): 20 de maio a 12 de julho de 2024<strong><br \/>\n<\/strong>Leia-se:<br \/>\nDivulga\u00e7\u00e3o do resultado preliminar: <strong>26 de abril de 2024<\/strong><br \/>\nInterposi\u00e7\u00e3o de recursos: <strong>26 de abril a 05 de maio de 2024<\/strong><br \/>\nDivulga\u00e7\u00e3o do resultado final: <strong>14 de maio de 2024<\/strong><br \/>\nCadastro dos pedidos de compras pelo(a) coordenador(a): <strong>21 de maio a 14 de julho de 2024.&#8221;<\/strong><\/p>\n<p><a href=\"https:\/\/www.ufmg.br\/proex\/wp-content\/uploads\/2024\/05\/Resultado-FINAL_Edital-Integrado-PROEX_052024.pdf\" target=\"_blank\" rel=\"noopener\">Confira o resultado final<\/a>\u00a0(10\/05\/2024)<br \/>\n<a href=\"https:\/\/www.ufmg.br\/proex\/wp-content\/uploads\/2024\/04\/Resultado-Preliminar_Edital-Integrado-PROEX_052024.pdf\" target=\"_blank\" rel=\"noopener\">Resultado preliminar<\/a> (26\/04\/2024)<br \/>\n<a href=\"https:\/\/www.ufmg.br\/proex\/wp-content\/uploads\/2024\/04\/Edital-Proex-05.2024_Retificacao-do-cronograma.pdf\" target=\"_blank\" rel=\"noopener\">Retifica\u00e7\u00e3o do cronograma<\/a> (23\/04\/2024)<\/p>\n<p><strong>Sobre o edital<\/strong><\/p>\n<p>O <a href=\"https:\/\/www.ufmg.br\/proex\/wp-content\/uploads\/2024\/02\/Edital-PROEX-05.2024.docx.pdf\" target=\"_blank\" rel=\"noopener\">Edital Integrado<\/a> foi lan\u00e7ado em 26 de fevereiro de 2024 pela Pr\u00f3-reitoria de Extens\u00e3o (Proex). <a href=\"https:\/\/www.ufmg.br\/proex\/wp-content\/uploads\/2024\/03\/ANEXOS_Edital-PROEX-05.2024.docx\" target=\"_blank\" rel=\"noopener\">Acesse aqui\u00a0<\/a>os anexos do edital, em formato edit\u00e1vel.<\/p>\n<p>A iniciativa financiar\u00e1 programas, projetos e cursos de extens\u00e3o para a aquisi\u00e7\u00e3o de material de consumo, material permanente e contrata\u00e7\u00e3o de servi\u00e7os de terceiros.<\/p>\n<p>O objetivo principal \u00e9 apoiar a realiza\u00e7\u00e3o de produtos relacionados \u00e0 educa\u00e7\u00e3o b\u00e1sica e profissional p\u00fablica e atividades das \u00e1reas de direitos humanos e meio ambiente que incorporem perspectivas sociais, culturais, hist\u00f3ricas, econ\u00f4micas e\/ou pol\u00edticas. S\u00e3o aceitas, tamb\u00e9m, propostas de outras \u00e1reas.<\/p>\n<p>Os recursos pleiteados podem chegar a 100 mil reais, a depender da modalidade (se programa, projeto ou curso de extens\u00e3o) e rubricas (material permanente ou material de consumo e servi\u00e7os de terceiros).<\/p>\n<p><strong>Submiss\u00f5es<\/strong><\/p>\n<p>As submiss\u00f5es foram analisadas e julgadas pela C\u00e2mara de Extens\u00e3o, levando-se em conta, principalmente, propostas que preveem a realiza\u00e7\u00e3o de produtos com foco na educa\u00e7\u00e3o b\u00e1sica e profissional p\u00fablica e atividades das \u00e1reas tem\u00e1ticas de direitos humanos e de meio ambiente.<\/p>\n<p>Foram priorizadas a\u00e7\u00f5es que apresentem abrang\u00eancia nos munic\u00edpios da Regi\u00e3o Metropolitana de Belo Horizonte ou do interior de Minas Gerais, em sintonia com a pol\u00edtica de interioriza\u00e7\u00e3o da extens\u00e3o da Pr\u00f3-reitoria de Extens\u00e3o.<\/p>\n<p>D\u00favidas podem ser esclarecidas pelo e-mail\u00a0<a href=\"mailto:fomento@proex.ufmg.br\" target=\"_blank\" rel=\"noopener\">fomento@proex.ufmg.br<\/a>\u00a0ou telefone (31) 3409-3928 ou 3409-4637.<\/p>\n","protected":false},"excerpt":{"rendered":"<p>Prezado(a) Coordenador(a), De acordo com o item 8.1.7 do edital [&hellip;]<\/p>\n","protected":false},"author":2,"featured_media":0,"parent":0,"menu_order":0,"comment_status":"closed","ping_status":"closed","template":"","meta":[],"tags":[],"_links":{"self":[{"href":"https:\/\/www.ufmg.br\/proex\/wp-json\/wp\/v2\/pages\/11777"}],"collection":[{"href":"https:\/\/www.ufmg.br\/proex\/wp-json\/wp\/v2\/pages"}],"about":[{"href":"https:\/\/www.ufmg.br\/proex\/wp-json\/wp\/v2\/types\/page"}],"author":[{"embeddable":true,"href":"https:\/\/www.ufmg.br\/proex\/wp-json\/wp\/v2\/users\/2"}],"replies":[{"embeddable":true,"href":"https:\/\/www.ufmg.br\/proex\/wp-json\/wp\/v2\/comments?post=11777"}],"version-history":[{"count":106,"href":"https:\/\/www.ufmg.br\/proex\/wp-json\/wp\/v2\/pages\/11777\/revisions"}],"predecessor-version":[{"id":16795,"href":"https:\/\/www.ufmg.br\/proex\/wp-json\/wp\/v2\/pages\/11777\/revisions\/16795"}],"wp:attachment":[{"href":"https:\/\/www.ufmg.br\/proex\/wp-json\/wp\/v2\/media?parent=11777"}],"wp:term":[{"taxonomy":"post_tag","embeddable":true,"href":"https:\/\/www.ufmg.br\/proex\/wp-json\/wp\/v2\/tags?post=11777"}],"curies":[{"name":"wp","href":"https:\/\/api.w.org\/{rel}","templated":true}]}}