{"id":12077,"date":"2024-03-12T12:45:59","date_gmt":"2024-03-12T15:45:59","guid":{"rendered":"https:\/\/www.ufmg.br\/proex\/?page_id=12077"},"modified":"2024-03-12T12:52:23","modified_gmt":"2024-03-12T15:52:23","slug":"a-cartografia-historica-ao-alcance-de-todos","status":"publish","type":"page","link":"https:\/\/www.ufmg.br\/proex\/a-cartografia-historica-ao-alcance-de-todos\/","title":{"rendered":"A Cartografia Hist\u00f3rica ao Alcance de Todos"},"content":{"rendered":"<p>Est\u00e3o abertas, <strong>at\u00e9 22 de mar\u00e7o de 2024, \u00e0s 15h,<\/strong> as inscri\u00e7\u00f5es de candidatos (as) a 01 (uma) bolsa de extens\u00e3o para o projeto <a href=\"https:\/\/sistemas.ufmg.br\/siex\/VerIdentificacao.do?id=93061&amp;tipo=Projeto\" target=\"_blank\" rel=\"noopener\">A Cartografia Hist\u00f3rica ao Alcance de Todos,<\/a> do Centro de Refer\u00eancia em Cartografia Hist\u00f3rica (CRCH\/UFMG).<\/p>\n<p>Podem concorrer \u00e0 bolsa alunos (as) da UFMG regularmente matriculados (as) nos cursos de gradua\u00e7\u00e3o em Geografia, Hist\u00f3ria e Museologia que estejam cursando do 2\u00ba ao 8\u00ba per\u00edodo.<\/p>\n<p>O estudante deve se identificar com as seguintes compet\u00eancias: facilidade de falar ao p\u00fablico (crian\u00e7a, adolescente, adulto e idoso) e facilidade para a cria\u00e7\u00e3o de material did\u00e1tico-pedag\u00f3gico e desenvolvimento de estrat\u00e9gias de media\u00e7\u00e3o. \u00c9 necess\u00e1rio disponibilidade de 12 (doze) horas semanais, incluindo alguns finais de semana.<\/p>\n<p>A bolsa ter\u00e1 a vig\u00eancia de 12 (doze) meses, a partir de mar\u00e7o de 2024.<\/p>\n<p><strong>Inscri\u00e7\u00f5es<br \/>\n<\/strong>A inscri\u00e7\u00e3o \u00e9 realizada exclusivamente pelo e-mail <a href=\"mailto:crch@ufmg.br\" target=\"_blank\" rel=\"noopener\">crch@ufmg.br<\/a> (com c\u00f3pia para <a href=\"mailto:ag.costa@uol.com.br\" target=\"_blank\" rel=\"noopener\">ag.costa@uol.com.br<\/a>). No campo <em>assunto<\/em>, o (a) candidato deve informar seu nome, seguido de \u201cSele\u00e7\u00e3o de Bolsa CRCH\u201d. Os documentos s\u00e3o:<br \/>\n\u2013 Hist\u00f3rico Escolar da Gradua\u00e7\u00e3o (PDF);<br \/>\n\u2013 Curriculum vitae (PDF);<br \/>\n\u2013 Texto de 1 lauda, no m\u00e1ximo, com a exposi\u00e7\u00e3o de motivos referente ao interesse do (a) candidato (a) em participar do projeto de extens\u00e3o (PDF).<strong><br \/>\n<\/strong><\/p>\n<p>Outras informa\u00e7\u00f5es est\u00e3o no <a href=\"https:\/\/www.ufmg.br\/proex\/wp-content\/uploads\/2024\/03\/2o-CRCH-EDITAL-SELECAO-DE-BOLSISTA-DE-EXTENSAO-Edital-2024.pdf\" target=\"_blank\" rel=\"noopener\">edital de sele\u00e7\u00e3o.<\/a><\/p>\n<p>&nbsp;<\/p>\n<p>&nbsp;<\/p>\n","protected":false},"excerpt":{"rendered":"<p>Est\u00e3o abertas, at\u00e9 22 de mar\u00e7o de 2024, \u00e0s 15h, [&hellip;]<\/p>\n","protected":false},"author":2,"featured_media":0,"parent":0,"menu_order":0,"comment_status":"closed","ping_status":"closed","template":"","meta":[],"tags":[191,833,23],"_links":{"self":[{"href":"https:\/\/www.ufmg.br\/proex\/wp-json\/wp\/v2\/pages\/12077"}],"collection":[{"href":"https:\/\/www.ufmg.br\/proex\/wp-json\/wp\/v2\/pages"}],"about":[{"href":"https:\/\/www.ufmg.br\/proex\/wp-json\/wp\/v2\/types\/page"}],"author":[{"embeddable":true,"href":"https:\/\/www.ufmg.br\/proex\/wp-json\/wp\/v2\/users\/2"}],"replies":[{"embeddable":true,"href":"https:\/\/www.ufmg.br\/proex\/wp-json\/wp\/v2\/comments?post=12077"}],"version-history":[{"count":16,"href":"https:\/\/www.ufmg.br\/proex\/wp-json\/wp\/v2\/pages\/12077\/revisions"}],"predecessor-version":[{"id":12096,"href":"https:\/\/www.ufmg.br\/proex\/wp-json\/wp\/v2\/pages\/12077\/revisions\/12096"}],"wp:attachment":[{"href":"https:\/\/www.ufmg.br\/proex\/wp-json\/wp\/v2\/media?parent=12077"}],"wp:term":[{"taxonomy":"post_tag","embeddable":true,"href":"https:\/\/www.ufmg.br\/proex\/wp-json\/wp\/v2\/tags?post=12077"}],"curies":[{"name":"wp","href":"https:\/\/api.w.org\/{rel}","templated":true}]}}