{"id":12329,"date":"2024-04-19T14:29:19","date_gmt":"2024-04-19T17:29:19","guid":{"rendered":"https:\/\/www.ufmg.br\/proex\/?page_id=12329"},"modified":"2024-04-19T14:32:22","modified_gmt":"2024-04-19T17:32:22","slug":"centro-de-memoria-da-educacao-fisica-do-esporte-e-do-lazer","status":"publish","type":"page","link":"https:\/\/www.ufmg.br\/proex\/centro-de-memoria-da-educacao-fisica-do-esporte-e-do-lazer\/","title":{"rendered":"Centro de Mem\u00f3ria da Educa\u00e7\u00e3o F\u00edsica, do Esporte e do Lazer"},"content":{"rendered":"<p>O projeto <em>Partilhando mem\u00f3rias: recep\u00e7\u00e3o, organiza\u00e7\u00e3o e disponibiliza\u00e7\u00e3o dos acervos do CEMEF\/UFMG,<\/em> do Centro de Mem\u00f3ria da Educa\u00e7\u00e3o F\u00edsica, do Esporte e do Lazer, recebe inscri\u00e7\u00f5es para duas oportunidades (2 vagas) de bolsas de extens\u00e3o.<\/p>\n<p>Podem se inscrever alunos (as) da UFMG a partir do 2\u00ba per\u00edodo dos cursos de gradua\u00e7\u00e3o em Educa\u00e7\u00e3o F\u00edsica, Museologia ou Design Gr\u00e1fico.<\/p>\n<p>As inscri\u00e7\u00f5es v\u00e3o <strong>at\u00e9 o dia 26 de abril de 2024, \u00e0s 16 horas.<\/strong><\/p>\n<p>Entre as atribui\u00e7\u00f5es do (a) bolsista, est\u00e3o o desenvolvimento de atividades de organiza\u00e7\u00e3o de acervos e de recep\u00e7\u00e3o de consulentes e visitante ao Cemef.<\/p>\n<p>O (a) interessado (a) dever\u00e1 se inscrever por meio do e-mail <a href=\"mailto:cemefufmg@gmail.com\" target=\"_blank\" rel=\"noopener\">cemefufmg@gmail.com<\/a>, enviando, em anexo, os seguintes documentos:<br \/>\n&#8211; Carteira de Identidade, CPF, Declara\u00e7\u00e3o de matr\u00edcula e Hist\u00f3rico Escolar da gradua\u00e7\u00e3o em curso (\u00fanico arquivo PDF);<br \/>\n&#8211; Curr\u00edculo, Lattes ou Vitae e Carta de inten\u00e7\u00f5es (arquivos separados).<\/p>\n<p>Consulte as demais informa\u00e7\u00f5es no <a href=\"https:\/\/www.ufmg.br\/proex\/wp-content\/uploads\/2024\/04\/CEMEF_EDITAL_DE_EXTENSAO_assinado.pdf\" target=\"_blank\" rel=\"noopener\">edital de sele\u00e7\u00e3o.<\/a><\/p>\n<p>&nbsp;<\/p>\n<p>&nbsp;<\/p>\n","protected":false},"excerpt":{"rendered":"<p>O projeto Partilhando mem\u00f3rias: recep\u00e7\u00e3o, organiza\u00e7\u00e3o e disponibiliza\u00e7\u00e3o dos acervos [&hellip;]<\/p>\n","protected":false},"author":2,"featured_media":0,"parent":0,"menu_order":0,"comment_status":"closed","ping_status":"closed","template":"","meta":[],"tags":[191,849,23,29],"_links":{"self":[{"href":"https:\/\/www.ufmg.br\/proex\/wp-json\/wp\/v2\/pages\/12329"}],"collection":[{"href":"https:\/\/www.ufmg.br\/proex\/wp-json\/wp\/v2\/pages"}],"about":[{"href":"https:\/\/www.ufmg.br\/proex\/wp-json\/wp\/v2\/types\/page"}],"author":[{"embeddable":true,"href":"https:\/\/www.ufmg.br\/proex\/wp-json\/wp\/v2\/users\/2"}],"replies":[{"embeddable":true,"href":"https:\/\/www.ufmg.br\/proex\/wp-json\/wp\/v2\/comments?post=12329"}],"version-history":[{"count":10,"href":"https:\/\/www.ufmg.br\/proex\/wp-json\/wp\/v2\/pages\/12329\/revisions"}],"predecessor-version":[{"id":12341,"href":"https:\/\/www.ufmg.br\/proex\/wp-json\/wp\/v2\/pages\/12329\/revisions\/12341"}],"wp:attachment":[{"href":"https:\/\/www.ufmg.br\/proex\/wp-json\/wp\/v2\/media?parent=12329"}],"wp:term":[{"taxonomy":"post_tag","embeddable":true,"href":"https:\/\/www.ufmg.br\/proex\/wp-json\/wp\/v2\/tags?post=12329"}],"curies":[{"name":"wp","href":"https:\/\/api.w.org\/{rel}","templated":true}]}}