{"id":12855,"date":"2024-06-25T10:17:35","date_gmt":"2024-06-25T13:17:35","guid":{"rendered":"https:\/\/www.ufmg.br\/proex\/?page_id=12855"},"modified":"2026-03-11T10:57:18","modified_gmt":"2026-03-11T13:57:18","slug":"projeto-lili-literatura-livre","status":"publish","type":"page","link":"https:\/\/www.ufmg.br\/proex\/projeto-lili-literatura-livre\/","title":{"rendered":"Projeto LiLi &#8211; Literatura Livre"},"content":{"rendered":"<p>Est\u00e3o abertas,<strong> at\u00e9 16 de mar\u00e7o de 2026,<\/strong> as inscri\u00e7\u00f5es para bolsista (1 vaga) do <em>Projeto LiLi &#8211; Literatura Livre<\/em>, vinculado \u00e0 Faculdade de Ci\u00eancias Econ\u00f4micas (Face) da UFMG.<\/p>\n<p>Podem participar e se inscrever no processo seletivo estudantes de qualquer curso de gradua\u00e7\u00e3o da UFMG.<\/p>\n<p>Os(as) interessados devem:<br \/>\n&#8211; Ter disponibilidade para dedica\u00e7\u00e3o de 20 horas semanais \u00e0s atividades<br \/>\n&#8211; N\u00e3o ser benefici\u00e1rio de qualquer outra bolsa acad\u00eamica paga pela UFMG ou por fontes oficiais<\/p>\n<p>O(a) candidato (a) precisa preencher <a href=\"https:\/\/docs.google.com\/forms\/d\/e\/1FAIpQLScHsGGBq2jc6WZ0_Gh9lEOeLpXf5LvC0YwLXB5veu265NpV9w\/viewform\" target=\"_blank\" rel=\"noopener\">formul\u00e1rio de inscri\u00e7\u00e3o<\/a>.<\/p>\n<p><strong>Valor da bolsa:<\/strong> R$700,00\/mensal<\/p>\n<div><b>Requisitos gerais<\/b><\/div>\n<div>&#8211; Gostar de ler e de literatura;<br \/>\n&#8211; Ter afinidade com a tem\u00e1tica prisional e direitos humanos;<br \/>\n&#8211; Ter disponibilidade para participar presencialmente do grupo de leitura na unidade prisional (quinta-feira \u00e0 tarde, 1 vez por m\u00eas)<\/div>\n<div>&#8211; Ter disponibilidade para participar das reuni\u00f5es internas (quinta-feira \u00e0 tarde, 1 vez por m\u00eas)<\/div>\n<div>\n<p>&#8211; Ter disponibilidade para participar do grupo de estudos interno\u00a0(quinta-feira \u00e0 tarde, 1 vez por m\u00eas)<\/p>\n<\/div>\n<div><\/div>\n<div><strong>Sobre o projeto<\/strong><\/div>\n<div>\n<p>A iniciativa consiste em um grupo de leitura para discuss\u00f5es de livros de autoria feminina em unidades prisionais femininas, visando \u00e0 promo\u00e7\u00e3o do direito \u00e0 leitura, \u00e0 forma\u00e7\u00e3o de novas leitoras e de mediadoras e \u00e0 a\u00e7\u00e3o socioeducativa para remi\u00e7\u00e3o de pena.<\/p>\n<\/div>\n<div>\n<div>\n<div>\n<p>D\u00favidas podem ser esclarecidas pelo <a href=\"https:\/\/www.instagram.com\/lili.literaturalivre\/\" target=\"_blank\" rel=\"noopener\">Instagram<\/a> do projeto ou e-mail <a href=\"mailto:clubedeleitura.remicao@gmail.com\" target=\"_blank\" rel=\"noopener\">clubedeleitura.remicao@gmail.com<\/a><\/p>\n<p>&nbsp;<\/p>\n<\/div>\n<\/div>\n<\/div>\n<p>&nbsp;<\/p>\n","protected":false},"excerpt":{"rendered":"<p>Est\u00e3o abertas, at\u00e9 16 de mar\u00e7o de 2026, as inscri\u00e7\u00f5es [&hellip;]<\/p>\n","protected":false},"author":2,"featured_media":0,"parent":0,"menu_order":0,"comment_status":"closed","ping_status":"closed","template":"","meta":[],"tags":[191,23,853],"_links":{"self":[{"href":"https:\/\/www.ufmg.br\/proex\/wp-json\/wp\/v2\/pages\/12855"}],"collection":[{"href":"https:\/\/www.ufmg.br\/proex\/wp-json\/wp\/v2\/pages"}],"about":[{"href":"https:\/\/www.ufmg.br\/proex\/wp-json\/wp\/v2\/types\/page"}],"author":[{"embeddable":true,"href":"https:\/\/www.ufmg.br\/proex\/wp-json\/wp\/v2\/users\/2"}],"replies":[{"embeddable":true,"href":"https:\/\/www.ufmg.br\/proex\/wp-json\/wp\/v2\/comments?post=12855"}],"version-history":[{"count":28,"href":"https:\/\/www.ufmg.br\/proex\/wp-json\/wp\/v2\/pages\/12855\/revisions"}],"predecessor-version":[{"id":17316,"href":"https:\/\/www.ufmg.br\/proex\/wp-json\/wp\/v2\/pages\/12855\/revisions\/17316"}],"wp:attachment":[{"href":"https:\/\/www.ufmg.br\/proex\/wp-json\/wp\/v2\/media?parent=12855"}],"wp:term":[{"taxonomy":"post_tag","embeddable":true,"href":"https:\/\/www.ufmg.br\/proex\/wp-json\/wp\/v2\/tags?post=12855"}],"curies":[{"name":"wp","href":"https:\/\/api.w.org\/{rel}","templated":true}]}}