{"id":12903,"date":"2024-07-04T11:55:56","date_gmt":"2024-07-04T14:55:56","guid":{"rendered":"https:\/\/www.ufmg.br\/proex\/?page_id=12903"},"modified":"2025-08-05T12:20:17","modified_gmt":"2025-08-05T15:20:17","slug":"proto","status":"publish","type":"page","link":"https:\/\/www.ufmg.br\/proex\/proto\/","title":{"rendered":"PROTO"},"content":{"rendered":"<p>O projeto PROTO (PROTOtipando lugares com crian\u00e7as), da Escola de Arquitetura da UFMG, est\u00e1 com inscri\u00e7\u00f5es abertas, <strong>at\u00e9 14 de agosto de 2025,<\/strong> para uma oportunidade de bolsa de extens\u00e3o (modalidade Pbext).<\/p>\n<p>Podem se candidatar alunos (a) de gradua\u00e7\u00e3o da UFMG que estejam cursando do terceiro ao s\u00e9timo per\u00edodo no segundo semestre de 2025.<\/p>\n<p>\u00c9 necess\u00e1rio disponibilidade de dedica\u00e7\u00e3o de 20 horas semanais.<\/p>\n<p><strong>Valor da bolsa<\/strong>: 700\/mensal<br \/>\n<strong>Vig\u00eancia<\/strong>: agosto de 2025 a julho de 2026<\/p>\n<p>As inscri\u00e7\u00f5es s\u00e3o realizadas por meio do envio da seguinte documenta\u00e7\u00e3o para o e-mail <a href=\"mailto:protoufmg@gmail.com\" target=\"_blank\" rel=\"noopener\">protoufmg@gmail.com<\/a>:<br \/>\n-Portif\u00f3lio<br \/>\n-Hist\u00f3rico escolar<\/p>\n<p>O processo de sele\u00e7\u00e3o consistir\u00e1 de avalia\u00e7\u00e3o da documenta\u00e7\u00e3o e entrevista (a ser confirmada por e-mail).<\/p>\n<p>O objetivo do projeto, coordenado pelas professoras Lucia Pimentel e Paula Barros, \u00e9 pensar, planejar, projetar, gerir, transformar e ocupar espa\u00e7os com as crian\u00e7as.<\/p>\n<p>Mais informa\u00e7\u00f5es podem ser obtidas pelo <a href=\"https:\/\/www.instagram.com\/protoufmg\/\" target=\"_blank\" rel=\"noopener\">Instagram<\/a>.<\/p>\n<p>&nbsp;<\/p>\n","protected":false},"excerpt":{"rendered":"<p>O projeto PROTO (PROTOtipando lugares com crian\u00e7as), da Escola de [&hellip;]<\/p>\n","protected":false},"author":2,"featured_media":0,"parent":0,"menu_order":0,"comment_status":"closed","ping_status":"closed","template":"","meta":[],"tags":[191,23,855],"_links":{"self":[{"href":"https:\/\/www.ufmg.br\/proex\/wp-json\/wp\/v2\/pages\/12903"}],"collection":[{"href":"https:\/\/www.ufmg.br\/proex\/wp-json\/wp\/v2\/pages"}],"about":[{"href":"https:\/\/www.ufmg.br\/proex\/wp-json\/wp\/v2\/types\/page"}],"author":[{"embeddable":true,"href":"https:\/\/www.ufmg.br\/proex\/wp-json\/wp\/v2\/users\/2"}],"replies":[{"embeddable":true,"href":"https:\/\/www.ufmg.br\/proex\/wp-json\/wp\/v2\/comments?post=12903"}],"version-history":[{"count":13,"href":"https:\/\/www.ufmg.br\/proex\/wp-json\/wp\/v2\/pages\/12903\/revisions"}],"predecessor-version":[{"id":16171,"href":"https:\/\/www.ufmg.br\/proex\/wp-json\/wp\/v2\/pages\/12903\/revisions\/16171"}],"wp:attachment":[{"href":"https:\/\/www.ufmg.br\/proex\/wp-json\/wp\/v2\/media?parent=12903"}],"wp:term":[{"taxonomy":"post_tag","embeddable":true,"href":"https:\/\/www.ufmg.br\/proex\/wp-json\/wp\/v2\/tags?post=12903"}],"curies":[{"name":"wp","href":"https:\/\/api.w.org\/{rel}","templated":true}]}}