{"id":1304,"date":"2021-06-11T16:51:07","date_gmt":"2021-06-11T19:51:07","guid":{"rendered":"https:\/\/www.ufmg.br\/proex\/?page_id=1304"},"modified":"2021-12-02T09:03:55","modified_gmt":"2021-12-02T12:03:55","slug":"cursos-preparatorios","status":"publish","type":"page","link":"https:\/\/www.ufmg.br\/proex\/cursos-preparatorios\/","title":{"rendered":"Cursos Preparat\u00f3rios"},"content":{"rendered":"<p>A Pr\u00f3-Reitoria de Extens\u00e3o publicou, em 27 de julho de 2021, o\u00a0<a href=\"https:\/\/www.ufmg.br\/proex\/wp-content\/uploads\/2021\/12\/Edital-PROEX-no-13-2021-RESULTADO-FINAL.pdf\" target=\"_blank\" rel=\"noopener\">Resultado Final<\/a>\u00a0do edital de fomento \u00e0 infraestrutura dos cursos populares e comunit\u00e1rios da UFMG, que preparam para o ingresso \u00e0 gradua\u00e7\u00e3o e \u00e0 p\u00f3s-gradua\u00e7\u00e3o.<\/p>\n<p>De acordo com o documento, cinco propostas foram contempladas com apoio financeiro para o desenvolvimento de atividades exclusivas dos cursinhos, ratificando\u00a0<a href=\"https:\/\/www.ufmg.br\/proex\/wp-content\/uploads\/2021\/12\/Edital-PROEX-no-13-2021-RESULTADO-PRELIMINAR.pdf\" target=\"_blank\" rel=\"noopener\">Resultado Preliminar <\/a>publicado no dia 9 de julho de 2021.<\/p>\n<p>O apoio se refere ao<strong>\u00a0<\/strong><a href=\"https:\/\/www.ufmg.br\/proex\/wp-content\/uploads\/2021\/12\/Edital-PROEX-no-13-2021-Atividades-de-extensao-no-ambito-dos-cursos-preparatorios.pdf\" target=\"_blank\" rel=\"noopener\">Edital 13\/2021,<\/a>\u00a0que teve por objeto auxiliar o desenvolvimento dos cursinhos por meio do financiamento da compra de bens permanentes e softwares.<\/p>\n<p>As inscri\u00e7\u00f5es terminaram no dia 30 de junho de 2021, pelo\u00a0<a href=\"https:\/\/aplicativos.ufmg.br\/proex\/fomento\/usuarios\/login\" target=\"_blank\" rel=\"noopener\">Sistema de Fomento da Proex<\/a>.<\/p>\n<p>Os proponentes foram servidores docentes ou t\u00e9cnico-administrativos em efetivo exerc\u00edcio na UFMG, que sejam coordenadores da proposta no\u00a0<a href=\"https:\/\/sistemas.ufmg.br\/siex\/Principal.do\" target=\"_blank\" rel=\"noopener\">Sistema de Informa\u00e7\u00e3o da Extens\u00e3o (Siex).<\/a><\/p>\n<p>Cada proposta p\u00f4de solicitar recursos de at\u00e9 10 mil reais. Computador, notebook, impressora, microsc\u00f3pio, filmadora est\u00e3o entre os itens financi\u00e1veis.<\/p>\n<p>Os interessados apresentaram apenas uma proposta de programa, de projeto ou de curso, a qual deve atender aos requisitos do edital e \u00e0 documenta\u00e7\u00e3o descrita nos Anexos, como o\u00a0<a href=\"https:\/\/www.ufmg.br\/proex\/wp-content\/uploads\/2021\/12\/Anexo-II-do-Edital-PROEX-no-13-2021.docx\" target=\"_blank\" rel=\"noopener\">Plano de Aplica\u00e7\u00e3o de Recursos (Vers\u00e3o para preenchimento).<\/a><\/p>\n<p>A an\u00e1lise e julgamento s\u00e3o feitos pela C\u00e2mara de Extens\u00e3o da UFMG.<\/p>\n<p>Em caso de d\u00favidas, fale conosco pelo e-mail fomento@proex.ufmg.br ou telefone 3409-3928<\/p>\n<p>&nbsp;<\/p>\n<p>&nbsp;<\/p>\n<p>&nbsp;<\/p>\n<p>&nbsp;<\/p>\n<p>&nbsp;<\/p>\n","protected":false},"excerpt":{"rendered":"<p>A Pr\u00f3-Reitoria de Extens\u00e3o publicou, em 27 de julho de [&hellip;]<\/p>\n","protected":false},"author":2,"featured_media":0,"parent":0,"menu_order":0,"comment_status":"closed","ping_status":"closed","template":"","meta":[],"tags":[49,51,499,501,23,25,337,29,4],"_links":{"self":[{"href":"https:\/\/www.ufmg.br\/proex\/wp-json\/wp\/v2\/pages\/1304"}],"collection":[{"href":"https:\/\/www.ufmg.br\/proex\/wp-json\/wp\/v2\/pages"}],"about":[{"href":"https:\/\/www.ufmg.br\/proex\/wp-json\/wp\/v2\/types\/page"}],"author":[{"embeddable":true,"href":"https:\/\/www.ufmg.br\/proex\/wp-json\/wp\/v2\/users\/2"}],"replies":[{"embeddable":true,"href":"https:\/\/www.ufmg.br\/proex\/wp-json\/wp\/v2\/comments?post=1304"}],"version-history":[{"count":8,"href":"https:\/\/www.ufmg.br\/proex\/wp-json\/wp\/v2\/pages\/1304\/revisions"}],"predecessor-version":[{"id":3626,"href":"https:\/\/www.ufmg.br\/proex\/wp-json\/wp\/v2\/pages\/1304\/revisions\/3626"}],"wp:attachment":[{"href":"https:\/\/www.ufmg.br\/proex\/wp-json\/wp\/v2\/media?parent=1304"}],"wp:term":[{"taxonomy":"post_tag","embeddable":true,"href":"https:\/\/www.ufmg.br\/proex\/wp-json\/wp\/v2\/tags?post=1304"}],"curies":[{"name":"wp","href":"https:\/\/api.w.org\/{rel}","templated":true}]}}

Cursos Preparatórios

<p>A Pró-Reitoria de Extensão publicou, em 27 de julho de 2021, o <a href="https://www.ufmg.br/proex/wp-content/uploads/2021/12/Edital-PROEX-no-13-2021-RESULTADO-FINAL.pdf" target="_blank" rel="noopener">Resultado Final</a> do edital de fomento à infraestrutura dos cursos populares e comunitários da UFMG, que preparam para o ingresso à graduação e à pós-graduação.</p>
<p>De acordo com o documento, cinco propostas foram contempladas com apoio financeiro para o desenvolvimento de atividades exclusivas dos cursinhos, ratificando <a href="https://www.ufmg.br/proex/wp-content/uploads/2021/12/Edital-PROEX-no-13-2021-RESULTADO-PRELIMINAR.pdf" target="_blank" rel="noopener">Resultado Preliminar </a>publicado no dia 9 de julho de 2021.</p>
<p>O apoio se refere ao<strong> </strong><a href="https://www.ufmg.br/proex/wp-content/uploads/2021/12/Edital-PROEX-no-13-2021-Atividades-de-extensao-no-ambito-dos-cursos-preparatorios.pdf" target="_blank" rel="noopener">Edital 13/2021,</a> que teve por objeto auxiliar o desenvolvimento dos cursinhos por meio do financiamento da compra de bens permanentes e softwares.</p>
<p>As inscrições terminaram no dia 30 de junho de 2021, pelo <a href="https://aplicativos.ufmg.br/proex/fomento/usuarios/login" target="_blank" rel="noopener">Sistema de Fomento da Proex</a>.</p>
<p>Os proponentes foram servidores docentes ou técnico-administrativos em efetivo exercício na UFMG, que sejam coordenadores da proposta no <a href="https://sistemas.ufmg.br/siex/Principal.do" target="_blank" rel="noopener">Sistema de Informação da Extensão (Siex).</a></p>
<p>Cada proposta pôde solicitar recursos de até 10 mil reais. Computador, notebook, impressora, microscópio, filmadora estão entre os itens financiáveis.</p>
<p>Os interessados apresentaram apenas uma proposta de programa, de projeto ou de curso, a qual deve atender aos requisitos do edital e à documentação descrita nos Anexos, como o <a href="https://www.ufmg.br/proex/wp-content/uploads/2021/12/Anexo-II-do-Edital-PROEX-no-13-2021.docx" target="_blank" rel="noopener">Plano de Aplicação de Recursos (Versão para preenchimento).</a></p>
<p>A análise e julgamento são feitos pela Câmara de Extensão da UFMG.</p>
<p>Em caso de dúvidas, fale conosco pelo e-mail fomento@proex.ufmg.br ou telefone 3409-3928</p>
<p>&nbsp;</p>
<p>&nbsp;</p>
<p>&nbsp;</p>
<p>&nbsp;</p>
<p>&nbsp;</p>

<p>A Pró-Reitoria de Extensão publicou, em 27 de julho de [&hellip;]</p>
