{"id":13147,"date":"2024-07-17T09:49:41","date_gmt":"2024-07-17T12:49:41","guid":{"rendered":"https:\/\/www.ufmg.br\/proex\/?page_id=13147"},"modified":"2024-07-17T12:05:04","modified_gmt":"2024-07-17T15:05:04","slug":"clube-de-ciencias-trem-bao","status":"publish","type":"page","link":"https:\/\/www.ufmg.br\/proex\/clube-de-ciencias-trem-bao\/","title":{"rendered":"Clube de Ci\u00eancias Trem B\u00e3o"},"content":{"rendered":"<p>O projeto de extens\u00e3o <a href=\"https:\/\/sistemas.ufmg.br\/siex\/VerIdentificacao.do?id=96991&amp;tipo=Projeto\" target=\"_blank\" rel=\"noopener\">Clube de Ci\u00eancias Trem B\u00e3o<\/a>, vinculado ao Departamento de M\u00e9todos e T\u00e9cnicas de Ensino, da Faculdade de Educa\u00e7\u00e3o (FaE), est\u00e1 com inscri\u00e7\u00f5es abertas para duas oportunidades (2 vagas) de bolsa para estudantes de qualquer curso de gradua\u00e7\u00e3o da UFMG.<\/p>\n<p>Inscri\u00e7\u00f5es <strong>at\u00e9 22 de julho de 2024.<\/strong><\/p>\n<p>Para se inscrever, o (a) candidato (a) dever\u00e1 redigir um texto contendo uma exposi\u00e7\u00e3o dos motivos para a participa\u00e7\u00e3o no projeto e enviar para o e-mail <a href=\"mailto:silvafc2015@gmail.com\" target=\"_blank\" rel=\"noopener\">silvafc2015@gmail.com<\/a><\/p>\n<p>Pr\u00e9-requisitos:<\/p>\n<p>Exclusivamente para estudantes m\u00e3es com crian\u00e7a em idade escolar, estudantes travestis e transexuais, estudantes com defici\u00eancia, estudantes ind\u00edgenas e quilombolas, estudantes que ingressaram na UFMG pelo sistema de cotas e\/ou classificados socioeconomicamente no n\u00edvel I, II ou III pela FUMP.<\/p>\n<p>Ter disponibilidade para participar em encontros na Escola Estadual Presidente Tancredo Neves na Rua Furquim Werneck, 313 &#8211; Bairro Tupi &#8211; Belo Horizonte.<\/p>\n<p>Ter interesse por atividades de clube de ci\u00eancias.<\/p>\n<p>\u00c9 desej\u00e1vel que o estudante tenha leituras sobre filosofia da ci\u00eancia.<\/p>\n<p>Vig\u00eancia: agosto de 2024 a julho de 2025<\/p>\n<p>Valor: R$700,00<\/p>\n<p>&nbsp;<\/p>\n<p>&nbsp;<\/p>\n","protected":false},"excerpt":{"rendered":"<p>O projeto de extens\u00e3o Clube de Ci\u00eancias Trem B\u00e3o, vinculado [&hellip;]<\/p>\n","protected":false},"author":2,"featured_media":0,"parent":0,"menu_order":0,"comment_status":"closed","ping_status":"closed","template":"","meta":[],"tags":[191,23,25,29],"_links":{"self":[{"href":"https:\/\/www.ufmg.br\/proex\/wp-json\/wp\/v2\/pages\/13147"}],"collection":[{"href":"https:\/\/www.ufmg.br\/proex\/wp-json\/wp\/v2\/pages"}],"about":[{"href":"https:\/\/www.ufmg.br\/proex\/wp-json\/wp\/v2\/types\/page"}],"author":[{"embeddable":true,"href":"https:\/\/www.ufmg.br\/proex\/wp-json\/wp\/v2\/users\/2"}],"replies":[{"embeddable":true,"href":"https:\/\/www.ufmg.br\/proex\/wp-json\/wp\/v2\/comments?post=13147"}],"version-history":[{"count":7,"href":"https:\/\/www.ufmg.br\/proex\/wp-json\/wp\/v2\/pages\/13147\/revisions"}],"predecessor-version":[{"id":13156,"href":"https:\/\/www.ufmg.br\/proex\/wp-json\/wp\/v2\/pages\/13147\/revisions\/13156"}],"wp:attachment":[{"href":"https:\/\/www.ufmg.br\/proex\/wp-json\/wp\/v2\/media?parent=13147"}],"wp:term":[{"taxonomy":"post_tag","embeddable":true,"href":"https:\/\/www.ufmg.br\/proex\/wp-json\/wp\/v2\/tags?post=13147"}],"curies":[{"name":"wp","href":"https:\/\/api.w.org\/{rel}","templated":true}]}}