{"id":1332,"date":"2021-02-02T18:04:09","date_gmt":"2021-02-02T21:04:09","guid":{"rendered":"https:\/\/www.ufmg.br\/proex\/?page_id=1332"},"modified":"2025-11-18T10:40:07","modified_gmt":"2025-11-18T13:40:07","slug":"formex","status":"publish","type":"page","link":"https:\/\/www.ufmg.br\/proex\/formex\/","title":{"rendered":"FORMEX &#8211; Edital 02\/2025"},"content":{"rendered":"<div>\n<p>Publicado <a href=\"https:\/\/www.ufmg.br\/proex\/wp-content\/uploads\/2025\/07\/Resultado-Final_Edital-02.2025.pdf\" target=\"_blank\" rel=\"noopener\">resultado final<\/a> do FORMEX (04\/07\/2025).<\/p>\n<p>Todas as propostas classificadas e contempladas receber\u00e3o uma bolsa PBEXT A\u00e7\u00e3o Afirmativa e uma bolsa FORMEX-PG.<\/p>\n<p>Confira tamb\u00e9m: <a href=\"https:\/\/www.ufmg.br\/proex\/wp-content\/uploads\/2025\/06\/Resultado-Preliminar_Formex_Edital-02.2025.pdf\" target=\"_blank\" rel=\"noopener\">resultado preliminar<\/a> (18\/06\/2025)<\/p>\n<p>O <a href=\"https:\/\/www.ufmg.br\/proex\/wp-content\/uploads\/2025\/05\/Edital-PROEX-no-02-2025-FORMACAO-EM-EXTENSAO_09.05.2025.pdf\" target=\"_blank\" rel=\"noopener\">edital 02\/2025<\/a> foi lan\u00e7ado, no dia 9 de maio, pela Pr\u00f3-reitoria de Extens\u00e3o.<\/p>\n<p><strong>Sobre o edital<\/strong><\/p>\n<\/div>\n<div>\n<p>O Formex (Fomento \u00e0 Forma\u00e7\u00e3o em Extens\u00e3o no \u00e2mbito da P\u00f3s-gradua\u00e7\u00e3o) \u00e9 uma iniciativa da Proex em parceria com a P\u00f3-reitoria de P\u00f3s-gradua\u00e7\u00e3o (PRPG) da UFMG.<\/p>\n<p>O objetivo \u00e9 apoiar a forma\u00e7\u00e3o em extens\u00e3o na p\u00f3s-gradua\u00e7\u00e3o por meio da concess\u00e3o de bolsas a discentes de gradua\u00e7\u00e3o e p\u00f3s-gradua\u00e7\u00e3o \u2013 n\u00edvel mestrado e doutorado \u2013 que participam de programas, projetos e cursos de extens\u00e3o.<\/p>\n<\/div>\n<p>Uma bolsa do Formex \u00e9 destinada a estudante de p\u00f3s-gradua\u00e7\u00e3o e, outra, para estudante de gradua\u00e7\u00e3o (PBEXT A\u00e7\u00e3o Afirmativa), que deve ser assistido pela UFMG (n\u00edveis I, II e III) ou ter ingressado pelo sistema de cotas.<\/p>\n<p><strong>Edi\u00e7\u00e3o de 2024<\/strong><\/p>\n<p><a href=\"https:\/\/www.ufmg.br\/proex\/wp-content\/uploads\/2024\/07\/Edital-PROEX-no-02-2024-FORMACAO-EM-EXTENSAO.pdf\" target=\"_blank\" rel=\"noopener\">Edital 02\/2024<\/a> (16\/07\/2024)<br \/>\n<a href=\"https:\/\/www.ufmg.br\/proex\/wp-content\/uploads\/2024\/08\/Resultado-Final_Edital-02.2024.pdf\" target=\"_blank\" rel=\"noopener\">Resultado final<\/a> (30\/08\/2024)<br \/>\n<a href=\"https:\/\/www.ufmg.br\/proex\/wp-content\/uploads\/2024\/08\/Resultado-Preliminar_Edital_Formex_-02.2024.pdf\" target=\"_blank\" rel=\"noopener\">Resultado preliminar<\/a> (14\/08\/2024)<\/p>\n<p>D\u00favidas podem ser esclarecidas pelo meio do e-mail <a href=\"mailto:fomento@proex.ufmg.br\" target=\"_blank\" rel=\"noopener\">fomento@proex.ufmg.br<\/a> ou telefone (31) 3409-4637\/3928.<\/p>\n","protected":false},"excerpt":{"rendered":"<p>Publicado resultado final do FORMEX (04\/07\/2025). Todas as propostas classificadas [&hellip;]<\/p>\n","protected":false},"author":2,"featured_media":0,"parent":0,"menu_order":0,"comment_status":"closed","ping_status":"closed","template":"","meta":[],"tags":[23,25,513,29],"_links":{"self":[{"href":"https:\/\/www.ufmg.br\/proex\/wp-json\/wp\/v2\/pages\/1332"}],"collection":[{"href":"https:\/\/www.ufmg.br\/proex\/wp-json\/wp\/v2\/pages"}],"about":[{"href":"https:\/\/www.ufmg.br\/proex\/wp-json\/wp\/v2\/types\/page"}],"author":[{"embeddable":true,"href":"https:\/\/www.ufmg.br\/proex\/wp-json\/wp\/v2\/users\/2"}],"replies":[{"embeddable":true,"href":"https:\/\/www.ufmg.br\/proex\/wp-json\/wp\/v2\/comments?post=1332"}],"version-history":[{"count":166,"href":"https:\/\/www.ufmg.br\/proex\/wp-json\/wp\/v2\/pages\/1332\/revisions"}],"predecessor-version":[{"id":16792,"href":"https:\/\/www.ufmg.br\/proex\/wp-json\/wp\/v2\/pages\/1332\/revisions\/16792"}],"wp:attachment":[{"href":"https:\/\/www.ufmg.br\/proex\/wp-json\/wp\/v2\/media?parent=1332"}],"wp:term":[{"taxonomy":"post_tag","embeddable":true,"href":"https:\/\/www.ufmg.br\/proex\/wp-json\/wp\/v2\/tags?post=1332"}],"curies":[{"name":"wp","href":"https:\/\/api.w.org\/{rel}","templated":true}]}}

<div>
<p>Publicado <a href="https://www.ufmg.br/proex/wp-content/uploads/2025/07/Resultado-Final_Edital-02.2025.pdf" target="_blank" rel="noopener">resultado final</a> do FORMEX (04/07/2025).</p>
<p>Todas as propostas classificadas e contempladas receberão uma bolsa PBEXT Ação Afirmativa e uma bolsa FORMEX-PG.</p>
<p>Confira também: <a href="https://www.ufmg.br/proex/wp-content/uploads/2025/06/Resultado-Preliminar_Formex_Edital-02.2025.pdf" target="_blank" rel="noopener">resultado preliminar</a> (18/06/2025)</p>
<p>O <a href="https://www.ufmg.br/proex/wp-content/uploads/2025/05/Edital-PROEX-no-02-2025-FORMACAO-EM-EXTENSAO_09.05.2025.pdf" target="_blank" rel="noopener">edital 02/2025</a> foi lançado, no dia 9 de maio, pela Pró-reitoria de Extensão.</p>
<p><strong>Sobre o edital</strong></p>
</div>
<div>
<p>O Formex (Fomento à Formação em Extensão no âmbito da Pós-graduação) é uma iniciativa da Proex em parceria com a Pó-reitoria de Pós-graduação (PRPG) da UFMG.</p>
<p>O objetivo é apoiar a formação em extensão na pós-graduação por meio da concessão de bolsas a discentes de graduação e pós-graduação – nível mestrado e doutorado – que participam de programas, projetos e cursos de extensão.</p>
</div>
<p>Uma bolsa do Formex é destinada a estudante de pós-graduação e, outra, para estudante de graduação (PBEXT Ação Afirmativa), que deve ser assistido pela UFMG (níveis I, II e III) ou ter ingressado pelo sistema de cotas.</p>
<p><strong>Edição de 2024</strong></p>
<p><a href="https://www.ufmg.br/proex/wp-content/uploads/2024/07/Edital-PROEX-no-02-2024-FORMACAO-EM-EXTENSAO.pdf" target="_blank" rel="noopener">Edital 02/2024</a> (16/07/2024)<br />
<a href="https://www.ufmg.br/proex/wp-content/uploads/2024/08/Resultado-Final_Edital-02.2024.pdf" target="_blank" rel="noopener">Resultado final</a> (30/08/2024)<br />
<a href="https://www.ufmg.br/proex/wp-content/uploads/2024/08/Resultado-Preliminar_Edital_Formex_-02.2024.pdf" target="_blank" rel="noopener">Resultado preliminar</a> (14/08/2024)</p>
<p>Dúvidas podem ser esclarecidas pelo meio do e-mail <a href="mailto:fomento@proex.ufmg.br" target="_blank" rel="noopener">fomento@proex.ufmg.br</a> ou telefone (31) 3409-4637/3928.</p>
