{"id":13671,"date":"2024-09-17T15:19:23","date_gmt":"2024-09-17T18:19:23","guid":{"rendered":"https:\/\/www.ufmg.br\/proex\/?page_id=13671"},"modified":"2025-12-02T10:16:40","modified_gmt":"2025-12-02T13:16:40","slug":"mapeamentodivulgacaodivulgacaocientifica","status":"publish","type":"page","link":"https:\/\/www.ufmg.br\/proex\/mapeamentodivulgacaodivulgacaocientifica\/","title":{"rendered":"Mapeamento da Divulga\u00e7\u00e3o Divulga\u00e7\u00e3o Cient\u00edfica"},"content":{"rendered":"<div class=\"Y3BBE\" data-sfc-cp=\"\" data-hveid=\"CAEIAxAA\" data-processed=\"true\" data-complete=\"true\">\n<p>\u00c9 com grande satisfa\u00e7\u00e3o que apresentamos o <a href=\"https:\/\/www.ufmg.br\/proex\/wp-content\/uploads\/2025\/11\/Mapeamento-Divulgacao-Cientifica-da-UFMG.pdf\" target=\"_blank\" rel=\"noopener\">Relat\u00f3rio de Mapeamento das Pr\u00e1ticas de Divulga\u00e7\u00e3o Cient\u00edfica na UFMG.<\/a><\/p>\n<p>Este documento \u00e9 fruto de um esfor\u00e7o coletivo da UFMG na constru\u00e7\u00e3o de uma pol\u00edtica institucional voltada ao di\u00e1logo amplo, transparente e aberto com a sociedade.<\/p>\n<p>O mapeamento foi realizado pelo Comit\u00ea para Discuss\u00e3o e Monitoramento da Pol\u00edtica de Divulga\u00e7\u00e3o Cient\u00edfica (Comdici\/UFMG) e pela Rede de Divulga\u00e7\u00e3o Cient\u00edfica da UFMG.<\/p>\n<p>&nbsp;<\/p>\n<\/div>\n<h4>S\u00e9rie de v\u00eddeos Mapeamento da Divulga\u00e7\u00e3o Cient\u00edfica<\/h4>\n<p>O que \u00e9 divulga\u00e7\u00e3o cient\u00edfica? #01<\/p>\n<div class=\"video-container\"><iframe loading=\"lazy\" title=\"O que \u00e9 divulga\u00e7\u00e3o cient\u00edfica? #01\" width=\"500\" height=\"281\" src=\"https:\/\/www.youtube.com\/embed\/Npxq4AWCWZg?feature=oembed\" frameborder=\"0\" allow=\"accelerometer; autoplay; clipboard-write; encrypted-media; gyroscope; picture-in-picture; web-share\" referrerpolicy=\"strict-origin-when-cross-origin\" allowfullscreen><\/iframe><\/div>\n<p>&nbsp;<\/p>\n<p>Divulga\u00e7\u00e3o cient\u00edfica e desinforma\u00e7\u00e3o #02<\/p>\n<div class=\"video-container\"><iframe loading=\"lazy\" title=\"Divulga\u00e7\u00e3o cient\u00edfica e desinforma\u00e7\u00e3o #02\" width=\"500\" height=\"281\" src=\"https:\/\/www.youtube.com\/embed\/cUUajILsQ9o?feature=oembed\" frameborder=\"0\" allow=\"accelerometer; autoplay; clipboard-write; encrypted-media; gyroscope; picture-in-picture; web-share\" referrerpolicy=\"strict-origin-when-cross-origin\" allowfullscreen><\/iframe><\/div>\n<p>&nbsp;<\/p>\n<p>Onde est\u00e1 a divulga\u00e7\u00e3o cient\u00edfica? #03<\/p>\n<div class=\"video-container\"><iframe loading=\"lazy\" title=\"Onde est\u00e1 a divulga\u00e7\u00e3o cient\u00edfica? #03\" width=\"500\" height=\"281\" src=\"https:\/\/www.youtube.com\/embed\/pzaMjvcr02g?feature=oembed\" frameborder=\"0\" allow=\"accelerometer; autoplay; clipboard-write; encrypted-media; gyroscope; picture-in-picture; web-share\" referrerpolicy=\"strict-origin-when-cross-origin\" allowfullscreen><\/iframe><\/div>\n<p>&nbsp;<\/p>\n<p class=\"style-scope ytd-watch-metadata\">Ondas de conhecimento #04<\/p>\n<div class=\"video-container\"><iframe loading=\"lazy\" title=\"Ondas de conhecimento #04\" width=\"500\" height=\"281\" src=\"https:\/\/www.youtube.com\/embed\/J8aK6h34uTk?feature=oembed\" frameborder=\"0\" allow=\"accelerometer; autoplay; clipboard-write; encrypted-media; gyroscope; picture-in-picture; web-share\" referrerpolicy=\"strict-origin-when-cross-origin\" allowfullscreen><\/iframe><\/div>\n<p>&nbsp;<\/p>\n<p>Interc\u00e2mbio de saberes #05<\/p>\n<div class=\"video-container\"><iframe loading=\"lazy\" title=\"Interc\u00e2mbio de saberes #05\" width=\"500\" height=\"281\" src=\"https:\/\/www.youtube.com\/embed\/xqwABh-NGZo?feature=oembed\" frameborder=\"0\" allow=\"accelerometer; autoplay; clipboard-write; encrypted-media; gyroscope; picture-in-picture; web-share\" referrerpolicy=\"strict-origin-when-cross-origin\" allowfullscreen><\/iframe><\/div>\n<p>&nbsp;<\/p>\n<p>Divulga\u00e7\u00e3o cient\u00edfica e cidadania #6<\/p>\n<div class=\"video-container\"><iframe loading=\"lazy\" title=\"Divulga\u00e7\u00e3o cient\u00edfica e cidadania #6\" width=\"500\" height=\"281\" src=\"https:\/\/www.youtube.com\/embed\/FuNRA-c5FOs?feature=oembed\" frameborder=\"0\" allow=\"accelerometer; autoplay; clipboard-write; encrypted-media; gyroscope; picture-in-picture; web-share\" referrerpolicy=\"strict-origin-when-cross-origin\" allowfullscreen><\/iframe><\/div>\n<p>&nbsp;<\/p>\n<p>&nbsp;<\/p>\n","protected":false},"excerpt":{"rendered":"<p>\u00c9 com grande satisfa\u00e7\u00e3o que apresentamos o Relat\u00f3rio de Mapeamento [&hellip;]<\/p>\n","protected":false},"author":2,"featured_media":0,"parent":0,"menu_order":0,"comment_status":"closed","ping_status":"closed","template":"","meta":[],"tags":[649,23,363,29],"_links":{"self":[{"href":"https:\/\/www.ufmg.br\/proex\/wp-json\/wp\/v2\/pages\/13671"}],"collection":[{"href":"https:\/\/www.ufmg.br\/proex\/wp-json\/wp\/v2\/pages"}],"about":[{"href":"https:\/\/www.ufmg.br\/proex\/wp-json\/wp\/v2\/types\/page"}],"author":[{"embeddable":true,"href":"https:\/\/www.ufmg.br\/proex\/wp-json\/wp\/v2\/users\/2"}],"replies":[{"embeddable":true,"href":"https:\/\/www.ufmg.br\/proex\/wp-json\/wp\/v2\/comments?post=13671"}],"version-history":[{"count":38,"href":"https:\/\/www.ufmg.br\/proex\/wp-json\/wp\/v2\/pages\/13671\/revisions"}],"predecessor-version":[{"id":16847,"href":"https:\/\/www.ufmg.br\/proex\/wp-json\/wp\/v2\/pages\/13671\/revisions\/16847"}],"wp:attachment":[{"href":"https:\/\/www.ufmg.br\/proex\/wp-json\/wp\/v2\/media?parent=13671"}],"wp:term":[{"taxonomy":"post_tag","embeddable":true,"href":"https:\/\/www.ufmg.br\/proex\/wp-json\/wp\/v2\/tags?post=13671"}],"curies":[{"name":"wp","href":"https:\/\/api.w.org\/{rel}","templated":true}]}}