{"id":13719,"date":"2024-09-19T16:41:13","date_gmt":"2024-09-19T19:41:13","guid":{"rendered":"https:\/\/www.ufmg.br\/proex\/?page_id=13719"},"modified":"2024-09-19T16:47:10","modified_gmt":"2024-09-19T19:47:10","slug":"quem-quer-pod","status":"publish","type":"page","link":"https:\/\/www.ufmg.br\/proex\/quem-quer-pod\/","title":{"rendered":"Quem quer pod?"},"content":{"rendered":"<p>Est\u00e3o abertas as inscri\u00e7\u00f5es para estudantes bolsistas dos projetos de extens\u00e3o: &#8220;Atendimento nutricional ambulatorial de pacientes em lista de espera para transplante hep\u00e1tico\u201d e \u201cQuem Quer Pod?\u201d, vinculados \u00e0 Faculdade de Farm\u00e1cia da UFMG.<\/p>\n<p>De acordo o <a href=\"https:\/\/www.farmacia.ufmg.br\/wp-content\/uploads\/2024\/09\/Edital-para-bolsistas-de-extensao-2024.pdf\" target=\"_blank\" rel=\"noopener\">edital conjunto<\/a> (onde constam todas as informa\u00e7\u00f5es), s\u00e3o oferecidas vagas para alunos (as) de gradua\u00e7\u00e3o e p\u00f3s-gradua\u00e7\u00e3o.<\/p>\n<p>Per\u00edodo de inscri\u00e7\u00f5es de <strong>12\/09\/2024 a 22\/09\/2024.<\/strong><\/p>\n<p>\u00c9 necess\u00e1rio que os (as) candidatos (as) tenham conhecimentos e habilidades adequadas para o bom exerc\u00edcio do plano de trabalho previsto.<\/p>\n<p>Estudantes de gradua\u00e7\u00e3o dever\u00e3o necessariamente ser estudantes que ingressaram na UFMG pelo sistema de cotas e\/ou classificados(as) socioeconomicamente no n\u00edvel I, II ou III pela Funda\u00e7\u00e3o Universit\u00e1ria Mendes Pimentel (FUMP), estudantes m\u00e3es com crian\u00e7a cursando o Ensino Infantil ou Fundamental na rede p\u00fablica de ensino,<br \/>\nestudantes travestis e transexuais, estudantes com defici\u00eancia, estudantes ind\u00edgenas e quilombolas, estudantes refugiados(as).<\/p>\n<p>&nbsp;<\/p>\n<p>&nbsp;<\/p>\n","protected":false},"excerpt":{"rendered":"<p>Est\u00e3o abertas as inscri\u00e7\u00f5es para estudantes bolsistas dos projetos de [&hellip;]<\/p>\n","protected":false},"author":2,"featured_media":0,"parent":0,"menu_order":0,"comment_status":"closed","ping_status":"closed","template":"","meta":[],"tags":[191,23,25,29],"_links":{"self":[{"href":"https:\/\/www.ufmg.br\/proex\/wp-json\/wp\/v2\/pages\/13719"}],"collection":[{"href":"https:\/\/www.ufmg.br\/proex\/wp-json\/wp\/v2\/pages"}],"about":[{"href":"https:\/\/www.ufmg.br\/proex\/wp-json\/wp\/v2\/types\/page"}],"author":[{"embeddable":true,"href":"https:\/\/www.ufmg.br\/proex\/wp-json\/wp\/v2\/users\/2"}],"replies":[{"embeddable":true,"href":"https:\/\/www.ufmg.br\/proex\/wp-json\/wp\/v2\/comments?post=13719"}],"version-history":[{"count":8,"href":"https:\/\/www.ufmg.br\/proex\/wp-json\/wp\/v2\/pages\/13719\/revisions"}],"predecessor-version":[{"id":13727,"href":"https:\/\/www.ufmg.br\/proex\/wp-json\/wp\/v2\/pages\/13719\/revisions\/13727"}],"wp:attachment":[{"href":"https:\/\/www.ufmg.br\/proex\/wp-json\/wp\/v2\/media?parent=13719"}],"wp:term":[{"taxonomy":"post_tag","embeddable":true,"href":"https:\/\/www.ufmg.br\/proex\/wp-json\/wp\/v2\/tags?post=13719"}],"curies":[{"name":"wp","href":"https:\/\/api.w.org\/{rel}","templated":true}]}}

<p>Estão abertas as inscrições para estudantes bolsistas dos projetos de extensão: &#8220;Atendimento nutricional ambulatorial de pacientes em lista de espera para transplante hepático” e “Quem Quer Pod?”, vinculados à Faculdade de Farmácia da UFMG.</p>
<p>De acordo o <a href="https://www.farmacia.ufmg.br/wp-content/uploads/2024/09/Edital-para-bolsistas-de-extensao-2024.pdf" target="_blank" rel="noopener">edital conjunto</a> (onde constam todas as informações), são oferecidas vagas para alunos (as) de graduação e pós-graduação.</p>
<p>Período de inscrições de <strong>12/09/2024 a 22/09/2024.</strong></p>
<p>É necessário que os (as) candidatos (as) tenham conhecimentos e habilidades adequadas para o bom exercício do plano de trabalho previsto.</p>
<p>Estudantes de graduação deverão necessariamente ser estudantes que ingressaram na UFMG pelo sistema de cotas e/ou classificados(as) socioeconomicamente no nível I, II ou III pela Fundação Universitária Mendes Pimentel (FUMP), estudantes mães com criança cursando o Ensino Infantil ou Fundamental na rede pública de ensino,<br />
estudantes travestis e transexuais, estudantes com deficiência, estudantes indígenas e quilombolas, estudantes refugiados(as).</p>
<p>&nbsp;</p>
<p>&nbsp;</p>

<p>Estão abertas as inscrições para estudantes bolsistas dos projetos de [&hellip;]</p>
