{"id":13745,"date":"2024-09-23T18:07:47","date_gmt":"2024-09-23T21:07:47","guid":{"rendered":"https:\/\/www.ufmg.br\/proex\/?page_id=13745"},"modified":"2024-10-10T08:56:10","modified_gmt":"2024-10-10T11:56:10","slug":"centro-virtual-de-memoria-da-extensao","status":"publish","type":"page","link":"https:\/\/www.ufmg.br\/proex\/centro-virtual-de-memoria-da-extensao\/","title":{"rendered":"Centro Virtual de Mem\u00f3ria da Extens\u00e3o"},"content":{"rendered":"<p><a href=\"https:\/\/www.ufmg.br\/proex\/wp-content\/uploads\/2024\/10\/Resultado-CEVEX-1.pdf\" target=\"_blank\" rel=\"noopener\">RESULTADO FINAL\u00a0<\/a><\/p>\n<p>Inscri\u00e7\u00f5es encerradas em <strong>30 de setembro de 2024 <\/strong>&#8211; bolsista do Centro Virtual de Mem\u00f3ria da Extens\u00e3o (CEVEX).<\/p>\n<p>A oportunidade \u00e9 destinada a estudante de gradua\u00e7\u00e3o e p\u00f3s-gradua\u00e7\u00e3o da UFMG nas \u00e1reas de Design, Cinema de Anima\u00e7\u00e3o, Artes Visuais, Ci\u00eancia da Computa\u00e7\u00e3o e \u00e1reas afins.<\/p>\n<p>Os bolsistas selecionados contribuir\u00e3o com atividades relacionadas \u00e0 cria\u00e7\u00e3o de identidade visual, produ\u00e7\u00e3o de conte\u00fado digital e edi\u00e7\u00e3o de sites, al\u00e9m de participar da divulga\u00e7\u00e3o das atividades de projetos vinculados ao CEVEX.<\/p>\n<p>As demais informa\u00e7\u00f5es devem ser consultadas no <a href=\"https:\/\/www.ufmg.br\/proex\/wp-content\/uploads\/2024\/09\/Edital-CEVEX.pdf\" target=\"_blank\" rel=\"noopener\">edital de sele\u00e7\u00e3o<\/a> e sua <a href=\"https:\/\/www.ufmg.br\/proex\/wp-content\/uploads\/2024\/09\/Aviso_de_Retificacao_01_CEVEX_2024.pdf\" target=\"_blank\" rel=\"noopener\">retifica\u00e7\u00e3o<\/a>.<\/p>\n<p><strong>Sobre o CEVEX<\/strong><\/p>\n<p>O Centro Virtual de Mem\u00f3ria \u00e9 uma iniciativa da Pr\u00f3-reitoria de Extens\u00e3o que busca reunir informa\u00e7\u00f5es sobre a extens\u00e3o produzida na UFMG, articulando sua hist\u00f3ria e mem\u00f3ria.<\/p>\n<p>O museu busca enfatizar a pluralidade da extens\u00e3o por meio da diversidade de \u00e1reas tem\u00e1ticas, atores envolvidos e impactos produzidos na sociedade e na universidade. A mem\u00f3ria e hist\u00f3ria da extens\u00e3o s\u00e3o tomadas como ferramentas centrais para fortalecer a dimens\u00e3o p\u00fablica e social da universidade que devem ser amplamente difundidas. <a href=\"https:\/\/www.ufmg.br\/cevex\/\" target=\"_blank\" rel=\"noopener\">V<\/a><a href=\"https:\/\/www.ufmg.br\/cevex\/\" target=\"_blank\" rel=\"noopener\">isite o CEVEX.<\/a><\/p>\n<p>&nbsp;<\/p>\n","protected":false},"excerpt":{"rendered":"<p>RESULTADO FINAL\u00a0 Inscri\u00e7\u00f5es encerradas em 30 de setembro de 2024 [&hellip;]<\/p>\n","protected":false},"author":2,"featured_media":0,"parent":0,"menu_order":0,"comment_status":"closed","ping_status":"closed","template":"","meta":[],"tags":[191,105,863,29],"_links":{"self":[{"href":"https:\/\/www.ufmg.br\/proex\/wp-json\/wp\/v2\/pages\/13745"}],"collection":[{"href":"https:\/\/www.ufmg.br\/proex\/wp-json\/wp\/v2\/pages"}],"about":[{"href":"https:\/\/www.ufmg.br\/proex\/wp-json\/wp\/v2\/types\/page"}],"author":[{"embeddable":true,"href":"https:\/\/www.ufmg.br\/proex\/wp-json\/wp\/v2\/users\/2"}],"replies":[{"embeddable":true,"href":"https:\/\/www.ufmg.br\/proex\/wp-json\/wp\/v2\/comments?post=13745"}],"version-history":[{"count":26,"href":"https:\/\/www.ufmg.br\/proex\/wp-json\/wp\/v2\/pages\/13745\/revisions"}],"predecessor-version":[{"id":13885,"href":"https:\/\/www.ufmg.br\/proex\/wp-json\/wp\/v2\/pages\/13745\/revisions\/13885"}],"wp:attachment":[{"href":"https:\/\/www.ufmg.br\/proex\/wp-json\/wp\/v2\/media?parent=13745"}],"wp:term":[{"taxonomy":"post_tag","embeddable":true,"href":"https:\/\/www.ufmg.br\/proex\/wp-json\/wp\/v2\/tags?post=13745"}],"curies":[{"name":"wp","href":"https:\/\/api.w.org\/{rel}","templated":true}]}}

Centro Virtual de Memória da Extensão

<p><a href="https://www.ufmg.br/proex/wp-content/uploads/2024/10/Resultado-CEVEX-1.pdf" target="_blank" rel="noopener">RESULTADO FINAL </a></p>
<p>Inscrições encerradas em <strong>30 de setembro de 2024 </strong>&#8211; bolsista do Centro Virtual de Memória da Extensão (CEVEX).</p>
<p>A oportunidade é destinada a estudante de graduação e pós-graduação da UFMG nas áreas de Design, Cinema de Animação, Artes Visuais, Ciência da Computação e áreas afins.</p>
<p>Os bolsistas selecionados contribuirão com atividades relacionadas à criação de identidade visual, produção de conteúdo digital e edição de sites, além de participar da divulgação das atividades de projetos vinculados ao CEVEX.</p>
<p>As demais informações devem ser consultadas no <a href="https://www.ufmg.br/proex/wp-content/uploads/2024/09/Edital-CEVEX.pdf" target="_blank" rel="noopener">edital de seleção</a> e sua <a href="https://www.ufmg.br/proex/wp-content/uploads/2024/09/Aviso_de_Retificacao_01_CEVEX_2024.pdf" target="_blank" rel="noopener">retificação</a>.</p>
<p><strong>Sobre o CEVEX</strong></p>
<p>O Centro Virtual de Memória é uma iniciativa da Pró-reitoria de Extensão que busca reunir informações sobre a extensão produzida na UFMG, articulando sua história e memória.</p>
<p>O museu busca enfatizar a pluralidade da extensão por meio da diversidade de áreas temáticas, atores envolvidos e impactos produzidos na sociedade e na universidade. A memória e história da extensão são tomadas como ferramentas centrais para fortalecer a dimensão pública e social da universidade que devem ser amplamente difundidas. <a href="https://www.ufmg.br/cevex/" target="_blank" rel="noopener">V</a><a href="https://www.ufmg.br/cevex/" target="_blank" rel="noopener">isite o CEVEX.</a></p>
<p>&nbsp;</p>

<p>RESULTADO FINAL  Inscrições encerradas em 30 de setembro de 2024 [&hellip;]</p>
