{"id":1390,"date":"2020-10-08T06:43:45","date_gmt":"2020-10-08T09:43:45","guid":{"rendered":"https:\/\/www.ufmg.br\/proex\/?page_id=1390"},"modified":"2021-12-02T09:13:47","modified_gmt":"2021-12-02T12:13:47","slug":"edital-interinstitucional-mariana","status":"publish","type":"page","link":"https:\/\/www.ufmg.br\/proex\/edital-interinstitucional-mariana\/","title":{"rendered":"Edital interinstitucional Mariana"},"content":{"rendered":"<p>A UFMG, juntamente com UFOP, UFV e o IFMG (campus Ouro Preto), publicou e divulgou, em 30 de mar\u00e7o de 2021, o\u00a0<a href=\"https:\/\/www.ufmg.br\/proex\/wp-content\/uploads\/2021\/12\/Resultado-Final.pdf\" target=\"_blank\" rel=\"noopener\">Resultado Final<\/a>\u00a0do \u201cEdital Fomento a Projetos Interinstitucionais de Extens\u00e3o em Interface com a Pesquisa para Promo\u00e7\u00e3o dos Objetivos de Desenvolvimento Sustent\u00e1vel (ODS) e Enfrentamento \u00e0 Pandemia da COVID-19\u201d.<\/p>\n<p><a href=\"https:\/\/www.ufmg.br\/proex\/wp-content\/uploads\/2021\/12\/Resultado-Preliminar.pdf\" target=\"_blank\" rel=\"noopener\">Resultado Parcial<\/a>\u00a0(Publicado em 15\/03\/2021)<\/p>\n<p>Em 11 de dezembro de 2020, foi divulgado o\u00a0<a href=\"https:\/\/www.ufmg.br\/proex\/wp-content\/uploads\/2021\/12\/Resultado-Final-das-Inscricoes-Homologadas.pdf\" target=\"_blank\" rel=\"noopener\">resultado o final\u00a0das inscri\u00e7\u00f5es homologadas<\/a>\u00a0(ap\u00f3s per\u00edodo de recursos).<\/p>\n<p>Confira tamb\u00e9m as\u00a0<a href=\"https:\/\/www.ufmg.br\/proex\/wp-content\/uploads\/2021\/12\/Edital-Interinstitucional_Propostas-homologadas.pdf\" target=\"_blank\" rel=\"noopener\">propostas homologadas<\/a>\u00a0(publicado em 02\/12\/2020) e a\u00a0<a href=\"https:\/\/www.ufmg.br\/proex\/wp-content\/uploads\/2021\/12\/Retificacao_Edital_01_MPT.pdf\" target=\"_blank\" rel=\"noopener\">Retifica\u00e7\u00e3o<\/a>\u00a0do calend\u00e1rio, publicada em 5 de fevereiro de 2021.<\/p>\n<p><strong>Sobre o edital<\/strong><\/p>\n<p>O\u00a0<a href=\"https:\/\/www.ufmg.br\/proex\/wp-content\/uploads\/2021\/12\/EDITAL-01_2020_IFMF_UFMG_UFOP_UFV.pdf\" target=\"_blank\" rel=\"noopener\">Edital 01\/2020\u00a0<\/a>\u00a0\u00e9\u00a0in\u00e9dito (veja tamb\u00e9m\u00a0<a href=\"https:\/\/www.ufmg.br\/proex\/wp-content\/uploads\/2021\/12\/Retificacao-do-Edital-01_2020_IFMG_UFMG_UFOP_UFV-4-1.pdf\" target=\"_blank\" rel=\"noopener\">Retifica\u00e7\u00e3o<\/a>) e foi lan\u00e7ado no dia 8 de outubro de 2020 pela UFMG e as universidades federais de Ouro Preto (Ufop) e de Vi\u00e7osa (UFV) e o Instituto Federal de Educa\u00e7\u00e3o, Ci\u00eancia, Tecnologia de Minas Gerais (IFMG-MG). Em parceria com o Minist\u00e9rio P\u00fablico do Trabalho (MPT) e a Vara da Justi\u00e7a do Trabalho de Ouro Preto, a iniciativa vai\u00a0 financiar projetos conjuntos de extens\u00e3o em interface com a pesquisa a fim de apoiar a regi\u00e3o afetada pelo rompimento da barragem da mineradora Samarco, ocorrido em 2015, em Bento Rodrigues, distrito de Mariana.<\/p>\n<p>As propostas dever\u00e3o ser focadas ainda no enfrentamento da covid-19 e na\u00a0concretiza\u00e7\u00e3o de, ao menos, um dos Objetivos de Desenvolvimento Sustent\u00e1vel (ODS), da Organiza\u00e7\u00e3o das Na\u00e7\u00f5es Unidas (ONU) \u2013 tamb\u00e9m conhecidos como Agenda 2030.<\/p>\n<p>Os projetos devem ser submetidos, at\u00e9 25 de novembro, por servidores docentes e t\u00e9cnico-administrativos em efetivo exerc\u00edcio nas institui\u00e7\u00f5es proponentes do edital, por meio deste\u00a0<a href=\"https:\/\/questionarios.ufmg.br\/index.php\/361497?lang=pt-BR\" target=\"_blank\" rel=\"noopener\">formul\u00e1rio eletr\u00f4nico.\u00a0<\/a>Ser\u00e1 permitida a submiss\u00e3o de apenas uma proposta. O edital prev\u00ea ainda que a equipe dedicada \u00e0 atividade seja composta por membros da comunidade universit\u00e1ria de pelo menos duas das institui\u00e7\u00f5es.<\/p>\n<p>Cada projeto poder\u00e1 pleitear recursos de at\u00e9\u00a0R$ 100 mil.\u00a0Eles ser\u00e3o destinados\u00a0 ao custeio de diversas atividades, como material de consumo, manuten\u00e7\u00e3o de equipamentos, passagem di\u00e1rias, bem como pagamento de bolsas de pesquisa e extens\u00e3o de acordo com refer\u00eancias do CNPq. O prazo de execu\u00e7\u00e3o \u00e9 de 12 meses. A sele\u00e7\u00e3o e a classifica\u00e7\u00e3o s\u00e3o feitas por comit\u00ea avaliador interinstitucional.<\/p>\n<p>As pr\u00f3-reitorias de Extens\u00e3o da UFMG, UFOP, UFV e o IFMG (campus Ouro Preto) publicaram, em 5 de fevereiro de 2021,\u00a0<a href=\"https:\/\/www.ufmg.br\/proex\/wp-content\/uploads\/2021\/12\/Retificacao_Edital_01_MPT.pdf\" target=\"_blank\" rel=\"noopener\">Retifica\u00e7\u00e3o<\/a>\u00a0com altera\u00e7\u00f5es no calend\u00e1rio.<\/p>\n<p><strong>Ineditismo e inova\u00e7\u00e3o<\/strong><\/p>\n<p>A rede mobilizada em torno do edital conta com o apoio do Minist\u00e9rio P\u00fablico do Trabalho (MPT) e da Vara da Justi\u00e7a do Trabalho de Ouro Preto. As iniciativas aprovadas ser\u00e3o financiadas com recursos provenientes de multa aplicada \u00e0 mineradora Samarco S.A.<\/p>\n<p>A pr\u00f3-reitora de Extens\u00e3o da UFMG, Claudia Mayorga, ressalta que o edital traz elementos importantes e inova\u00e7\u00f5es, como a viabiliza\u00e7\u00e3o de projetos conjuntos que articulam extens\u00e3o e pesquisa e a incorpora\u00e7\u00e3o da Agenda 2030 \u00e0s pol\u00edticas acad\u00eamicas. \u201c\u00c9 muito importante que as universidades continuem colaborando com as popula\u00e7\u00f5es e territ\u00f3rios atingidos pelo rompimento da Barragem de Fund\u00e3o, pois, mesmo quase cinco anos depois do desastre, h\u00e1 muito ainda por fazer. Tamb\u00e9m \u00e9 de grande relev\u00e2ncia incorporarmos a Agenda 2030 e fomentarmos a concretiza\u00e7\u00e3o dos Objetivos do Desenvolvimento Sustent\u00e1vel\u201d, destaca a pr\u00f3-reitora.<\/p>\n<p>Outro aspecto marcante, segundo Claudia Mayorga, diz respeito \u00e0 atua\u00e7\u00e3o em rede,\u00a0base da articula\u00e7\u00e3o materializada no edital. \u201cO trabalho colaborativo entre universidades e institutos mineiros na proposi\u00e7\u00e3o de um edital que articule equipes dessas institui\u00e7\u00f5es \u00e9 inovador e necess\u00e1rio, notadamente neste momento desafiador\u201d, conclui.<\/p>\n<p>&nbsp;<\/p>\n<p>&nbsp;<\/p>\n<p>&nbsp;<\/p>\n<p>&nbsp;<\/p>\n<p>&nbsp;<\/p>\n","protected":false},"excerpt":{"rendered":"<p>A UFMG, juntamente com UFOP, UFV e o IFMG (campus [&hellip;]<\/p>\n","protected":false},"author":2,"featured_media":0,"parent":0,"menu_order":0,"comment_status":"closed","ping_status":"closed","template":"","meta":[],"tags":[49,51,423,549,501,23,25,29,457,4],"_links":{"self":[{"href":"https:\/\/www.ufmg.br\/proex\/wp-json\/wp\/v2\/pages\/1390"}],"collection":[{"href":"https:\/\/www.ufmg.br\/proex\/wp-json\/wp\/v2\/pages"}],"about":[{"href":"https:\/\/www.ufmg.br\/proex\/wp-json\/wp\/v2\/types\/page"}],"author":[{"embeddable":true,"href":"https:\/\/www.ufmg.br\/proex\/wp-json\/wp\/v2\/users\/2"}],"replies":[{"embeddable":true,"href":"https:\/\/www.ufmg.br\/proex\/wp-json\/wp\/v2\/comments?post=1390"}],"version-history":[{"count":8,"href":"https:\/\/www.ufmg.br\/proex\/wp-json\/wp\/v2\/pages\/1390\/revisions"}],"predecessor-version":[{"id":3784,"href":"https:\/\/www.ufmg.br\/proex\/wp-json\/wp\/v2\/pages\/1390\/revisions\/3784"}],"wp:attachment":[{"href":"https:\/\/www.ufmg.br\/proex\/wp-json\/wp\/v2\/media?parent=1390"}],"wp:term":[{"taxonomy":"post_tag","embeddable":true,"href":"https:\/\/www.ufmg.br\/proex\/wp-json\/wp\/v2\/tags?post=1390"}],"curies":[{"name":"wp","href":"https:\/\/api.w.org\/{rel}","templated":true}]}}

<p>A UFMG, juntamente com UFOP, UFV e o IFMG (campus Ouro Preto), publicou e divulgou, em 30 de março de 2021, o <a href="https://www.ufmg.br/proex/wp-content/uploads/2021/12/Resultado-Final.pdf" target="_blank" rel="noopener">Resultado Final</a> do “Edital Fomento a Projetos Interinstitucionais de Extensão em Interface com a Pesquisa para Promoção dos Objetivos de Desenvolvimento Sustentável (ODS) e Enfrentamento à Pandemia da COVID-19”.</p>
<p><a href="https://www.ufmg.br/proex/wp-content/uploads/2021/12/Resultado-Preliminar.pdf" target="_blank" rel="noopener">Resultado Parcial</a> (Publicado em 15/03/2021)</p>
<p>Em 11 de dezembro de 2020, foi divulgado o <a href="https://www.ufmg.br/proex/wp-content/uploads/2021/12/Resultado-Final-das-Inscricoes-Homologadas.pdf" target="_blank" rel="noopener">resultado o final das inscrições homologadas</a> (após período de recursos).</p>
<p>Confira também as <a href="https://www.ufmg.br/proex/wp-content/uploads/2021/12/Edital-Interinstitucional_Propostas-homologadas.pdf" target="_blank" rel="noopener">propostas homologadas</a> (publicado em 02/12/2020) e a <a href="https://www.ufmg.br/proex/wp-content/uploads/2021/12/Retificacao_Edital_01_MPT.pdf" target="_blank" rel="noopener">Retificação</a> do calendário, publicada em 5 de fevereiro de 2021.</p>
<p><strong>Sobre o edital</strong></p>
<p>O <a href="https://www.ufmg.br/proex/wp-content/uploads/2021/12/EDITAL-01_2020_IFMF_UFMG_UFOP_UFV.pdf" target="_blank" rel="noopener">Edital 01/2020 </a> é inédito (veja também <a href="https://www.ufmg.br/proex/wp-content/uploads/2021/12/Retificacao-do-Edital-01_2020_IFMG_UFMG_UFOP_UFV-4-1.pdf" target="_blank" rel="noopener">Retificação</a>) e foi lançado no dia 8 de outubro de 2020 pela UFMG e as universidades federais de Ouro Preto (Ufop) e de Viçosa (UFV) e o Instituto Federal de Educação, Ciência, Tecnologia de Minas Gerais (IFMG-MG). Em parceria com o Ministério Público do Trabalho (MPT) e a Vara da Justiça do Trabalho de Ouro Preto, a iniciativa vai  financiar projetos conjuntos de extensão em interface com a pesquisa a fim de apoiar a região afetada pelo rompimento da barragem da mineradora Samarco, ocorrido em 2015, em Bento Rodrigues, distrito de Mariana.</p>
<p>As propostas deverão ser focadas ainda no enfrentamento da covid-19 e na concretização de, ao menos, um dos Objetivos de Desenvolvimento Sustentável (ODS), da Organização das Nações Unidas (ONU) – também conhecidos como Agenda 2030.</p>
<p>Os projetos devem ser submetidos, até 25 de novembro, por servidores docentes e técnico-administrativos em efetivo exercício nas instituições proponentes do edital, por meio deste <a href="https://questionarios.ufmg.br/index.php/361497?lang=pt-BR" target="_blank" rel="noopener">formulário eletrônico. </a>Será permitida a submissão de apenas uma proposta. O edital prevê ainda que a equipe dedicada à atividade seja composta por membros da comunidade universitária de pelo menos duas das instituições.</p>
<p>Cada projeto poderá pleitear recursos de até R$ 100 mil. Eles serão destinados  ao custeio de diversas atividades, como material de consumo, manutenção de equipamentos, passagem diárias, bem como pagamento de bolsas de pesquisa e extensão de acordo com referências do CNPq. O prazo de execução é de 12 meses. A seleção e a classificação são feitas por comitê avaliador interinstitucional.</p>
<p>As pró-reitorias de Extensão da UFMG, UFOP, UFV e o IFMG (campus Ouro Preto) publicaram, em 5 de fevereiro de 2021, <a href="https://www.ufmg.br/proex/wp-content/uploads/2021/12/Retificacao_Edital_01_MPT.pdf" target="_blank" rel="noopener">Retificação</a> com alterações no calendário.</p>
<p><strong>Ineditismo e inovação</strong></p>
<p>A rede mobilizada em torno do edital conta com o apoio do Ministério Público do Trabalho (MPT) e da Vara da Justiça do Trabalho de Ouro Preto. As iniciativas aprovadas serão financiadas com recursos provenientes de multa aplicada à mineradora Samarco S.A.</p>
<p>A pró-reitora de Extensão da UFMG, Claudia Mayorga, ressalta que o edital traz elementos importantes e inovações, como a viabilização de projetos conjuntos que articulam extensão e pesquisa e a incorporação da Agenda 2030 às políticas acadêmicas. “É muito importante que as universidades continuem colaborando com as populações e territórios atingidos pelo rompimento da Barragem de Fundão, pois, mesmo quase cinco anos depois do desastre, há muito ainda por fazer. Também é de grande relevância incorporarmos a Agenda 2030 e fomentarmos a concretização dos Objetivos do Desenvolvimento Sustentável”, destaca a pró-reitora.</p>
<p>Outro aspecto marcante, segundo Claudia Mayorga, diz respeito à atuação em rede, base da articulação materializada no edital. “O trabalho colaborativo entre universidades e institutos mineiros na proposição de um edital que articule equipes dessas instituições é inovador e necessário, notadamente neste momento desafiador”, conclui.</p>
<p>&nbsp;</p>
<p>&nbsp;</p>
<p>&nbsp;</p>
<p>&nbsp;</p>
<p>&nbsp;</p>
