{"id":1406,"date":"2020-06-26T00:17:11","date_gmt":"2020-06-26T03:17:11","guid":{"rendered":"https:\/\/www.ufmg.br\/proex\/?page_id=1406"},"modified":"2022-01-18T12:40:21","modified_gmt":"2022-01-18T15:40:21","slug":"voluntarios","status":"publish","type":"page","link":"https:\/\/www.ufmg.br\/proex\/voluntarios\/","title":{"rendered":"Volunt\u00e1rios"},"content":{"rendered":"<p>A Pr\u00f3-reitoria de Extens\u00e3o lan\u00e7ou no dia 26 de junho de 2020 o <a href=\"https:\/\/www.ufmg.br\/proex\/wp-content\/uploads\/2021\/12\/Edital-PROEX-09.2020_-PARTICIPACAO-VOLUNTARIA-DE-DISCENTES-EM-ATIVIDADES-DE-EXTENSAO.pdf\" target=\"_blank\" rel=\"noopener\">Edital 09\/2020,<\/a> que visa incentivar a participa\u00e7\u00e3o volunt\u00e1ria de estudantes dos cursos de gradua\u00e7\u00e3o e p\u00f3s-gradua\u00e7\u00e3o da UFMG em atividades de extens\u00e3o (O prazo foi encerrado no dia 30 de junho de 2021).<\/p>\n<p>Servidores docentes e t\u00e9cnico-administrativos em efetivo exerc\u00edcio, que coordenam atividades de extens\u00e3o, submeteram uma ou mais atividades extens\u00e3o no <a href=\"https:\/\/aplicativos.ufmg.br\/proex\/fomento\/usuarios\/login\" target=\"_blank\" rel=\"noopener\">Sistema de Fomento da Proex<\/a> para o cadastro de discentes volunt\u00e1rios, que foi feito em fluxo cont\u00ednuo.<\/p>\n<p>Os orientadores, cadastrados no SIEX como membros da equipe, realizam as indica\u00e7\u00f5es dos estudantes para cumprir carga hor\u00e1ria de 20 horas semanais.<\/p>\n<p>De acordo com o edital, a participa\u00e7\u00e3o volunt\u00e1ria dos discentes de gradua\u00e7\u00e3o poder\u00e1 ser utilizada para fins de credita\u00e7\u00e3o curricular, conforme a <a href=\"https:\/\/www.ufmg.br\/proex\/wp-content\/uploads\/2021\/12\/RESOLUCAO-CEPE-10.2019.pdf\" target=\"_blank\" rel=\"noopener\">Resolu\u00e7\u00e3o n\u00ba 10\/2019<\/a> do Conselho de Ensino, Pesquisa e Extens\u00e3o (CEPE\/UFMG).<\/p>\n<p><strong>Veja tamb\u00e9m\u00a0<\/strong><\/p>\n<p><a href=\"https:\/\/www.ufmg.br\/proex\/wp-content\/uploads\/2022\/01\/Orientacoes-para-Gestao-de-Voluntarios-no-Sistema-de-Fomento-Versao-2020.3.pdf\" target=\"_blank\" rel=\"noopener\">Documento <\/a>com orienta\u00e7\u00f5es sobre a gest\u00e3o de discentes volunt\u00e1rios no Sistema de Fomento.<\/p>\n<p>Outras d\u00favidas podem ser esclarecidas pelo e-mail\u00a0<a href=\"mailto:fomento@proex.ufmg.br\" target=\"_blank\" rel=\"noopener\">fomento@proex.ufmg.br<\/a><\/p>\n<p>&nbsp;<\/p>\n<p>&nbsp;<\/p>\n<p>&nbsp;<\/p>\n<p>&nbsp;<\/p>\n<p>&nbsp;<\/p>\n<p>&nbsp;<\/p>\n<p>&nbsp;<\/p>\n<p>&nbsp;<\/p>\n","protected":false},"excerpt":{"rendered":"<p>A Pr\u00f3-reitoria de Extens\u00e3o lan\u00e7ou no dia 26 de junho [&hellip;]<\/p>\n","protected":false},"author":2,"featured_media":0,"parent":0,"menu_order":0,"comment_status":"closed","ping_status":"closed","template":"","meta":[],"tags":[49,51,127,145,133,23,25,187,29,557,4,239],"_links":{"self":[{"href":"https:\/\/www.ufmg.br\/proex\/wp-json\/wp\/v2\/pages\/1406"}],"collection":[{"href":"https:\/\/www.ufmg.br\/proex\/wp-json\/wp\/v2\/pages"}],"about":[{"href":"https:\/\/www.ufmg.br\/proex\/wp-json\/wp\/v2\/types\/page"}],"author":[{"embeddable":true,"href":"https:\/\/www.ufmg.br\/proex\/wp-json\/wp\/v2\/users\/2"}],"replies":[{"embeddable":true,"href":"https:\/\/www.ufmg.br\/proex\/wp-json\/wp\/v2\/comments?post=1406"}],"version-history":[{"count":22,"href":"https:\/\/www.ufmg.br\/proex\/wp-json\/wp\/v2\/pages\/1406\/revisions"}],"predecessor-version":[{"id":4096,"href":"https:\/\/www.ufmg.br\/proex\/wp-json\/wp\/v2\/pages\/1406\/revisions\/4096"}],"wp:attachment":[{"href":"https:\/\/www.ufmg.br\/proex\/wp-json\/wp\/v2\/media?parent=1406"}],"wp:term":[{"taxonomy":"post_tag","embeddable":true,"href":"https:\/\/www.ufmg.br\/proex\/wp-json\/wp\/v2\/tags?post=1406"}],"curies":[{"name":"wp","href":"https:\/\/api.w.org\/{rel}","templated":true}]}}