{"id":14306,"date":"2025-01-15T14:50:28","date_gmt":"2025-01-15T17:50:28","guid":{"rendered":"https:\/\/www.ufmg.br\/proex\/?page_id=14306"},"modified":"2025-02-18T16:23:52","modified_gmt":"2025-02-18T19:23:52","slug":"universidade-de-direitos-humanos-proex-ufmg","status":"publish","type":"page","link":"https:\/\/www.ufmg.br\/proex\/universidade-de-direitos-humanos-proex-ufmg\/","title":{"rendered":"Centro de Refer\u00eancia e Informa\u00e7\u00e3o em Direitos Humanos &#8211; resultado final"},"content":{"rendered":"<p><a href=\"https:\/\/www.ufmg.br\/proex\/wp-content\/uploads\/2025\/02\/SELECAO-BOLSISTA-POS-CRID-selecionados_resultado-final.pdf\" target=\"_blank\" rel=\"noopener\">Resultado final (18\/02\/2025)<\/a><br \/>\n<a href=\"https:\/\/www.ufmg.br\/proex\/wp-content\/uploads\/2025\/02\/SELECAO-BOLSISTA-POS-CRID-selecionados-2-etapa.pdf\" target=\"_blank\" rel=\"noopener\">Selecionados 2\u00aa etapa (17\/02\/2025)<\/a><\/p>\n<p><span style=\"font-weight: 400;\">Bolsa <strong>(uma vaga)<\/strong> para atuar na Universidade dos Direitos Humanos (UDH\/PROEX), na a\u00e7\u00e3o de implementa\u00e7\u00e3o do Centro de Refer\u00eancia e Informa\u00e7\u00e3o em Direitos Humanos \u2013 CRIDH.<\/span><\/p>\n<p>Interessados em participar do processo de sele\u00e7\u00e3o se inscreveram <strong>at\u00e9 10 de fevereiro de 2025.<\/strong><\/p>\n<p><span style=\"font-weight: 400;\">Participaram do processo de sele\u00e7\u00e3o discentes de <strong>p\u00f3s-gradua\u00e7\u00e3o<\/strong> da UFMG, em n\u00edvel de mestrado, preferencialmente nas \u00e1reas das Ci\u00eancias Sociais, Ci\u00eancias Sociais Aplicadas, Educa\u00e7\u00e3o, Ci\u00eancias Humanas e Ci\u00eancia da Computa\u00e7\u00e3o.<\/span><\/p>\n<p>As inscri\u00e7\u00f5es devem ser efetuadas por interm\u00e9dio do e-mail \u201cudh@proex.ufmg.br\u201d, identificando no campo assunto \u201cINSCRI\u00c7\u00c3O BOLSA DE P\u00d3S-EXTENS\u00c3O UDH\u201d. \u00c9 necess\u00e1rio, tamb\u00e9m, enviar os seguintes documentos:<\/p>\n<ul>\n<li>Curriculum lattes, em formato PDF;<\/li>\n<li>Texto expondo quais contribui\u00e7\u00f5es o aluno\/a, pode trazer para o desenvolvimento do CRIDH<br \/>\nna Universidade dos Direitos Humanos e que habilidades e experi\u00eancias possui, em uma lauda,<br \/>\n(fonte arial 12 e espa\u00e7amento entre linhas de 1,5).<\/li>\n<\/ul>\n<p><span style=\"font-weight: 400;\">Consulte as informa\u00e7\u00f5es completas no <a href=\"https:\/\/www.ufmg.br\/proex\/wp-content\/uploads\/2025\/01\/SEI_3877965_Edital_89.pdf\" target=\"_blank\" rel=\"noopener\">edital de sele\u00e7\u00e3o<\/a> e sua <a href=\"https:\/\/www.ufmg.br\/proex\/wp-content\/uploads\/2025\/01\/RETIFICACAO-EDITAL-PROEX-CRIDH.pdf\" target=\"_blank\" rel=\"noopener\">retifica\u00e7\u00e3o<\/a> (de 24\/01\/2025).<\/span><\/p>\n<p>&nbsp;<\/p>\n","protected":false},"excerpt":{"rendered":"<p>Resultado final (18\/02\/2025) Selecionados 2\u00aa etapa (17\/02\/2025) Bolsa (uma vaga) [&hellip;]<\/p>\n","protected":false},"author":13,"featured_media":0,"parent":0,"menu_order":0,"comment_status":"closed","ping_status":"closed","template":"","meta":[],"tags":[191,23,365],"_links":{"self":[{"href":"https:\/\/www.ufmg.br\/proex\/wp-json\/wp\/v2\/pages\/14306"}],"collection":[{"href":"https:\/\/www.ufmg.br\/proex\/wp-json\/wp\/v2\/pages"}],"about":[{"href":"https:\/\/www.ufmg.br\/proex\/wp-json\/wp\/v2\/types\/page"}],"author":[{"embeddable":true,"href":"https:\/\/www.ufmg.br\/proex\/wp-json\/wp\/v2\/users\/13"}],"replies":[{"embeddable":true,"href":"https:\/\/www.ufmg.br\/proex\/wp-json\/wp\/v2\/comments?post=14306"}],"version-history":[{"count":9,"href":"https:\/\/www.ufmg.br\/proex\/wp-json\/wp\/v2\/pages\/14306\/revisions"}],"predecessor-version":[{"id":14646,"href":"https:\/\/www.ufmg.br\/proex\/wp-json\/wp\/v2\/pages\/14306\/revisions\/14646"}],"wp:attachment":[{"href":"https:\/\/www.ufmg.br\/proex\/wp-json\/wp\/v2\/media?parent=14306"}],"wp:term":[{"taxonomy":"post_tag","embeddable":true,"href":"https:\/\/www.ufmg.br\/proex\/wp-json\/wp\/v2\/tags?post=14306"}],"curies":[{"name":"wp","href":"https:\/\/api.w.org\/{rel}","templated":true}]}}